Last updated on 2022-12-07 06:53:04 CET.
Flavor | Version | Tinstall | Tcheck | Ttotal | Status | Flags |
---|---|---|---|---|---|---|
r-devel-linux-x86_64-debian-clang | 0.7.0 | 181.79 | 133.86 | 315.65 | ERROR | |
r-devel-linux-x86_64-debian-gcc | 0.7.0 | 140.74 | 104.71 | 245.45 | ERROR | |
r-devel-linux-x86_64-fedora-clang | 0.7.0 | 477.97 | ERROR | |||
r-devel-linux-x86_64-fedora-gcc | 0.7.0 | 434.48 | ERROR | |||
r-devel-windows-x86_64 | 0.7.0 | 177.00 | 206.00 | 383.00 | OK | |
r-patched-linux-x86_64 | 0.7.0 | 152.29 | 126.81 | 279.10 | ERROR | |
r-release-linux-x86_64 | 0.7.0 | 150.15 | 118.43 | 268.58 | ERROR | |
r-release-macos-arm64 | 0.7.0 | 107.00 | NOTE | |||
r-release-macos-x86_64 | 0.7.0 | 139.00 | NOTE | |||
r-release-windows-x86_64 | 0.7.0 | 181.00 | 204.00 | 385.00 | OK | |
r-oldrel-macos-arm64 | 0.7.0 | 98.00 | NOTE | |||
r-oldrel-macos-x86_64 | 0.7.0 | 139.00 | NOTE | |||
r-oldrel-windows-ix86+x86_64 | 0.7.0 | 396.00 | 212.00 | 608.00 | OK |
Version: 0.7.0
Check: package dependencies
Result: NOTE
Package suggested but not available for checking: 'PopGenome'
Flavors: r-devel-linux-x86_64-debian-clang, r-devel-linux-x86_64-debian-gcc, r-devel-linux-x86_64-fedora-clang, r-devel-linux-x86_64-fedora-gcc, r-patched-linux-x86_64, r-release-linux-x86_64
Version: 0.7.0
Check: re-building of vignette outputs
Result: ERROR
Error(s) in re-building vignettes:
...
--- re-building 'coala-abc.Rmd' using rmarkdown
--- finished re-building 'coala-abc.Rmd'
--- re-building 'coala-data-import.Rmd' using rmarkdown
Quitting from lines 30-36 (coala-data-import.Rmd)
Error: processing vignette 'coala-data-import.Rmd' failed with diagnostics:
there is no package called 'PopGenome'
--- failed re-building 'coala-data-import.Rmd'
--- re-building 'coala-examples.Rmd' using rmarkdown
--- finished re-building 'coala-examples.Rmd'
--- re-building 'coala-extend.Rmd' using rmarkdown
--- finished re-building 'coala-extend.Rmd'
--- re-building 'coala-install.Rmd' using rmarkdown
--- finished re-building 'coala-install.Rmd'
--- re-building 'coala-intro.Rmd' using rmarkdown
--- finished re-building 'coala-intro.Rmd'
SUMMARY: processing the following file failed:
'coala-data-import.Rmd'
Error: Vignette re-building failed.
Execution halted
Flavors: r-devel-linux-x86_64-debian-clang, r-devel-linux-x86_64-debian-gcc, r-patched-linux-x86_64, r-release-linux-x86_64
Version: 0.7.0
Check: re-building of vignette outputs
Result: ERROR
Error(s) in re-building vignettes:
--- re-building ‘coala-abc.Rmd’ using rmarkdown
--- finished re-building ‘coala-abc.Rmd’
--- re-building ‘coala-data-import.Rmd’ using rmarkdown
Quitting from lines 30-36 (coala-data-import.Rmd)
Error: processing vignette 'coala-data-import.Rmd' failed with diagnostics:
there is no package called 'PopGenome'
--- failed re-building ‘coala-data-import.Rmd’
--- re-building ‘coala-examples.Rmd’ using rmarkdown
--- finished re-building ‘coala-examples.Rmd’
--- re-building ‘coala-extend.Rmd’ using rmarkdown
--- finished re-building ‘coala-extend.Rmd’
--- re-building ‘coala-install.Rmd’ using rmarkdown
--- finished re-building ‘coala-install.Rmd’
--- re-building ‘coala-intro.Rmd’ using rmarkdown
--- finished re-building ‘coala-intro.Rmd’
SUMMARY: processing the following file failed:
‘coala-data-import.Rmd’
Error: Vignette re-building failed.
Execution halted
Flavors: r-devel-linux-x86_64-fedora-clang, r-devel-linux-x86_64-fedora-gcc
Version: 0.7.0
Check: installed package size
Result: NOTE
installed size is 6.5Mb
sub-directories of 1Mb or more:
R 2.0Mb
libs 3.9Mb
Flavors: r-release-macos-arm64, r-release-macos-x86_64, r-oldrel-macos-arm64, r-oldrel-macos-x86_64