Last updated on 2022-12-12 15:55:36 CET.
Flavor | Version | Tinstall | Tcheck | Ttotal | Status | Flags |
---|---|---|---|---|---|---|
r-devel-linux-x86_64-debian-clang | 0.1-3 | 40.92 | 368.13 | 409.05 | OK | |
r-devel-linux-x86_64-debian-gcc | 0.1-3 | OK | ||||
r-devel-linux-x86_64-fedora-clang | 0.1-3 | 2.82 | ERROR | |||
r-devel-linux-x86_64-fedora-gcc | 0.1-3 | 2.81 | ERROR | |||
r-devel-windows-x86_64 | 0.1-3 | 36.00 | 344.00 | 380.00 | OK | |
r-patched-linux-x86_64 | 0.1-3 | 38.88 | 356.07 | 394.95 | OK | |
r-release-linux-x86_64 | 0.1-3 | 30.73 | 360.69 | 391.42 | OK | |
r-release-macos-arm64 | 0.1-3 | 104.00 | NOTE | |||
r-release-macos-x86_64 | 0.1-3 | 180.00 | NOTE | |||
r-release-windows-x86_64 | 0.1-3 | 54.00 | 356.00 | 410.00 | OK | |
r-oldrel-macos-arm64 | 0.1-3 | 76.00 | NOTE | |||
r-oldrel-macos-x86_64 | 0.1-3 | 110.00 | NOTE | |||
r-oldrel-windows-ix86+x86_64 | 0.1-3 | 87.00 | 351.00 | 438.00 | OK |
Version: 0.1-3
Check: package dependencies
Result: ERROR
Package required but not available: ‘spatstat.core’
See section ‘The DESCRIPTION file’ in the ‘Writing R Extensions’
manual.
Flavors: r-devel-linux-x86_64-fedora-clang, r-devel-linux-x86_64-fedora-gcc
Version: 0.1-3
Check: dependencies in R code
Result: NOTE
Namespace in Imports field not imported from: ‘spatstat’
All declared Imports should be used.
Flavors: r-release-macos-arm64, r-release-macos-x86_64, r-oldrel-macos-arm64, r-oldrel-macos-x86_64