Last updated on 2022-12-12 15:55:37 CET.
Flavor | Version | Tinstall | Tcheck | Ttotal | Status | Flags |
---|---|---|---|---|---|---|
r-devel-linux-x86_64-debian-clang | 1.1.2 | 46.23 | 82.00 | 128.23 | NOTE | |
r-devel-linux-x86_64-debian-gcc | 1.1.2 | NOTE | ||||
r-devel-linux-x86_64-fedora-clang | 1.1.2 | 165.98 | ERROR | |||
r-devel-linux-x86_64-fedora-gcc | 1.1.2 | 172.92 | ERROR | |||
r-devel-windows-x86_64 | 1.1.2 | 40.00 | 142.00 | 182.00 | OK | --no-vignettes |
r-patched-linux-x86_64 | 1.1.2 | 39.68 | 85.73 | 125.41 | NOTE | |
r-release-linux-x86_64 | 1.1.2 | 36.46 | 84.07 | 120.53 | NOTE | |
r-release-macos-arm64 | 1.1.2 | 50.00 | OK | |||
r-release-macos-x86_64 | 1.1.2 | 68.00 | OK | |||
r-release-windows-x86_64 | 1.1.2 | 41.00 | 147.00 | 188.00 | OK | --no-vignettes |
r-oldrel-macos-arm64 | 1.1.2 | 62.00 | OK | |||
r-oldrel-macos-x86_64 | 1.1.2 | 100.00 | OK | |||
r-oldrel-windows-ix86+x86_64 | 1.1.2 | 99.00 | 169.00 | 268.00 | OK |
Version: 1.1.2
Check: package dependencies
Result: NOTE
Package suggested but not available for checking: 'BSGW'
Flavors: r-devel-linux-x86_64-debian-clang, r-devel-linux-x86_64-debian-gcc, r-patched-linux-x86_64, r-release-linux-x86_64
Version: 1.1.2
Check: re-building of vignette outputs
Result: NOTE
Note: skipping 'cfc.Rnw' due to unavailable dependencies: 'BSGW'
Flavors: r-devel-linux-x86_64-debian-clang, r-devel-linux-x86_64-debian-gcc
Version: 1.1.2
Check: re-building of vignette outputs
Result: ERROR
Error(s) in re-building vignettes:
--- re-building ‘cfc.Rnw’ using Sweave
Error: processing vignette 'cfc.Rnw' failed with diagnostics:
chunk 35
Error in if ("NULL" != x$system.codepage && x$system.codepage != x$codepage) cat("system code page: ", :
missing value where TRUE/FALSE needed
--- failed re-building 'cfc.Rnw'
SUMMARY: processing the following file failed:
'cfc.Rnw'
Error: Vignette re-building failed.
Execution halted
Flavors: r-devel-linux-x86_64-fedora-clang, r-devel-linux-x86_64-fedora-gcc