Last updated on 2022-12-12 15:55:43 CET.
Flavor | Version | Tinstall | Tcheck | Ttotal | Status | Flags |
---|---|---|---|---|---|---|
r-devel-linux-x86_64-debian-clang | 0.1.6 | 2.55 | 73.43 | 75.98 | OK | |
r-devel-linux-x86_64-debian-gcc | 0.1.6 | OK | ||||
r-devel-linux-x86_64-fedora-clang | 0.1.6 | 2.84 | ERROR | |||
r-devel-linux-x86_64-fedora-gcc | 0.1.6 | 2.90 | ERROR | |||
r-devel-windows-x86_64 | 0.1.6 | 24.00 | 100.00 | 124.00 | OK | |
r-patched-linux-x86_64 | 0.1.6 | 1.95 | 68.19 | 70.14 | OK | |
r-release-linux-x86_64 | 0.1.6 | 2.40 | 68.70 | 71.10 | OK | |
r-release-macos-arm64 | 0.1.6 | 29.00 | NOTE | |||
r-release-macos-x86_64 | 0.1.6 | 51.00 | NOTE | |||
r-release-windows-x86_64 | 0.1.6 | 15.00 | 102.00 | 117.00 | OK | |
r-oldrel-macos-arm64 | 0.1.6 | 21.00 | NOTE | |||
r-oldrel-macos-x86_64 | 0.1.6 | 31.00 | NOTE | |||
r-oldrel-windows-ix86+x86_64 | 0.1.6 | 7.00 | 96.00 | 103.00 | OK |
Version: 0.1.6
Check: package dependencies
Result: ERROR
Package required but not available: ‘spatstat.core’
See section ‘The DESCRIPTION file’ in the ‘Writing R Extensions’
manual.
Flavors: r-devel-linux-x86_64-fedora-clang, r-devel-linux-x86_64-fedora-gcc
Version: 0.1.6
Check: dependencies in R code
Result: NOTE
Namespaces in Imports field not imported from:
‘igraph’ ‘rgeos’ ‘viridis’
All declared Imports should be used.
Flavors: r-release-macos-arm64, r-release-macos-x86_64, r-oldrel-macos-arm64, r-oldrel-macos-x86_64