Last updated on 2022-12-12 15:55:44 CET.
Flavor | Version | Tinstall | Tcheck | Ttotal | Status | Flags |
---|---|---|---|---|---|---|
r-devel-linux-x86_64-debian-clang | 0.7.3 | 15.92 | 164.38 | 180.30 | OK | |
r-devel-linux-x86_64-debian-gcc | 0.7.3 | OK | ||||
r-devel-linux-x86_64-fedora-clang | 0.7.3 | 2.94 | ERROR | |||
r-devel-linux-x86_64-fedora-gcc | 0.7.3 | 2.70 | ERROR | |||
r-devel-windows-x86_64 | 0.7.3 | 33.00 | 198.00 | 231.00 | OK | |
r-patched-linux-x86_64 | 0.7.3 | 10.61 | 148.43 | 159.04 | OK | |
r-release-linux-x86_64 | 0.7.3 | 12.63 | 146.56 | 159.19 | OK | |
r-release-macos-arm64 | 0.7.3 | 50.00 | OK | |||
r-release-macos-x86_64 | 0.7.3 | 74.00 | OK | |||
r-release-windows-x86_64 | 0.7.3 | 22.00 | 170.00 | 192.00 | OK | |
r-oldrel-macos-arm64 | 0.7.3 | 45.00 | OK | |||
r-oldrel-macos-x86_64 | 0.7.3 | 70.00 | OK | |||
r-oldrel-windows-ix86+x86_64 | 0.7.3 | 36.00 | 163.00 | 199.00 | OK |
Version: 0.7.3
Check: package dependencies
Result: ERROR
Package required but not available: ‘spatstat.core’
See section ‘The DESCRIPTION file’ in the ‘Writing R Extensions’
manual.
Flavors: r-devel-linux-x86_64-fedora-clang, r-devel-linux-x86_64-fedora-gcc