Last updated on 2022-12-14 05:56:55 CET.
Flavor | Version | Tinstall | Tcheck | Ttotal | Status | Flags |
---|---|---|---|---|---|---|
r-devel-linux-x86_64-debian-clang | 0.3 | 16.56 | 152.56 | 169.12 | OK | |
r-devel-linux-x86_64-debian-gcc | 0.3 | 12.88 | 110.56 | 123.44 | OK | |
r-devel-linux-x86_64-fedora-clang | 0.3 | 223.82 | WARN | |||
r-devel-linux-x86_64-fedora-gcc | 0.3 | 228.95 | WARN | |||
r-devel-windows-x86_64 | 0.3 | 34.00 | 212.00 | 246.00 | OK | |
r-patched-linux-x86_64 | 0.3 | 15.76 | 137.07 | 152.83 | OK | |
r-release-linux-x86_64 | 0.3 | 14.56 | 141.77 | 156.33 | OK | |
r-release-macos-arm64 | 0.3 | 6.00 | ERROR | |||
r-release-macos-x86_64 | 0.3 | 6.00 | ERROR | |||
r-release-windows-x86_64 | 0.3 | 25.00 | 183.00 | 208.00 | OK | |
r-oldrel-macos-arm64 | 0.3 | 10.00 | ERROR | |||
r-oldrel-macos-x86_64 | 0.3 | 11.00 | ERROR | |||
r-oldrel-windows-ix86+x86_64 | 0.3 | 37.00 | 203.00 | 240.00 | OK |
Version: 0.3
Check: re-building of vignette outputs
Result: WARN
Error(s) in re-building vignettes:
--- re-building ‘guide.Rnw’ using knitr
Error: processing vignette 'guide.Rnw' failed with diagnostics:
Running 'texi2dvi' on 'guide.tex' failed.
LaTeX errors:
! Undefined control sequence.
l.138 \hldef
{}\hldef{\ \ }\hldef{blastx\ }\hlkwb{{-}db\ }\hldef{referenceDB\...
?
! Emergency stop.
l.138
End of file on the terminal!
! ==> Fatal error occurred, no output PDF file produced!
--- failed re-building ‘guide.Rnw’
SUMMARY: processing the following file failed:
‘guide.Rnw’
Error: Vignette re-building failed.
Execution halted
Flavors: r-devel-linux-x86_64-fedora-clang, r-devel-linux-x86_64-fedora-gcc
Version: 0.3
Check: package dependencies
Result: ERROR
Package required but not available: ‘Rmpi’
See section ‘The DESCRIPTION file’ in the ‘Writing R Extensions’
manual.
Flavors: r-release-macos-arm64, r-release-macos-x86_64, r-oldrel-macos-arm64, r-oldrel-macos-x86_64