Last updated on 2022-12-19 07:53:39 CET.
Flavor | Version | Tinstall | Tcheck | Ttotal | Status | Flags |
---|---|---|---|---|---|---|
r-devel-linux-x86_64-debian-clang | 0.4.1 | 94.51 | 30.09 | 124.60 | OK | |
r-devel-linux-x86_64-debian-gcc | 0.4.1 | 71.07 | 24.28 | 95.35 | WARN | |
r-devel-linux-x86_64-fedora-clang | 0.4.1 | 193.96 | NOTE | |||
r-devel-linux-x86_64-fedora-gcc | 0.4.1 | 160.40 | WARN | |||
r-devel-windows-x86_64 | 0.4.1 | 88.00 | 83.00 | 171.00 | OK | |
r-patched-linux-x86_64 | 0.4.1 | 74.11 | 29.29 | 103.40 | OK | |
r-release-linux-x86_64 | 0.4.1 | 76.17 | 29.38 | 105.55 | OK | |
r-release-macos-arm64 | 0.4.1 | 44.00 | NOTE | |||
r-release-macos-x86_64 | 0.4.1 | 54.00 | NOTE | |||
r-release-windows-x86_64 | 0.4.1 | 89.00 | 82.00 | 171.00 | OK | |
r-oldrel-macos-arm64 | 0.4.1 | 44.00 | NOTE | |||
r-oldrel-macos-x86_64 | 0.4.1 | 61.00 | NOTE | |||
r-oldrel-windows-ix86+x86_64 | 0.4.1 | 228.00 | 81.00 | 309.00 | OK |
Version: 0.4.1
Check: whether package can be installed
Result: WARN
Found the following significant warnings:
/usr/include/x86_64-linux-gnu/bits/string_fortified.h:59:33: warning: ‘void* __builtin_memset(void*, int, long unsigned int)’ forming offset [176, 183] is out of the bounds [0, 176] of object ‘w’ with type ‘arma::vec’ {aka ‘arma::Col<double>’} [-Warray-bounds]
Flavor: r-devel-linux-x86_64-debian-gcc
Version: 0.4.1
Check: dependencies in R code
Result: NOTE
Namespace in Imports field not imported from: ‘RcppArmadillo’
All declared Imports should be used.
Flavors: r-devel-linux-x86_64-fedora-clang, r-devel-linux-x86_64-fedora-gcc, r-release-macos-arm64, r-release-macos-x86_64, r-oldrel-macos-arm64, r-oldrel-macos-x86_64
Version: 0.4.1
Check: whether package can be installed
Result: WARN
Found the following significant warnings:
/usr/include/bits/string_fortified.h:59:33: warning: ‘void* __builtin_memset(void*, int, long unsigned int)’ forming offset [176, 183] is out of the bounds [0, 176] of object ‘w’ with type ‘arma::vec’ {aka ‘arma::Col<double>’} [-Warray-bounds]
Flavor: r-devel-linux-x86_64-fedora-gcc