Last updated on 2022-12-21 16:50:27 CET.
Flavor | Version | Tinstall | Tcheck | Ttotal | Status | Flags |
---|---|---|---|---|---|---|
r-devel-linux-x86_64-debian-clang | 1.0.9 | 69.10 | 588.79 | 657.89 | OK | |
r-devel-linux-x86_64-debian-gcc | 1.0.9 | 53.09 | 440.01 | 493.10 | OK | |
r-devel-linux-x86_64-fedora-clang | 1.0.9 | 858.58 | WARN | |||
r-devel-linux-x86_64-fedora-gcc | 1.0.9 | 843.05 | WARN | |||
r-devel-windows-x86_64 | 1.0.9 | 80.00 | 613.00 | 693.00 | OK | |
r-patched-linux-x86_64 | 1.0.9 | 58.47 | 554.71 | 613.18 | OK | |
r-release-linux-x86_64 | 1.0.9 | 48.69 | 576.05 | 624.74 | OK | |
r-release-macos-arm64 | 1.0.9 | 199.00 | OK | |||
r-release-macos-x86_64 | 1.0.9 | 336.00 | OK | |||
r-release-windows-x86_64 | 1.0.9 | 70.00 | 607.00 | 677.00 | OK | |
r-oldrel-macos-arm64 | 1.0.9 | 160.00 | OK | |||
r-oldrel-macos-x86_64 | 1.0.9 | 240.00 | OK | |||
r-oldrel-windows-ix86+x86_64 | 1.0.9 | 146.00 | 589.00 | 735.00 | OK |
Version: 1.0.9
Check: package dependencies
Result: WARN
Requires (indirectly) orphaned package: ‘doRNG’
Flavors: r-devel-linux-x86_64-fedora-clang, r-devel-linux-x86_64-fedora-gcc