Last updated on 2023-03-01 08:55:03 CET.
Flavor | Version | Tinstall | Tcheck | Ttotal | Status | Flags |
---|---|---|---|---|---|---|
r-devel-linux-x86_64-debian-clang | 0.1.10 | 23.60 | 118.39 | 141.99 | WARN | |
r-devel-linux-x86_64-debian-gcc | 0.1.10 | 20.92 | 87.51 | 108.43 | WARN | |
r-devel-linux-x86_64-fedora-clang | 0.1.10 | 186.53 | WARN | |||
r-devel-linux-x86_64-fedora-gcc | 0.1.10 | 185.63 | WARN | |||
r-devel-windows-x86_64 | 0.1.10 | 52.00 | 180.00 | 232.00 | WARN | |
r-patched-linux-x86_64 | 0.1.10 | 25.84 | 113.75 | 139.59 | WARN | |
r-release-linux-x86_64 | 0.1.10 | 19.95 | 124.67 | 144.62 | WARN | |
r-release-macos-arm64 | 0.1.10 | 51.00 | OK | |||
r-release-macos-x86_64 | 0.1.10 | 95.00 | OK | |||
r-release-windows-x86_64 | 0.1.10 | 49.00 | 194.00 | 243.00 | WARN | |
r-oldrel-macos-arm64 | 0.1.10 | 66.00 | OK | |||
r-oldrel-macos-x86_64 | 0.1.10 | 91.00 | OK | |||
r-oldrel-windows-ix86+x86_64 | 0.1.10 | 55.00 | 198.00 | 253.00 | WARN |
Version: 0.1.10
Check: whether package can be installed
Result: WARN
Found the following significant warnings:
Warning: replacing previous import ‘ape::where’ by ‘dplyr::where’ when loading ‘treeplyr’
See ‘/home/hornik/tmp/R.check/r-devel-clang/Work/PKGS/treeplyr.Rcheck/00install.out’ for details.
* used C compiler: ‘Debian clang version 15.0.6’
* used C++ compiler: ‘Debian clang version 15.0.6’
Flavor: r-devel-linux-x86_64-debian-clang
Version: 0.1.10
Check: whether package can be installed
Result: WARN
Found the following significant warnings:
Warning: replacing previous import ‘ape::where’ by ‘dplyr::where’ when loading ‘treeplyr’
See ‘/home/hornik/tmp/R.check/r-devel-gcc/Work/PKGS/treeplyr.Rcheck/00install.out’ for details.
* used C compiler: ‘gcc-12 (Debian 12.2.0-14) 12.2.0’
* used C++ compiler: ‘g++-12 (Debian 12.2.0-14) 12.2.0’
Flavor: r-devel-linux-x86_64-debian-gcc
Version: 0.1.10
Check: whether package can be installed
Result: WARN
Found the following significant warnings:
Warning: replacing previous import ‘ape::where’ by ‘dplyr::where’ when loading ‘treeplyr’
See ‘/data/gannet/ripley/R/packages/tests-clang/treeplyr.Rcheck/00install.out’ for details.
* used C compiler: ‘clang version 16.0.0’
* used C++ compiler: ‘clang version 16.0.0’
Flavor: r-devel-linux-x86_64-fedora-clang
Version: 0.1.10
Check: whether package can be installed
Result: WARN
Found the following significant warnings:
Warning: replacing previous import ‘ape::where’ by ‘dplyr::where’ when loading ‘treeplyr’
See ‘/data/gannet/ripley/R/packages/tests-devel/treeplyr.Rcheck/00install.out’ for details.
* used C compiler: ‘gcc (GCC) 12.2.1 20221121 (Red Hat 12.2.1-4)’
* used C++ compiler: ‘g++ (GCC) 12.2.1 20221121 (Red Hat 12.2.1-4)’
Flavor: r-devel-linux-x86_64-fedora-gcc
Version: 0.1.10
Check: whether package can be installed
Result: WARN
Found the following significant warnings:
Warning: replacing previous import 'ape::where' by 'dplyr::where' when loading 'treeplyr'
See 'd:/Rcompile/CRANpkg/local/4.3/treeplyr.Rcheck/00install.out' for details.
* used C compiler: 'gcc.exe (GCC) 12.2.0'
* used C++ compiler: 'g++.exe (GCC) 12.2.0'
Flavor: r-devel-windows-x86_64
Version: 0.1.10
Check: whether package can be installed
Result: WARN
Found the following significant warnings:
Warning: replacing previous import ‘ape::where’ by ‘dplyr::where’ when loading ‘treeplyr’
Flavors: r-patched-linux-x86_64, r-release-linux-x86_64, r-release-windows-x86_64, r-oldrel-windows-ix86+x86_64