Last updated on 2023-03-12 16:54:20 CET.
| Flavor | Version | Tinstall | Tcheck | Ttotal | Status | Flags | 
|---|---|---|---|---|---|---|
| r-devel-linux-x86_64-debian-clang | 0.1.1 | 2.20 | 27.14 | 29.34 | NOTE | |
| r-devel-linux-x86_64-debian-gcc | 0.1.1 | 1.63 | 21.21 | 22.84 | NOTE | |
| r-devel-linux-x86_64-fedora-clang | 0.1.1 | 38.20 | NOTE | |||
| r-devel-linux-x86_64-fedora-gcc | 0.1.1 | 50.82 | NOTE | |||
| r-devel-windows-x86_64 | 0.1.1 | 14.00 | 54.00 | 68.00 | NOTE | |
| r-patched-linux-x86_64 | 0.1.1 | 2.49 | 27.62 | 30.11 | NOTE | |
| r-release-linux-x86_64 | 0.1.1 | 2.09 | 28.06 | 30.15 | NOTE | |
| r-release-macos-arm64 | 0.1.1 | 19.00 | NOTE | |||
| r-release-macos-x86_64 | 0.1.1 | 24.00 | NOTE | |||
| r-release-windows-x86_64 | 0.1.1 | 10.00 | 57.00 | 67.00 | NOTE | |
| r-oldrel-macos-arm64 | 0.1.1 | 22.00 | NOTE | |||
| r-oldrel-macos-x86_64 | 0.1.1 | 34.00 | NOTE | |||
| r-oldrel-windows-ix86+x86_64 | 0.1.1 | 5.00 | 55.00 | 60.00 | NOTE | 
Version: 0.1.1
Check: LazyData
Result: NOTE
      'LazyData' is specified without a 'data' directory
Flavors: r-devel-linux-x86_64-debian-clang, r-devel-linux-x86_64-debian-gcc, r-devel-linux-x86_64-fedora-clang, r-devel-linux-x86_64-fedora-gcc, r-devel-windows-x86_64, r-patched-linux-x86_64, r-release-linux-x86_64, r-release-macos-arm64, r-release-macos-x86_64, r-release-windows-x86_64, r-oldrel-macos-arm64, r-oldrel-macos-x86_64, r-oldrel-windows-ix86+x86_64
Version: 0.1.1
Check: dependencies in R code
Result: NOTE
    Initiating curl with CURL_SSL_BACKEND: openssl
Flavor: r-oldrel-windows-ix86+x86_64