Last updated on 2023-03-27 16:52:22 CEST.
Flavor | Version | Tinstall | Tcheck | Ttotal | Status | Flags |
---|---|---|---|---|---|---|
r-devel-linux-x86_64-debian-clang | 0.39.1 | 17.11 | 81.77 | 98.88 | OK | |
r-devel-linux-x86_64-debian-gcc | 0.39.1 | 13.24 | 62.15 | 75.39 | OK | |
r-devel-linux-x86_64-fedora-clang | 0.39.1 | 131.15 | NOTE | |||
r-devel-linux-x86_64-fedora-gcc | 0.39.1 | 131.80 | NOTE | |||
r-devel-windows-x86_64 | 0.39.1 | 66.00 | 132.00 | 198.00 | NOTE | |
r-patched-linux-x86_64 | 0.39.1 | 19.04 | 76.12 | 95.16 | OK | |
r-release-linux-x86_64 | 0.39.1 | 14.48 | 77.63 | 92.11 | OK | |
r-release-macos-arm64 | 0.39.1 | 32.00 | NOTE | |||
r-release-macos-x86_64 | 0.39.1 | 58.00 | NOTE | |||
r-release-windows-x86_64 | 0.39.1 | 71.00 | 145.00 | 216.00 | NOTE | |
r-oldrel-macos-arm64 | 0.39.1 | 37.00 | NOTE | |||
r-oldrel-macos-x86_64 | 0.39.1 | 62.00 | NOTE | |||
r-oldrel-windows-ix86+x86_64 | 0.39.1 | 35.00 | 113.00 | 148.00 | NOTE |
Version: 0.39.1
Check: installed package size
Result: NOTE
installed size is 7.0Mb
sub-directories of 1Mb or more:
doc 6.0Mb
Flavors: r-devel-linux-x86_64-fedora-clang, r-devel-windows-x86_64, r-release-macos-arm64, r-release-macos-x86_64, r-release-windows-x86_64, r-oldrel-macos-arm64, r-oldrel-macos-x86_64, r-oldrel-windows-ix86+x86_64
Version: 0.39.1
Check: dependencies in R code
Result: NOTE
Namespaces in Imports field not imported from:
‘RColorBrewer’ ‘curl’ ‘scales’ ‘stringr’ ‘tidyquant’
All declared Imports should be used.
Flavors: r-devel-linux-x86_64-fedora-clang, r-devel-linux-x86_64-fedora-gcc
Version: 0.39.1
Check: Rd cross-references
Result: NOTE
Undeclared package ‘R6’ in Rd xrefs
Flavor: r-devel-linux-x86_64-fedora-clang