Last updated on 2023-03-28 07:53:01 CEST.
| Flavor | Version | Tinstall | Tcheck | Ttotal | Status | Flags | 
|---|---|---|---|---|---|---|
| r-devel-linux-x86_64-debian-clang | 1.2.5 | 14.06 | 134.13 | 148.19 | ERROR | |
| r-devel-linux-x86_64-debian-gcc | 1.2.5 | 10.29 | 102.28 | 112.57 | ERROR | |
| r-devel-linux-x86_64-fedora-clang | 1.2.5 | 182.39 | ERROR | |||
| r-devel-linux-x86_64-fedora-gcc | 1.2.5 | 192.90 | OK | |||
| r-devel-windows-x86_64 | 1.2.5 | 32.00 | 160.00 | 192.00 | ERROR | |
| r-patched-linux-x86_64 | 1.2.5 | 12.33 | 130.44 | 142.77 | ERROR | |
| r-release-linux-x86_64 | 1.2.5 | 12.21 | 123.13 | 135.34 | ERROR | |
| r-release-macos-arm64 | 1.2.5 | 104.00 | OK | |||
| r-release-macos-x86_64 | 1.2.5 | 152.00 | OK | |||
| r-release-windows-x86_64 | 1.2.5 | 29.00 | 166.00 | 195.00 | ERROR | |
| r-oldrel-macos-arm64 | 1.2.5 | 78.00 | OK | |||
| r-oldrel-macos-x86_64 | 1.2.5 | 90.00 | OK | |||
| r-oldrel-windows-ix86+x86_64 | 1.2.5 | 30.00 | 144.00 | 174.00 | WARN | 
Version: 1.2.5
Check: re-building of vignette outputs
Result: ERROR
    Error(s) in re-building vignettes:
      ...
    --- re-building ‘expp.Rmd’ using rmarkdown
    Loading required package: expp
    This is expp 1.2.5 For a tutorial type vignette("expp")
    
    Attaching package: 'expp'
    
    The following object is masked from 'package:base':
    
        as.data.frame
    
    Quitting from lines 103-105 (expp.Rmd) 
    Error: processing vignette ‘expp.Rmd’ failed with diagnostics:
    unable to find an inherited method for function 'as.data.frame' for signature '"list"'
    --- failed re-building ‘expp.Rmd’
    
    SUMMARY: processing the following file failed:
      ‘expp.Rmd’
    
    Error: Vignette re-building failed.
    Execution halted
Flavors: r-devel-linux-x86_64-debian-clang, r-devel-linux-x86_64-debian-gcc, r-patched-linux-x86_64, r-release-linux-x86_64
Version: 1.2.5
Check: re-building of vignette outputs
Result: ERROR
    Error(s) in re-building vignettes:
    --- re-building ‘expp.Rmd’ using rmarkdown
    Loading required package: expp
    This is expp 1.2.5 For a tutorial type vignette("expp")
    
    Attaching package: 'expp'
    
    The following object is masked from 'package:base':
    
        as.data.frame
    
    Quitting from lines 103-105 (expp.Rmd) 
    Error: processing vignette 'expp.Rmd' failed with diagnostics:
    unable to find an inherited method for function 'as.data.frame' for signature '"list"'
    --- failed re-building ‘expp.Rmd’
    
    SUMMARY: processing the following file failed:
      ‘expp.Rmd’
    
    Error: Vignette re-building failed.
    Execution halted
Flavors: r-devel-linux-x86_64-fedora-clang, r-devel-windows-x86_64, r-release-windows-x86_64
Version: 1.2.5
Check: re-building of vignette outputs
Result: WARN
    Error(s) in re-building vignettes:
    --- re-building 'expp.Rmd' using rmarkdown
    Loading required package: expp
    This is expp 1.2.5 For a tutorial type vignette("expp")
    
    Attaching package: 'expp'
    
    The following object is masked from 'package:base':
    
        as.data.frame
    
    Quitting from lines 103-105 (expp.Rmd) 
    Error: processing vignette 'expp.Rmd' failed with diagnostics:
    unable to find an inherited method for function 'as.data.frame' for signature '"list"'
    --- failed re-building 'expp.Rmd'
    
    SUMMARY: processing the following file failed:
      'expp.Rmd'
    
    Error: Vignette re-building failed.
    Execution halted
Flavor: r-oldrel-windows-ix86+x86_64