Last updated on 2023-03-29 08:53:38 CEST.
Flavor | Version | Tinstall | Tcheck | Ttotal | Status | Flags |
---|---|---|---|---|---|---|
r-devel-linux-x86_64-debian-clang | 0.1.0 | 5.28 | 56.88 | 62.16 | NOTE | |
r-devel-linux-x86_64-debian-gcc | 0.1.0 | 3.40 | 44.49 | 47.89 | NOTE | |
r-devel-linux-x86_64-fedora-clang | 0.1.0 | 79.31 | NOTE | |||
r-devel-linux-x86_64-fedora-gcc | 0.1.0 | 75.66 | NOTE | |||
r-devel-windows-x86_64 | 0.1.0 | 61.00 | 0.00 | 61.00 | NOTE | |
r-patched-linux-x86_64 | 0.1.0 | 13.18 | 56.32 | 69.50 | NOTE | |
r-release-linux-x86_64 | 0.1.0 | 5.08 | 46.56 | 51.64 | NOTE | |
r-release-macos-arm64 | 0.1.0 | 24.00 | NOTE | |||
r-release-macos-x86_64 | 0.1.0 | 35.00 | NOTE | |||
r-release-windows-x86_64 | 0.1.0 | 61.00 | 102.00 | 163.00 | NOTE | |
r-oldrel-macos-arm64 | 0.1.0 | 32.00 | NOTE | |||
r-oldrel-macos-x86_64 | 0.1.0 | 37.00 | NOTE | |||
r-oldrel-windows-ix86+x86_64 | 0.1.0 | 10.00 | 133.00 | 143.00 | NOTE |
Version: 0.1.0
Check: LazyData
Result: NOTE
'LazyData' is specified without a 'data' directory
Flavors: r-devel-linux-x86_64-debian-clang, r-devel-linux-x86_64-debian-gcc, r-devel-linux-x86_64-fedora-clang, r-devel-linux-x86_64-fedora-gcc, r-devel-windows-x86_64, r-patched-linux-x86_64, r-release-linux-x86_64, r-release-macos-arm64, r-release-macos-x86_64, r-release-windows-x86_64, r-oldrel-macos-arm64, r-oldrel-macos-x86_64, r-oldrel-windows-ix86+x86_64