Last updated on 2023-04-06 07:54:29 CEST.
| Flavor | Version | Tinstall | Tcheck | Ttotal | Status | Flags | 
|---|---|---|---|---|---|---|
| r-devel-linux-x86_64-debian-clang | 2.2.2 | 35.52 | 475.37 | 510.89 | OK | |
| r-devel-linux-x86_64-debian-gcc | 2.2.2 | 29.05 | 350.81 | 379.86 | OK | |
| r-devel-linux-x86_64-fedora-clang | 2.2.2 | 620.88 | OK | |||
| r-devel-linux-x86_64-fedora-gcc | 2.2.2 | 609.13 | OK | |||
| r-devel-windows-x86_64 | 2.2.2 | 44.00 | 546.00 | 590.00 | OK | |
| r-patched-linux-x86_64 | 2.2.2 | 32.58 | 455.10 | 487.68 | OK | |
| r-release-linux-x86_64 | 2.2.2 | 29.52 | 456.08 | 485.60 | OK | |
| r-release-macos-arm64 | 2.2.2 | 138.00 | ERROR | |||
| r-release-macos-x86_64 | 2.2.2 | 218.00 | OK | |||
| r-release-windows-x86_64 | 2.2.2 | 45.00 | 512.00 | 557.00 | OK | |
| r-oldrel-macos-arm64 | 2.2.2 | 140.00 | OK | |||
| r-oldrel-macos-x86_64 | 2.2.2 | 219.00 | OK | |||
| r-oldrel-windows-ix86+x86_64 | 2.2.2 | 83.00 | 572.00 | 655.00 | OK | 
Version: 2.2.2
Check: tests
Result: ERROR
      Running ‘testthat.R’ [11s/29s]
    Running the tests in ‘tests/testthat.R’ failed.
    Last 13 lines of output:
      Signif. codes:  0 '***' 0.001 '**' 0.01 '*' 0.05 '.' 0.1 ' ' 1
      
      Residual standard error: 4.038 on 21 degrees of freedom
      Multiple R-squared:  0.02316,	Adjusted R-squared:  -0.02336 
      F-statistic: 0.4979 on 1 and 21 DF,  p-value: 0.4882
      
      [ FAIL 1 | WARN 0 | SKIP 0 | PASS 100 ]
      
      ══ Failed tests ════════════════════════════════════════════════════════════════
      ── Failure ('test_plot.QA.R:31:3'): QA and plot.QA work ────────────────────────
      `plot.QA(qa1, outDir = tempdir())` produced warnings.
      
      [ FAIL 1 | WARN 0 | SKIP 0 | PASS 100 ]
      Error: Test failures
      Execution halted
Flavor: r-release-macos-arm64
Version: 2.2.2
Check: re-building of vignette outputs
Result: ERROR
    Error(s) in re-building vignettes:
    --- re-building ‘assignR.Rmd’ using rmarkdown
    Warning in doTryCatch(return(expr), name, parentenv, handler) :
      no font could be found for family "Arial"
    Warning in doTryCatch(return(expr), name, parentenv, handler) :
      no font could be found for family "Arial"
    Warning in doTryCatch(return(expr), name, parentenv, handler) :
      no font could be found for family "Arial"
    Warning in doTryCatch(return(expr), name, parentenv, handler) :
      no font could be found for family "Arial"
    Warning in doTryCatch(return(expr), name, parentenv, handler) :
      no font could be found for family "Arial"
    Warning in doTryCatch(return(expr), name, parentenv, handler) :
      no font could be found for family "Arial"
    Warning in doTryCatch(return(expr), name, parentenv, handler) :
      no font could be found for family "Arial"
    Warning in doTryCatch(return(expr), name, parentenv, handler) :
      no font could be found for family "Arial"
    Warning in doTryCatch(return(expr), name, parentenv, handler) :
      no font could be found for family "Arial"
    Warning in doTryCatch(return(expr), name, parentenv, handler) :
      no font could be found for family "Arial"
    Warning in doTryCatch(return(expr), name, parentenv, handler) :
      no font could be found for family "Arial"
    Warning in doTryCatch(return(expr), name, parentenv, handler) :
      no font could be found for family "Arial"
    Warning in doTryCatch(return(expr), name, parentenv, handler) :
      no font could be found for family "Arial"
    Warning in doTryCatch(return(expr), name, parentenv, handler) :
      no font could be found for family "Arial"
    Warning in doTryCatch(return(expr), name, parentenv, handler) :
      no font could be found for family "Arial"
    Warning in doTryCatch(return(expr), name, parentenv, handler) :
      no font could be found for family "Arial"
    Warning in doTryCatch(return(expr), name, parentenv, handler) :
      no font could be found for family "Arial"
    Warning in doTryCatch(return(expr), name, parentenv, handler) :
      no font could be found for family "Arial"
    Warning in doTryCatch(return(expr), name, parentenv, handler) :
      no font could be found for family "Arial"
    Warning in doTryCatch(return(expr), name, parentenv, handler) :
      no font could be found for family "Arial"
    Warning in doTryCatch(return(expr), name, parentenv, handler) :
      no font could be found for family "Arial"
    Warning in doTryCatch(return(expr), name, parentenv, handler) :
      no font could be found for family "Arial"
    Warning in doTryCatch(return(expr), name, parentenv, handler) :
      no font could be found for family "Arial"
    Warning in doTryCatch(return(expr), name, parentenv, handler) :
      no font could be found for family "Arial"
    Warning in doTryCatch(return(expr), name, parentenv, handler) :
      no font could be found for family "Arial"
    Warning in doTryCatch(return(expr), name, parentenv, handler) :
      no font could be found for family "Arial"
    Warning in doTryCatch(return(expr), name, parentenv, handler) :
      no font could be found for family "Arial"
    Warning in doTryCatch(return(expr), name, parentenv, handler) :
      no font could be found for family "Arial"
    Warning in doTryCatch(return(expr), name, parentenv, handler) :
      no font could be found for family "Arial"
    Warning in doTryCatch(return(expr), name, parentenv, handler) :
      no font could be found for family "Arial"
    Warning in doTryCatch(return(expr), name, parentenv, handler) :
      no font could be found for family "Arial"
    Warning in doTryCatch(return(expr), name, parentenv, handler) :
      no font could be found for family "Arial"
    Warning in doTryCatch(return(expr), name, parentenv, handler) :
      no font could be found for family "Arial"
    Warning in doTryCatch(return(expr), name, parentenv, handler) :
      no font could be found for family "Arial"
    Warning in doTryCatch(return(expr), name, parentenv, handler) :
      no font could be found for family "Arial"
    Warning in doTryCatch(return(expr), name, parentenv, handler) :
      no font could be found for family "Arial"
    Warning in doTryCatch(return(expr), name, parentenv, handler) :
      no font could be found for family "Arial"
    Warning in doTryCatch(return(expr), name, parentenv, handler) :
      no font could be found for family "Arial"
    Warning in doTryCatch(return(expr), name, parentenv, handler) :
      no font could be found for family "Arial"
    Warning in doTryCatch(return(expr), name, parentenv, handler) :
      no font could be found for family "Arial"
    Warning in doTryCatch(return(expr), name, parentenv, handler) :
      no font could be found for family "Arial"
    Warning in doTryCatch(return(expr), name, parentenv, handler) :
      no font could be found for family "Arial"
    Warning in doTryCatch(return(expr), name, parentenv, handler) :
      no font could be found for family "Arial"
    Warning in doTryCatch(return(expr), name, parentenv, handler) :
      no font could be found for family "Arial"
    Warning in doTryCatch(return(expr), name, parentenv, handler) :
      no font could be found for family "Arial"
    Warning in doTryCatch(return(expr), name, parentenv, handler) :
      no font could be found for family "Arial"
    Warning in doTryCatch(return(expr), name, parentenv, handler) :
      no font could be found for family "Arial"
    Warning in doTryCatch(return(expr), name, parentenv, handler) :
      no font could be found for family "Arial"
    Warning in doTryCatch(return(expr), name, parentenv, handler) :
      no font could be found for family "Arial"
    Warning in doTryCatch(return(expr), name, parentenv, handler) :
      no font could be found for family "Arial"
    Warning in doTryCatch(return(expr), name, parentenv, handler) :
      no font could be found for family "Arial"
    Warning in doTryCatch(return(expr), name, parentenv, handler) :
      no font could be found for family "Arial"
    Warning in doTryCatch(return(expr), name, parentenv, handler) :
      no font could be found for family "Arial"
    Warning in doTryCatch(return(expr), name, parentenv, handler) :
      no font could be found for family "Arial"
    Warning in doTryCatch(return(expr), name, parentenv, handler) :
      no font could be found for family "Arial"
    Warning in doTryCatch(return(expr), name, parentenv, handler) :
      no font could be found for family "Arial"
    Warning in doTryCatch(return(expr), name, parentenv, handler) :
      no font could be found for family "Arial"
    Warning in doTryCatch(return(expr), name, parentenv, handler) :
      no font could be found for family "Arial"
    Warning in doTryCatch(return(expr), name, parentenv, handler) :
      no font could be found for family "Arial"
    Warning in doTryCatch(return(expr), name, parentenv, handler) :
      no font could be found for family "Arial"
    Warning in doTryCatch(return(expr), name, parentenv, handler) :
      no font could be found for family "Arial"
    Warning in doTryCatch(return(expr), name, parentenv, handler) :
      no font could be found for family "Arial"
    Warning in doTryCatch(return(expr), name, parentenv, handler) :
      no font could be found for family "Arial"
    Warning in doTryCatch(return(expr), name, parentenv, handler) :
      no font could be found for family "Arial"
    Warning in doTryCatch(return(expr), name, parentenv, handler) :
      no font could be found for family "Arial"
    Warning in doTryCatch(return(expr), name, parentenv, handler) :
      no font could be found for family "Arial"
    Warning in doTryCatch(return(expr), name, parentenv, handler) :
      no font could be found for family "Arial"
    Warning in doTryCatch(return(expr), name, parentenv, handler) :
      font "Symbol" could not be found for family ""
    Warning in doTryCatch(return(expr), name, parentenv, handler) :
      no font could be found for family "Arial"
    Warning in doTryCatch(return(expr), name, parentenv, handler) :
      no font could be found for family "Arial"
    Warning in doTryCatch(return(expr), name, parentenv, handler) :
      no font could be found for family "Arial"
    Warning in doTryCatch(return(expr), name, parentenv, handler) :
      no font could be found for family "Arial"
    Warning in doTryCatch(return(expr), name, parentenv, handler) :
      no font could be found for family "Arial"
    Warning in doTryCatch(return(expr), name, parentenv, handler) :
      no font could be found for family "Arial"
    Warning in doTryCatch(return(expr), name, parentenv, handler) :
      no font could be found for family "Arial"
    Warning in doTryCatch(return(expr), name, parentenv, handler) :
      font "Symbol" could not be found for family ""
    Warning in doTryCatch(return(expr), name, parentenv, handler) :
      font "Symbol" could not be found for family ""
    Warning in doTryCatch(return(expr), name, parentenv, handler) :
      font "Symbol" could not be found for family ""
    Warning in doTryCatch(return(expr), name, parentenv, handler) :
      font "Symbol" could not be found for family ""
    Warning in doTryCatch(return(expr), name, parentenv, handler) :
      no font could be found for family "Arial"
    Warning in doTryCatch(return(expr), name, parentenv, handler) :
      no font could be found for family "Arial"
    Warning in doTryCatch(return(expr), name, parentenv, handler) :
      no font could be found for family "Arial"
    Warning in doTryCatch(return(expr), name, parentenv, handler) :
      no font could be found for family "Arial"
    Warning in doTryCatch(return(expr), name, parentenv, handler) :
      no font could be found for family "Arial"
    Warning in doTryCatch(return(expr), name, parentenv, handler) :
      no font could be found for family "Arial"
    Warning in doTryCatch(return(expr), name, parentenv, handler) :
      no font could be found for family "Arial"
    Warning in doTryCatch(return(expr), name, parentenv, handler) :
      no font could be found for family "Arial"
    Warning in doTryCatch(return(expr), name, parentenv, handler) :
      no font could be found for family "Arial"
    Warning in doTryCatch(return(expr), name, parentenv, handler) :
      font "Symbol" could not be found for family ""
    Warning in doTryCatch(return(expr), name, parentenv, handler) :
      no font could be found for family "Arial"
    Warning in doTryCatch(return(expr), name, parentenv, handler) :
      no font could be found for family "Arial"
    Warning in doTryCatch(return(expr), name, parentenv, handler) :
      no font could be found for family "Arial"
    Warning in doTryCatch(return(expr), name, parentenv, handler) :
      no font could be found for family "Arial"
    Warning in doTryCatch(return(expr), name, parentenv, handler) :
      no font could be found for family "Arial"
    Warning in doTryCatch(return(expr), name, parentenv, handler) :
      no font could be found for family "Arial"
    Warning in doTryCatch(return(expr), name, parentenv, handler) :
      no font could be found for family "Arial"
    Warning in doTryCatch(return(expr), name, parentenv, handler) :
      font "Symbol" could not be found for family ""
    Warning in doTryCatch(return(expr), name, parentenv, handler) :
      font "Symbol" could not be found for family ""
    Warning in doTryCatch(return(expr), name, parentenv, handler) :
      font "Symbol" could not be found for family ""
    Warning in doTryCatch(return(expr), name, parentenv, handler) :
      font "Symbol" could not be found for family ""
    Warning in doTryCatch(return(expr), name, parentenv, handler) :
      no font could be found for family "Arial"
    Warning in doTryCatch(return(expr), name, parentenv, handler) :
      no font could be found for family "Arial"
    Warning in doTryCatch(return(expr), name, parentenv, handler) :
      no font could be found for family "Arial"
    Warning in doTryCatch(return(expr), name, parentenv, handler) :
      no font could be found for family "Arial"
    Warning in doTryCatch(return(expr), name, parentenv, handler) :
      no font could be found for family "Arial"
    Warning in doTryCatch(return(expr), name, parentenv, handler) :
      no font could be found for family "Arial"
    Warning in doTryCatch(return(expr), name, parentenv, handler) :
      no font could be found for family "Arial"
    Warning in doTryCatch(return(expr), name, parentenv, handler) :
      no font could be found for family "Arial"
    Warning in doTryCatch(return(expr), name, parentenv, handler) :
      no font could be found for family "Arial"
    Warning in doTryCatch(return(expr), name, parentenv, handler) :
      font "Symbol" could not be found for family ""
    Warning in doTryCatch(return(expr), name, parentenv, handler) :
      no font could be found for family "Arial"
    Warning in doTryCatch(return(expr), name, parentenv, handler) :
      no font could be found for family "Arial"
    Warning in doTryCatch(return(expr), name, parentenv, handler) :
      no font could be found for family "Arial"
    Warning in doTryCatch(return(expr), name, parentenv, handler) :
      no font could be found for family "Arial"
    Warning in doTryCatch(return(expr), name, parentenv, handler) :
      no font could be found for family "Arial"
    Warning in doTryCatch(return(expr), name, parentenv, handler) :
      no font could be found for family "Arial"
    Warning in doTryCatch(return(expr), name, parentenv, handler) :
      no font could be found for family "Arial"
    Warning in doTryCatch(return(expr), name, parentenv, handler) :
      font "Symbol" could not be found for family ""
    Warning in doTryCatch(return(expr), name, parentenv, handler) :
      font "Symbol" could not be found for family ""
    Warning in doTryCatch(return(expr), name, parentenv, handler) :
      font "Symbol" could not be found for family ""
    Warning in doTryCatch(return(expr), name, parentenv, handler) :
      font "Symbol" could not be found for family ""
    Warning in doTryCatch(return(expr), name, parentenv, handler) :
      no font could be found for family "Arial"
    Warning in doTryCatch(return(expr), name, parentenv, handler) :
      no font could be found for family "Arial"
    Warning in doTryCatch(return(expr), name, parentenv, handler) :
      no font could be found for family "Arial"
    Warning in doTryCatch(return(expr), name, parentenv, handler) :
      no font could be found for family "Arial"
    Warning in doTryCatch(return(expr), name, parentenv, handler) :
      no font could be found for family "Arial"
    Warning in doTryCatch(return(expr), name, parentenv, handler) :
      no font could be found for family "Arial"
    Warning in doTryCatch(return(expr), name, parentenv, handler) :
      no font could be found for family "Arial"
    Warning in doTryCatch(return(expr), name, parentenv, handler) :
      no font could be found for family "Arial"
    Warning in doTryCatch(return(expr), name, parentenv, handler) :
      no font could be found for family "Arial"
    Warning in doTryCatch(return(expr), name, parentenv, handler) :
      font "Symbol" could not be found for family ""
    Warning in doTryCatch(return(expr), name, parentenv, handler) :
      no font could be found for family "Arial"
    Warning in doTryCatch(return(expr), name, parentenv, handler) :
      no font could be found for family "Arial"
    Warning in doTryCatch(return(expr), name, parentenv, handler) :
      no font could be found for family "Arial"
    Warning in doTryCatch(return(expr), name, parentenv, handler) :
      no font could be found for family "Arial"
    Warning in doTryCatch(return(expr), name, parentenv, handler) :
      no font could be found for family "Arial"
    Warning in doTryCatch(return(expr), name, parentenv, handler) :
      no font could be found for family "Arial"
    Warning in doTryCatch(return(expr), name, parentenv, handler) :
      no font could be found for family "Arial"
    Warning in doTryCatch(return(expr), name, parentenv, handler) :
      font "Symbol" could not be found for family ""
    Warning in doTryCatch(return(expr), name, parentenv, handler) :
      font "Symbol" could not be found for family ""
    Warning in doTryCatch(return(expr), name, parentenv, handler) :
      font "Symbol" could not be found for family ""
    Warning in doTryCatch(return(expr), name, parentenv, handler) :
      font "Symbol" could not be found for family ""
    Warning in doTryCatch(return(expr), name, parentenv, handler) :
      no font could be found for family "Arial"
    Warning in doTryCatch(return(expr), name, parentenv, handler) :
      no font could be found for family "Arial"
    Warning in doTryCatch(return(expr), name, parentenv, handler) :
      no font could be found for family "Arial"
    Warning in doTryCatch(return(expr), name, parentenv, handler) :
      no font could be found for family "Arial"
    Warning in doTryCatch(return(expr), name, parentenv, handler) :
      no font could be found for family "Arial"
    Warning in doTryCatch(return(expr), name, parentenv, handler) :
      no font could be found for family "Arial"
    Warning in doTryCatch(return(expr), name, parentenv, handler) :
      no font could be found for family "Arial"
    Warning in doTryCatch(return(expr), name, parentenv, handler) :
      no font could be found for family "Arial"
    Warning in doTryCatch(return(expr), name, parentenv, handler) :
      font "Symbol" could not be found for family ""
    Warning in doTryCatch(return(expr), name, parentenv, handler) :
      no font could be found for family "Arial"
    Warning in doTryCatch(return(expr), name, parentenv, handler) :
      no font could be found for family "Arial"
    Warning in doTryCatch(return(expr), name, parentenv, handler) :
      no font could be found for family "Arial"
    Warning in doTryCatch(return(expr), name, parentenv, handler) :
      no font could be found for family "Arial"
    Warning in doTryCatch(return(expr), name, parentenv, handler) :
      no font could be found for family "Arial"
    Warning in doTryCatch(return(expr), name, parentenv, handler) :
      no font could be found for family "Arial"
    Warning in doTryCatch(return(expr), name, parentenv, handler) :
      font "Symbol" could not be found for family ""
    Warning in doTryCatch(return(expr), name, parentenv, handler) :
      font "Symbol" could not be found for family ""
    Warning in doTryCatch(return(expr), name, parentenv, handler) :
      font "Symbol" could not be found for family ""
    Warning in doTryCatch(return(expr), name, parentenv, handler) :
      font "Symbol" could not be found for family ""
    Warning in doTryCatch(return(expr), name, parentenv, handler) :
      no font could be found for family "Arial"
    Warning in doTryCatch(return(expr), name, parentenv, handler) :
      no font could be found for family "Arial"
    Warning in doTryCatch(return(expr), name, parentenv, handler) :
      no font could be found for family "Arial"
    Warning in doTryCatch(return(expr), name, parentenv, handler) :
      no font could be found for family "Arial"
    Warning in doTryCatch(return(expr), name, parentenv, handler) :
      no font could be found for family "Arial"
    Warning in doTryCatch(return(expr), name, parentenv, handler) :
      no font could be found for family "Arial"
    Warning in doTryCatch(return(expr), name, parentenv, handler) :
      no font could be found for family "Arial"
    Warning in doTryCatch(return(expr), name, parentenv, handler) :
      no font could be found for family "Arial"
    Warning in doTryCatch(return(expr), name, parentenv, handler) :
      font "Symbol" could not be found for family ""
    Warning in doTryCatch(return(expr), name, parentenv, handler) :
      no font could be found for family "Arial"
    Warning in doTryCatch(return(expr), name, parentenv, handler) :
      no font could be found for family "Arial"
    Warning in doTryCatch(return(expr), name, parentenv, handler) :
      no font could be found for family "Arial"
    Warning in doTryCatch(return(expr), name, parentenv, handler) :
      no font could be found for family "Arial"
    Warning in doTryCatch(return(expr), name, parentenv, handler) :
      no font could be found for family "Arial"
    Warning in doTryCatch(return(expr), name, parentenv, handler) :
      no font could be found for family "Arial"
    Warning in doTryCatch(return(expr), name, parentenv, handler) :
      font "Symbol" could not be found for family ""
    Warning in doTryCatch(return(expr), name, parentenv, handler) :
      font "Symbol" could not be found for family ""
    Warning in doTryCatch(return(expr), name, parentenv, handler) :
      font "Symbol" could not be found for family ""
    Warning in doTryCatch(return(expr), name, parentenv, handler) :
      font "Symbol" could not be found for family ""
    Warning in doTryCatch(return(expr), name, parentenv, handler) :
      no font could be found for family "Arial"
    Warning in doTryCatch(return(expr), name, parentenv, handler) :
      no font could be found for family "Arial"
    Warning in doTryCatch(return(expr), name, parentenv, handler) :
      no font could be found for family "Arial"
    Warning in doTryCatch(return(expr), name, parentenv, handler) :
      no font could be found for family "Arial"
    Warning in doTryCatch(return(expr), name, parentenv, handler) :
      no font could be found for family "Arial"
    Warning in doTryCatch(return(expr), name, parentenv, handler) :
      no font could be found for family "Arial"
    Warning in doTryCatch(return(expr), name, parentenv, handler) :
      no font could be found for family "Arial"
    Warning in doTryCatch(return(expr), name, parentenv, handler) :
      no font could be found for family "Arial"
    Warning in doTryCatch(return(expr), name, parentenv, handler) :
      font "Symbol" could not be found for family ""
    Warning in doTryCatch(return(expr), name, parentenv, handler) :
      no font could be found for family "Arial"
    Warning in doTryCatch(return(expr), name, parentenv, handler) :
      no font could be found for family "Arial"
    Warning in doTryCatch(return(expr), name, parentenv, handler) :
      no font could be found for family "Arial"
    Warning in doTryCatch(return(expr), name, parentenv, handler) :
      no font could be found for family "Arial"
    Warning in doTryCatch(return(expr), name, parentenv, handler) :
      no font could be found for family "Arial"
    Warning in doTryCatch(return(expr), name, parentenv, handler) :
      no font could be found for family "Arial"
    Warning in doTryCatch(return(expr), name, parentenv, handler) :
      font "Symbol" could not be found for family ""
    Warning in doTryCatch(return(expr), name, parentenv, handler) :
      font "Symbol" could not be found for family ""
    Warning in doTryCatch(return(expr), name, parentenv, handler) :
      font "Symbol" could not be found for family ""
    Warning in doTryCatch(return(expr), name, parentenv, handler) :
      font "Symbol" could not be found for family ""
    Warning in doTryCatch(return(expr), name, parentenv, handler) :
      no font could be found for family "Arial"
    Warning in doTryCatch(return(expr), name, parentenv, handler) :
      no font could be found for family "Arial"
    Warning in doTryCatch(return(expr), name, parentenv, handler) :
      no font could be found for family "Arial"
    Warning in doTryCatch(return(expr), name, parentenv, handler) :
      no font could be found for family "Arial"
    Warning in doTryCatch(return(expr), name, parentenv, handler) :
      no font could be found for family "Arial"
    Warning in doTryCatch(return(expr), name, parentenv, handler) :
      no font could be found for family "Arial"
    Warning in doTryCatch(return(expr), name, parentenv, handler) :
      no font could be found for family "Arial"
    Warning in doTryCatch(return(expr), name, parentenv, handler) :
      no font could be found for family "Arial"
    Warning in doTryCatch(return(expr), name, parentenv, handler) :
      no font could be found for family "Arial"
    Warning in doTryCatch(return(expr), name, parentenv, handler) :
      font "Symbol" could not be found for family ""
    Warning in doTryCatch(return(expr), name, parentenv, handler) :
      no font could be found for family "Arial"
    Warning in doTryCatch(return(expr), name, parentenv, handler) :
      no font could be found for family "Arial"
    Warning in doTryCatch(return(expr), name, parentenv, handler) :
      no font could be found for family "Arial"
    Warning in doTryCatch(return(expr), name, parentenv, handler) :
      no font could be found for family "Arial"
    Warning in doTryCatch(return(expr), name, parentenv, handler) :
      no font could be found for family "Arial"
    Warning in doTryCatch(return(expr), name, parentenv, handler) :
      no font could be found for family "Arial"
    Warning in doTryCatch(return(expr), name, parentenv, handler) :
      font "Symbol" could not be found for family ""
    Warning in doTryCatch(return(expr), name, parentenv, handler) :
      font "Symbol" could not be found for family ""
    Warning in doTryCatch(return(expr), name, parentenv, handler) :
      font "Symbol" could not be found for family ""
    Warning in doTryCatch(return(expr), name, parentenv, handler) :
      font "Symbol" could not be found for family ""
    Warning in doTryCatch(return(expr), name, parentenv, handler) :
      no font could be found for family "Arial"
    Warning in doTryCatch(return(expr), name, parentenv, handler) :
      no font could be found for family "Arial"
    Warning in doTryCatch(return(expr), name, parentenv, handler) :
      no font could be found for family "Arial"
    Warning in doTryCatch(return(expr), name, parentenv, handler) :
      no font could be found for family "Arial"
    Warning in doTryCatch(return(expr), name, parentenv, handler) :
      no font could be found for family "Arial"
    Warning in doTryCatch(return(expr), name, parentenv, handler) :
      no font could be found for family "Arial"
    Warning in doTryCatch(return(expr), name, parentenv, handler) :
      no font could be found for family "Arial"
    Warning in doTryCatch(return(expr), name, parentenv, handler) :
      no font could be found for family "Arial"
    Warning in doTryCatch(return(expr), name, parentenv, handler) :
      font "Symbol" could not be found for family ""
    Warning in doTryCatch(return(expr), name, parentenv, handler) :
      no font could be found for family "Arial"
    Warning in doTryCatch(return(expr), name, parentenv, handler) :
      no font could be found for family "Arial"
    Warning in doTryCatch(return(expr), name, parentenv, handler) :
      no font could be found for family "Arial"
    Warning in doTryCatch(return(expr), name, parentenv, handler) :
      no font could be found for family "Arial"
    Warning in doTryCatch(return(expr), name, parentenv, handler) :
      no font could be found for family "Arial"
    Warning in doTryCatch(return(expr), name, parentenv, handler) :
      no font could be found for family "Arial"
    Warning in doTryCatch(return(expr), name, parentenv, handler) :
      font "Symbol" could not be found for family ""
    Warning in doTryCatch(return(expr), name, parentenv, handler) :
      font "Symbol" could not be found for family ""
    Warning in doTryCatch(return(expr), name, parentenv, handler) :
      font "Symbol" could not be found for family ""
    Warning in doTryCatch(return(expr), name, parentenv, handler) :
      font "Symbol" could not be found for family ""
    Warning in doTryCatch(return(expr), name, parentenv, handler) :
      no font could be found for family "Arial"
    Warning in doTryCatch(return(expr), name, parentenv, handler) :
      no font could be found for family "Arial"
    Warning in doTryCatch(return(expr), name, parentenv, handler) :
      no font could be found for family "Arial"
    Warning in doTryCatch(return(expr), name, parentenv, handler) :
      no font could be found for family "Arial"
    Warning in doTryCatch(return(expr), name, parentenv, handler) :
      no font could be found for family "Arial"
    Warning in doTryCatch(return(expr), name, parentenv, handler) :
      no font could be found for family "Arial"
    Warning in doTryCatch(return(expr), name, parentenv, handler) :
      no font could be found for family "Arial"
    Warning in doTryCatch(return(expr), name, parentenv, handler) :
      no font could be found for family "Arial"
    Warning in doTryCatch(return(expr), name, parentenv, handler) :
      font "Symbol" could not be found for family ""
    Warning in doTryCatch(return(expr), name, parentenv, handler) :
      no font could be found for family "Arial"
    Warning in doTryCatch(return(expr), name, parentenv, handler) :
      no font could be found for family "Arial"
    Warning in doTryCatch(return(expr), name, parentenv, handler) :
      no font could be found for family "Arial"
    Warning in doTryCatch(return(expr), name, parentenv, handler) :
      no font could be found for family "Arial"
    Warning in doTryCatch(return(expr), name, parentenv, handler) :
      no font could be found for family "Arial"
    Warning in doTryCatch(return(expr), name, parentenv, handler) :
      no font could be found for family "Arial"
    Warning in doTryCatch(return(expr), name, parentenv, handler) :
      font "Symbol" could not be found for family ""
    Warning in doTryCatch(return(expr), name, parentenv, handler) :
      font "Symbol" could not be found for family ""
    Warning in doTryCatch(return(expr), name, parentenv, handler) :
      font "Symbol" could not be found for family ""
    Warning in doTryCatch(return(expr), name, parentenv, handler) :
      font "Symbol" could not be found for family ""
    Warning in doTryCatch(return(expr), name, parentenv, handler) :
      no font could be found for family "Arial"
    Warning in doTryCatch(return(expr), name, parentenv, handler) :
      no font could be found for family "Arial"
    Warning in doTryCatch(return(expr), name, parentenv, handler) :
      no font could be found for family "Arial"
    Warning in doTryCatch(return(expr), name, parentenv, handler) :
      no font could be found for family "Arial"
    Warning in doTryCatch(return(expr), name, parentenv, handler) :
      no font could be found for family "Arial"
    Warning in doTryCatch(return(expr), name, parentenv, handler) :
      no font could be found for family "Arial"
    Warning in doTryCatch(return(expr), name, parentenv, handler) :
      no font could be found for family "Arial"
    Warning in doTryCatch(return(expr), name, parentenv, handler) :
      no font could be found for family "Arial"
    Warning in doTryCatch(return(expr), name, parentenv, handler) :
      font "Symbol" could not be found for family ""
    Warning in doTryCatch(return(expr), name, parentenv, handler) :
      no font could be found for family "Arial"
    Warning in doTryCatch(return(expr), name, parentenv, handler) :
      no font could be found for family "Arial"
    Warning in doTryCatch(return(expr), name, parentenv, handler) :
      no font could be found for family "Arial"
    Warning in doTryCatch(return(expr), name, parentenv, handler) :
      no font could be found for family "Arial"
    Warning in doTryCatch(return(expr), name, parentenv, handler) :
      no font could be found for family "Arial"
    Warning in doTryCatch(return(expr), name, parentenv, handler) :
      no font could be found for family "Arial"
    Warning in doTryCatch(return(expr), name, parentenv, handler) :
      font "Symbol" could not be found for family ""
    Warning in doTryCatch(return(expr), name, parentenv, handler) :
      font "Symbol" could not be found for family ""
    Warning in doTryCatch(return(expr), name, parentenv, handler) :
      font "Symbol" could not be found for family ""
    Warning in doTryCatch(return(expr), name, parentenv, handler) :
      font "Symbol" could not be found for family ""
    Warning in doTryCatch(return(expr), name, parentenv, handler) :
      no font could be found for family "Arial"
    Warning in doTryCatch(return(expr), name, parentenv, handler) :
      no font could be found for family "Arial"
    Warning in doTryCatch(return(expr), name, parentenv, handler) :
      no font could be found for family "Arial"
    Warning in doTryCatch(return(expr), name, parentenv, handler) :
      no font could be found for family "Arial"
    Warning in doTryCatch(return(expr), name, parentenv, handler) :
      no font could be found for family "Arial"
    Warning in doTryCatch(return(expr), name, parentenv, handler) :
      no font could be found for family "Arial"
    Warning in doTryCatch(return(expr), name, parentenv, handler) :
      no font could be found for family "Arial"
    Warning in doTryCatch(return(expr), name, parentenv, handler) :
      no font could be found for family "Arial"
    Warning in doTryCatch(return(expr), name, parentenv, handler) :
      font "Symbol" could not be found for family ""
    Warning in doTryCatch(return(expr), name, parentenv, handler) :
      no font could be found for family "Arial"
    Warning in doTryCatch(return(expr), name, parentenv, handler) :
      no font could be found for family "Arial"
    Warning in doTryCatch(return(expr), name, parentenv, handler) :
      no font could be found for family "Arial"
    Warning in doTryCatch(return(expr), name, parentenv, handler) :
      no font could be found for family "Arial"
    Warning in doTryCatch(return(expr), name, parentenv, handler) :
      no font could be found for family "Arial"
    Warning in doTryCatch(return(expr), name, parentenv, handler) :
      no font could be found for family "Arial"
    Warning in doTryCatch(return(expr), name, parentenv, handler) :
      font "Symbol" could not be found for family ""
    Warning in doTryCatch(return(expr), name, parentenv, handler) :
      font "Symbol" could not be found for family ""
    Warning in doTryCatch(return(expr), name, parentenv, handler) :
      font "Symbol" could not be found for family ""
    Warning in doTryCatch(return(expr), name, parentenv, handler) :
      font "Symbol" could not be found for family ""
    Warning in doTryCatch(return(expr), name, parentenv, handler) :
      no font could be found for family "Arial"
    Warning in doTryCatch(return(expr), name, parentenv, handler) :
      no font could be found for family "Arial"
    Warning in doTryCatch(return(expr), name, parentenv, handler) :
      no font could be found for family "Arial"
    Warning in doTryCatch(return(expr), name, parentenv, handler) :
      no font could be found for family "Arial"
    Warning in doTryCatch(return(expr), name, parentenv, handler) :
      no font could be found for family "Arial"
    Warning in doTryCatch(return(expr), name, parentenv, handler) :
      no font could be found for family "Arial"
    Warning in doTryCatch(return(expr), name, parentenv, handler) :
      no font could be found for family "Arial"
    Warning in doTryCatch(return(expr), name, parentenv, handler) :
      no font could be found for family "Arial"
    Warning in doTryCatch(return(expr), name, parentenv, handler) :
      font "Symbol" could not be found for family ""
    Warning in doTryCatch(return(expr), name, parentenv, handler) :
      no font could be found for family "Arial"
    Warning in doTryCatch(return(expr), name, parentenv, handler) :
      no font could be found for family "Arial"
    Warning in doTryCatch(return(expr), name, parentenv, handler) :
      no font could be found for family "Arial"
    Warning in doTryCatch(return(expr), name, parentenv, handler) :
      no font could be found for family "Arial"
    Warning in doTryCatch(return(expr), name, parentenv, handler) :
      no font could be found for family "Arial"
    Warning in doTryCatch(return(expr), name, parentenv, handler) :
      no font could be found for family "Arial"
    Warning in doTryCatch(return(expr), name, parentenv, handler) :
      font "Symbol" could not be found for family ""
    Warning in doTryCatch(return(expr), name, parentenv, handler) :
      font "Symbol" could not be found for family ""
    Warning in doTryCatch(return(expr), name, parentenv, handler) :
      font "Symbol" could not be found for family ""
    Warning in doTryCatch(return(expr), name, parentenv, handler) :
      font "Symbol" could not be found for family ""
    Warning in doTryCatch(return(expr), name, parentenv, handler) :
      no font could be found for family "Arial"
    Warning in doTryCatch(return(expr), name, parentenv, handler) :
      no font could be found for family "Arial"
    Warning in doTryCatch(return(expr), name, parentenv, handler) :
      no font could be found for family "Arial"
    Warning in doTryCatch(return(expr), name, parentenv, handler) :
      no font could be found for family "Arial"
    Warning in doTryCatch(return(expr), name, parentenv, handler) :
      no font could be found for family "Arial"
    Warning in doTryCatch(return(expr), name, parentenv, handler) :
      no font could be found for family "Arial"
    Warning in doTryCatch(return(expr), name, parentenv, handler) :
      no font could be found for family "Arial"
    Warning in doTryCatch(return(expr), name, parentenv, handler) :
      no font could be found for family "Arial"
    Warning in doTryCatch(return(expr), name, parentenv, handler) :
      no font could be found for family "Arial"
    Warning in doTryCatch(return(expr), name, parentenv, handler) :
      no font could be found for family "Arial"
    Warning in doTryCatch(return(expr), name, parentenv, handler) :
      no font could be found for family "Arial"
    Warning in doTryCatch(return(expr), name, parentenv, handler) :
      font "Symbol" could not be found for family ""
    Warning in doTryCatch(return(expr), name, parentenv, handler) :
      no font could be found for family "Arial"
    Warning in doTryCatch(return(expr), name, parentenv, handler) :
      no font could be found for family "Arial"
    Warning in doTryCatch(return(expr), name, parentenv, handler) :
      no font could be found for family "Arial"
    Warning in doTryCatch(return(expr), name, parentenv, handler) :
      no font could be found for family "Arial"
    Warning in doTryCatch(return(expr), name, parentenv, handler) :
      no font could be found for family "Arial"
    Warning in doTryCatch(return(expr), name, parentenv, handler) :
      no font could be found for family "Arial"
    Warning in doTryCatch(return(expr), name, parentenv, handler) :
      no font could be found for family "Arial"
    Warning in doTryCatch(return(expr), name, parentenv, handler) :
      font "Symbol" could not be found for family ""
    Warning in doTryCatch(return(expr), name, parentenv, handler) :
      font "Symbol" could not be found for family ""
    Warning in doTryCatch(return(expr), name, parentenv, handler) :
      font "Symbol" could not be found for family ""
    Warning in doTryCatch(return(expr), name, parentenv, handler) :
      font "Symbol" could not be found for family ""
    Warning in doTryCatch(return(expr), name, parentenv, handler) :
      no font could be found for family "Arial"
    Warning in doTryCatch(return(expr), name, parentenv, handler) :
      no font could be found for family "Arial"
    Warning in doTryCatch(return(expr), name, parentenv, handler) :
      no font could be found for family "Arial"
    Warning in doTryCatch(return(expr), name, parentenv, handler) :
      no font could be found for family "Arial"
    Warning in doTryCatch(return(expr), name, parentenv, handler) :
      no font could be found for family "Arial"
    Warning in doTryCatch(return(expr), name, parentenv, handler) :
      no font could be found for family "Arial"
    Warning in doTryCatch(return(expr), name, parentenv, handler) :
      no font could be found for family "Arial"
    Warning in doTryCatch(return(expr), name, parentenv, handler) :
      no font could be found for family "Arial"
    Warning in doTryCatch(return(expr), name, parentenv, handler) :
      no font could be found for family "Arial"
    Warning in doTryCatch(return(expr), name, parentenv, handler) :
      font "Symbol" could not be found for family ""
    Warning in doTryCatch(return(expr), name, parentenv, handler) :
      no font could be found for family "Arial"
    Warning in doTryCatch(return(expr), name, parentenv, handler) :
      no font could be found for family "Arial"
    Warning in doTryCatch(return(expr), name, parentenv, handler) :
      no font could be found for family "Arial"
    Warning in doTryCatch(return(expr), name, parentenv, handler) :
      no font could be found for family "Arial"
    Warning in doTryCatch(return(expr), name, parentenv, handler) :
      no font could be found for family "Arial"
    Warning in doTryCatch(return(expr), name, parentenv, handler) :
      no font could be found for family "Arial"
    Warning in doTryCatch(return(expr), name, parentenv, handler) :
      no font could be found for family "Arial"
    Warning in doTryCatch(return(expr), name, parentenv, handler) :
      font "Symbol" could not be found for family ""
    Warning in doTryCatch(return(expr), name, parentenv, handler) :
      font "Symbol" could not be found for family ""
    Warning in doTryCatch(return(expr), name, parentenv, handler) :
      font "Symbol" could not be found for family ""
    Warning in doTryCatch(return(expr), name, parentenv, handler) :
      font "Symbol" could not be found for family ""
    Warning in doTryCatch(return(expr), name, parentenv, handler) :
      no font could be found for family "Arial"
    Warning in doTryCatch(return(expr), name, parentenv, handler) :
      no font could be found for family "Arial"
    Warning in doTryCatch(return(expr), name, parentenv, handler) :
      no font could be found for family "Arial"
    Warning in doTryCatch(return(expr), name, parentenv, handler) :
      no font could be found for family "Arial"
    Warning in doTryCatch(return(expr), name, parentenv, handler) :
      no font could be found for family "Arial"
    Warning in doTryCatch(return(expr), name, parentenv, handler) :
      no font could be found for family "Arial"
    Warning in doTryCatch(return(expr), name, parentenv, handler) :
      no font could be found for family "Arial"
    Warning in doTryCatch(return(expr), name, parentenv, handler) :
      no font could be found for family "Arial"
    Warning in doTryCatch(return(expr), name, parentenv, handler) :
      no font could be found for family "Arial"
    Warning in doTryCatch(return(expr), name, parentenv, handler) :
      font "Symbol" could not be found for family ""
    Warning in doTryCatch(return(expr), name, parentenv, handler) :
      no font could be found for family "Arial"
    Warning in doTryCatch(return(expr), name, parentenv, handler) :
      no font could be found for family "Arial"
    Warning in doTryCatch(return(expr), name, parentenv, handler) :
      no font could be found for family "Arial"
    Warning in doTryCatch(return(expr), name, parentenv, handler) :
      no font could be found for family "Arial"
    Warning in doTryCatch(return(expr), name, parentenv, handler) :
      no font could be found for family "Arial"
    Warning in doTryCatch(return(expr), name, parentenv, handler) :
      no font could be found for family "Arial"
    Warning in doTryCatch(return(expr), name, parentenv, handler) :
      no font could be found for family "Arial"
    Warning in doTryCatch(return(expr), name, parentenv, handler) :
      font "Symbol" could not be found for family ""
    Warning in doTryCatch(return(expr), name, parentenv, handler) :
      font "Symbol" could not be found for family ""
    Warning in doTryCatch(return(expr), name, parentenv, handler) :
      font "Symbol" could not be found for family ""
    Warning in doTryCatch(return(expr), name, parentenv, handler) :
      font "Symbol" could not be found for family ""
    Warning in doTryCatch(return(expr), name, parentenv, handler) :
      no font could be found for family "Arial"
    Warning in doTryCatch(return(expr), name, parentenv, handler) :
      no font could be found for family "Arial"
    Warning in doTryCatch(return(expr), name, parentenv, handler) :
      no font could be found for family "Arial"
    Warning in doTryCatch(return(expr), name, parentenv, handler) :
      no font could be found for family "Arial"
    Warning in doTryCatch(return(expr), name, parentenv, handler) :
      no font could be found for family "Arial"
    Warning in doTryCatch(return(expr), name, parentenv, handler) :
      no font could be found for family "Arial"
    Warning in doTryCatch(return(expr), name, parentenv, handler) :
      no font could be found for family "Arial"
    Warning in doTryCatch(return(expr), name, parentenv, handler) :
      no font could be found for family "Arial"
    Warning in doTryCatch(return(expr), name, parentenv, handler) :
      no font could be found for family "Arial"
    Warning in doTryCatch(return(expr), name, parentenv, handler) :
      font "Symbol" could not be found for family ""
    Warning in doTryCatch(return(expr), name, parentenv, handler) :
      no font could be found for family "Arial"
    Warning in doTryCatch(return(expr), name, parentenv, handler) :
      no font could be found for family "Arial"
    Warning in doTryCatch(return(expr), name, parentenv, handler) :
      no font could be found for family "Arial"
    Warning in doTryCatch(return(expr), name, parentenv, handler) :
      no font could be found for family "Arial"
    Warning in doTryCatch(return(expr), name, parentenv, handler) :
      no font could be found for family "Arial"
    Warning in doTryCatch(return(expr), name, parentenv, handler) :
      no font could be found for family "Arial"
    Warning in doTryCatch(return(expr), name, parentenv, handler) :
      no font could be found for family "Arial"
    Warning in doTryCatch(return(expr), name, parentenv, handler) :
      font "Symbol" could not be found for family ""
    Warning in doTryCatch(return(expr), name, parentenv, handler) :
      font "Symbol" could not be found for family ""
    Warning in doTryCatch(return(expr), name, parentenv, handler) :
      font "Symbol" could not be found for family ""
    Warning in doTryCatch(return(expr), name, parentenv, handler) :
      font "Symbol" could not be found for family ""
    Warning in doTryCatch(return(expr), name, parentenv, handler) :
      no font could be found for family "Arial"
    Warning in doTryCatch(return(expr), name, parentenv, handler) :
      no font could be found for family "Arial"
    Warning in doTryCatch(return(expr), name, parentenv, handler) :
      no font could be found for family "Arial"
    Warning in doTryCatch(return(expr), name, parentenv, handler) :
      no font could be found for family "Arial"
    Warning in doTryCatch(return(expr), name, parentenv, handler) :
      no font could be found for family "Arial"
    Warning in doTryCatch(return(expr), name, parentenv, handler) :
      no font could be found for family "Arial"
    Warning in doTryCatch(return(expr), name, parentenv, handler) :
      no font could be found for family "Arial"
    Warning in doTryCatch(return(expr), name, parentenv, handler) :
      no font could be found for family "Arial"
    Warning in doTryCatch(return(expr), name, parentenv, handler) :
      font "Symbol" could not be found for family ""
    Warning in doTryCatch(return(expr), name, parentenv, handler) :
      no font could be found for family "Arial"
    Warning in doTryCatch(return(expr), name, parentenv, handler) :
      no font could be found for family "Arial"
    Warning in doTryCatch(return(expr), name, parentenv, handler) :
      no font could be found for family "Arial"
    Warning in doTryCatch(return(expr), name, parentenv, handler) :
      no font could be found for family "Arial"
    Warning in doTryCatch(return(expr), name, parentenv, handler) :
      no font could be found for family "Arial"
    Warning in doTryCatch(return(expr), name, parentenv, handler) :
      no font could be found for family "Arial"
    Warning in doTryCatch(return(expr), name, parentenv, handler) :
      font "Symbol" could not be found for family ""
    Warning in doTryCatch(return(expr), name, parentenv, handler) :
      font "Symbol" could not be found for family ""
    Warning in doTryCatch(return(expr), name, parentenv, handler) :
      font "Symbol" could not be found for family ""
    Warning in doTryCatch(return(expr), name, parentenv, handler) :
      font "Symbol" could not be found for family ""
    Warning in doTryCatch(return(expr), name, parentenv, handler) :
      no font could be found for family "Arial"
    Warning in doTryCatch(return(expr), name, parentenv, handler) :
      no font could be found for family "Arial"
    Warning in doTryCatch(return(expr), name, parentenv, handler) :
      no font could be found for family "Arial"
    Warning in doTryCatch(return(expr), name, parentenv, handler) :
      no font could be found for family "Arial"
    Warning in doTryCatch(return(expr), name, parentenv, handler) :
      no font could be found for family "Arial"
    Warning in doTryCatch(return(expr), name, parentenv, handler) :
      no font could be found for family "Arial"
    Warning in doTryCatch(return(expr), name, parentenv, handler) :
      no font could be found for family "Arial"
    Warning in doTryCatch(return(expr), name, parentenv, handler) :
      no font could be found for family "Arial"
    Warning in doTryCatch(return(expr), name, parentenv, handler) :
      font "Symbol" could not be found for family ""
    Warning in doTryCatch(return(expr), name, parentenv, handler) :
      no font could be found for family "Arial"
    Warning in doTryCatch(return(expr), name, parentenv, handler) :
      no font could be found for family "Arial"
    Warning in doTryCatch(return(expr), name, parentenv, handler) :
      no font could be found for family "Arial"
    Warning in doTryCatch(return(expr), name, parentenv, handler) :
      no font could be found for family "Arial"
    Warning in doTryCatch(return(expr), name, parentenv, handler) :
      no font could be found for family "Arial"
    Warning in doTryCatch(return(expr), name, parentenv, handler) :
      no font could be found for family "Arial"
    Warning in doTryCatch(return(expr), name, parentenv, handler) :
      font "Symbol" could not be found for family ""
    Warning in doTryCatch(return(expr), name, parentenv, handler) :
      font "Symbol" could not be found for family ""
    Warning in doTryCatch(return(expr), name, parentenv, handler) :
      font "Symbol" could not be found for family ""
    Warning in doTryCatch(return(expr), name, parentenv, handler) :
      font "Symbol" could not be found for family ""
    Warning in doTryCatch(return(expr), name, parentenv, handler) :
      no font could be found for family "Arial"
    Warning in doTryCatch(return(expr), name, parentenv, handler) :
      no font could be found for family "Arial"
    Warning in doTryCatch(return(expr), name, parentenv, handler) :
      no font could be found for family "Arial"
    Warning in doTryCatch(return(expr), name, parentenv, handler) :
      no font could be found for family "Arial"
    Warning in doTryCatch(return(expr), name, parentenv, handler) :
      no font could be found for family "Arial"
    Warning in doTryCatch(return(expr), name, parentenv, handler) :
      no font could be found for family "Arial"
    Warning in doTryCatch(return(expr), name, parentenv, handler) :
      no font could be found for family "Arial"
    Warning in doTryCatch(return(expr), name, parentenv, handler) :
      no font could be found for family "Arial"
    Warning in doTryCatch(return(expr), name, parentenv, handler) :
      font "Symbol" could not be found for family ""
    Warning in doTryCatch(return(expr), name, parentenv, handler) :
      no font could be found for family "Arial"
    Warning in doTryCatch(return(expr), name, parentenv, handler) :
      no font could be found for family "Arial"
    Warning in doTryCatch(return(expr), name, parentenv, handler) :
      no font could be found for family "Arial"
    Warning in doTryCatch(return(expr), name, parentenv, handler) :
      no font could be found for family "Arial"
    Warning in doTryCatch(return(expr), name, parentenv, handler) :
      no font could be found for family "Arial"
    Warning in doTryCatch(return(expr), name, parentenv, handler) :
      no font could be found for family "Arial"
    Warning in doTryCatch(return(expr), name, parentenv, handler) :
      font "Symbol" could not be found for family ""
    Warning in doTryCatch(return(expr), name, parentenv, handler) :
      font "Symbol" could not be found for family ""
    Warning in doTryCatch(return(expr), name, parentenv, handler) :
      font "Symbol" could not be found for family ""
    Warning in doTryCatch(return(expr), name, parentenv, handler) :
      font "Symbol" could not be found for family ""
    Warning in doTryCatch(return(expr), name, parentenv, handler) :
      no font could be found for family "Arial"
    Warning in doTryCatch(return(expr), name, parentenv, handler) :
      no font could be found for family "Arial"
    Warning in doTryCatch(return(expr), name, parentenv, handler) :
      no font could be found for family "Arial"
    Warning in doTryCatch(return(expr), name, parentenv, handler) :
      no font could be found for family "Arial"
    Warning in doTryCatch(return(expr), name, parentenv, handler) :
      no font could be found for family "Arial"
    Warning in doTryCatch(return(expr), name, parentenv, handler) :
      no font could be found for family "Arial"
    Warning in doTryCatch(return(expr), name, parentenv, handler) :
      no font could be found for family "Arial"
    Warning in doTryCatch(return(expr), name, parentenv, handler) :
      no font could be found for family "Arial"
    Warning in doTryCatch(return(expr), name, parentenv, handler) :
      no font could be found for family "Arial"
    Warning in doTryCatch(return(expr), name, parentenv, handler) :
      font "Symbol" could not be found for family ""
    Warning in doTryCatch(return(expr), name, parentenv, handler) :
      no font could be found for family "Arial"
    Warning in doTryCatch(return(expr), name, parentenv, handler) :
      no font could be found for family "Arial"
    Warning in doTryCatch(return(expr), name, parentenv, handler) :
      no font could be found for family "Arial"
    Warning in doTryCatch(return(expr), name, parentenv, handler) :
      no font could be found for family "Arial"
    Warning in doTryCatch(return(expr), name, parentenv, handler) :
      no font could be found for family "Arial"
    Warning in doTryCatch(return(expr), name, parentenv, handler) :
      no font could be found for family "Arial"
    Warning in doTryCatch(return(expr), name, parentenv, handler) :
      font "Symbol" could not be found for family ""
    Warning in doTryCatch(return(expr), name, parentenv, handler) :
      font "Symbol" could not be found for family ""
    Warning in doTryCatch(return(expr), name, parentenv, handler) :
      font "Symbol" could not be found for family ""
    Warning in doTryCatch(return(expr), name, parentenv, handler) :
      font "Symbol" could not be found for family ""
    Warning in doTryCatch(return(expr), name, parentenv, handler) :
      no font could be found for family "Arial"
    Warning in doTryCatch(return(expr), name, parentenv, handler) :
      no font could be found for family "Arial"
    Warning in doTryCatch(return(expr), name, parentenv, handler) :
      no font could be found for family "Arial"
    Warning in doTryCatch(return(expr), name, parentenv, handler) :
      no font could be found for family "Arial"
    Warning in doTryCatch(return(expr), name, parentenv, handler) :
      no font could be found for family "Arial"
    Warning in doTryCatch(return(expr), name, parentenv, handler) :
      no font could be found for family "Arial"
    Warning in doTryCatch(return(expr), name, parentenv, handler) :
      no font could be found for family "Arial"
    Warning in doTryCatch(return(expr), name, parentenv, handler) :
      no font could be found for family "Arial"
    Warning in doTryCatch(return(expr), name, parentenv, handler) :
      font "Symbol" could not be found for family ""
    Warning in doTryCatch(return(expr), name, parentenv, handler) :
      no font could be found for family "Arial"
    Warning in doTryCatch(return(expr), name, parentenv, handler) :
      no font could be found for family "Arial"
    Warning in doTryCatch(return(expr), name, parentenv, handler) :
      no font could be found for family "Arial"
    Warning in doTryCatch(return(expr), name, parentenv, handler) :
      no font could be found for family "Arial"
    Warning in doTryCatch(return(expr), name, parentenv, handler) :
      no font could be found for family "Arial"
    Warning in doTryCatch(return(expr), name, parentenv, handler) :
      no font could be found for family "Arial"
    Warning in doTryCatch(return(expr), name, parentenv, handler) :
      font "Symbol" could not be found for family ""
    Warning in doTryCatch(return(expr), name, parentenv, handler) :
      font "Symbol" could not be found for family ""
    Warning in doTryCatch(return(expr), name, parentenv, handler) :
      font "Symbol" could not be found for family ""
    Warning in doTryCatch(return(expr), name, parentenv, handler) :
      font "Symbol" could not be found for family ""
    Warning in doTryCatch(return(expr), name, parentenv, handler) :
      no font could be found for family "Arial"
    Warning in doTryCatch(return(expr), name, parentenv, handler) :
      no font could be found for family "Arial"
    Warning in doTryCatch(return(expr), name, parentenv, handler) :
      no font could be found for family "Arial"
    Warning in doTryCatch(return(expr), name, parentenv, handler) :
      no font could be found for family "Arial"
    Warning in doTryCatch(return(expr), name, parentenv, handler) :
      no font could be found for family "Arial"
    Warning in doTryCatch(return(expr), name, parentenv, handler) :
      no font could be found for family "Arial"
    Warning in doTryCatch(return(expr), name, parentenv, handler) :
      no font could be found for family "Arial"
    Warning in doTryCatch(return(expr), name, parentenv, handler) :
      no font could be found for family "Arial"
    Warning in doTryCatch(return(expr), name, parentenv, handler) :
      font "Symbol" could not be found for family ""
    Warning in doTryCatch(return(expr), name, parentenv, handler) :
      no font could be found for family "Arial"
    Warning in doTryCatch(return(expr), name, parentenv, handler) :
      no font could be found for family "Arial"
    Warning in doTryCatch(return(expr), name, parentenv, handler) :
      no font could be found for family "Arial"
    Warning in doTryCatch(return(expr), name, parentenv, handler) :
      no font could be found for family "Arial"
    Warning in doTryCatch(return(expr), name, parentenv, handler) :
      no font could be found for family "Arial"
    Warning in doTryCatch(return(expr), name, parentenv, handler) :
      no font could be found for family "Arial"
    Warning in doTryCatch(return(expr), name, parentenv, handler) :
      font "Symbol" could not be found for family ""
    Warning in doTryCatch(return(expr), name, parentenv, handler) :
      font "Symbol" could not be found for family ""
    Warning in doTryCatch(return(expr), name, parentenv, handler) :
      font "Symbol" could not be found for family ""
    Warning in doTryCatch(return(expr), name, parentenv, handler) :
      font "Symbol" could not be found for family ""
    Warning in doTryCatch(return(expr), name, parentenv, handler) :
      no font could be found for family "Arial"
    Warning in doTryCatch(return(expr), name, parentenv, handler) :
      no font could be found for family "Arial"
    Warning in doTryCatch(return(expr), name, parentenv, handler) :
      no font could be found for family "Arial"
    Warning in doTryCatch(return(expr), name, parentenv, handler) :
      no font could be found for family "Arial"
    Warning in doTryCatch(return(expr), name, parentenv, handler) :
      no font could be found for family "Arial"
    Warning in doTryCatch(return(expr), name, parentenv, handler) :
      no font could be found for family "Arial"
    Warning in doTryCatch(return(expr), name, parentenv, handler) :
      no font could be found for family "Arial"
    Warning in doTryCatch(return(expr), name, parentenv, handler) :
      no font could be found for family "Arial"
    Warning in doTryCatch(return(expr), name, parentenv, handler) :
      font "Symbol" could not be found for family ""
    Warning in doTryCatch(return(expr), name, parentenv, handler) :
      no font could be found for family "Arial"
    Warning in doTryCatch(return(expr), name, parentenv, handler) :
      no font could be found for family "Arial"
    Warning in doTryCatch(return(expr), name, parentenv, handler) :
      no font could be found for family "Arial"
    Warning in doTryCatch(return(expr), name, parentenv, handler) :
      no font could be found for family "Arial"
    Warning in doTryCatch(return(expr), name, parentenv, handler) :
      no font could be found for family "Arial"
    Warning in doTryCatch(return(expr), name, parentenv, handler) :
      no font could be found for family "Arial"
    Warning in doTryCatch(return(expr), name, parentenv, handler) :
      font "Symbol" could not be found for family ""
    Warning in doTryCatch(return(expr), name, parentenv, handler) :
      font "Symbol" could not be found for family ""
    Warning in doTryCatch(return(expr), name, parentenv, handler) :
      font "Symbol" could not be found for family ""
    Warning in doTryCatch(return(expr), name, parentenv, handler) :
      font "Symbol" could not be found for family ""
    Warning in doTryCatch(return(expr), name, parentenv, handler) :
      no font could be found for family "Arial"
    Warning in doTryCatch(return(expr), name, parentenv, handler) :
      no font could be found for family "Arial"
    Warning in doTryCatch(return(expr), name, parentenv, handler) :
      no font could be found for family "Arial"
    Warning in doTryCatch(return(expr), name, parentenv, handler) :
      no font could be found for family "Arial"
    Warning in doTryCatch(return(expr), name, parentenv, handler) :
      no font could be found for family "Arial"
    Warning in doTryCatch(return(expr), name, parentenv, handler) :
      no font could be found for family "Arial"
    Warning in doTryCatch(return(expr), name, parentenv, handler) :
      no font could be found for family "Arial"
    Warning in doTryCatch(return(expr), name, parentenv, handler) :
      no font could be found for family "Arial"
    Warning in doTryCatch(return(expr), name, parentenv, handler) :
      font "Symbol" could not be found for family ""
    Warning in doTryCatch(return(expr), name, parentenv, handler) :
      no font could be found for family "Arial"
    Warning in doTryCatch(return(expr), name, parentenv, handler) :
      no font could be found for family "Arial"
    Warning in doTryCatch(return(expr), name, parentenv, handler) :
      no font could be found for family "Arial"
    Warning in doTryCatch(return(expr), name, parentenv, handler) :
      no font could be found for family "Arial"
    Warning in doTryCatch(return(expr), name, parentenv, handler) :
      no font could be found for family "Arial"
    Warning in doTryCatch(return(expr), name, parentenv, handler) :
      no font could be found for family "Arial"
    Warning in doTryCatch(return(expr), name, parentenv, handler) :
      font "Symbol" could not be found for family ""
    Warning in doTryCatch(return(expr), name, parentenv, handler) :
      font "Symbol" could not be found for family ""
    Warning in doTryCatch(return(expr), name, parentenv, handler) :
      font "Symbol" could not be found for family ""
    Warning in doTryCatch(return(expr), name, parentenv, handler) :
      font "Symbol" could not be found for family ""
    Warning in doTryCatch(return(expr), name, parentenv, handler) :
      no font could be found for family "Arial"
    Warning in doTryCatch(return(expr), name, parentenv, handler) :
      no font could be found for family "Arial"
    Warning in doTryCatch(return(expr), name, parentenv, handler) :
      no font could be found for family "Arial"
    Warning in doTryCatch(return(expr), name, parentenv, handler) :
      no font could be found for family "Arial"
    Warning in doTryCatch(return(expr), name, parentenv, handler) :
      no font could be found for family "Arial"
    Warning in doTryCatch(return(expr), name, parentenv, handler) :
      no font could be found for family "Arial"
    Warning in doTryCatch(return(expr), name, parentenv, handler) :
      no font could be found for family "Arial"
    Warning in doTryCatch(return(expr), name, parentenv, handler) :
      no font could be found for family "Arial"
    Warning in doTryCatch(return(expr), name, parentenv, handler) :
      font "Symbol" could not be found for family ""
    Warning in doTryCatch(return(expr), name, parentenv, handler) :
      no font could be found for family "Arial"
    Warning in doTryCatch(return(expr), name, parentenv, handler) :
      no font could be found for family "Arial"
    Warning in doTryCatch(return(expr), name, parentenv, handler) :
      no font could be found for family "Arial"
    Warning in doTryCatch(return(expr), name, parentenv, handler) :
      no font could be found for family "Arial"
    Warning in doTryCatch(return(expr), name, parentenv, handler) :
      no font could be found for family "Arial"
    Warning in doTryCatch(return(expr), name, parentenv, handler) :
      no font could be found for family "Arial"
    Warning in doTryCatch(return(expr), name, parentenv, handler) :
      font "Symbol" could not be found for family ""
    Warning in doTryCatch(return(expr), name, parentenv, handler) :
      font "Symbol" could not be found for family ""
    Warning in doTryCatch(return(expr), name, parentenv, handler) :
      font "Symbol" could not be found for family ""
    Warning in doTryCatch(return(expr), name, parentenv, handler) :
      font "Symbol" could not be found for family ""
    Warning in doTryCatch(return(expr), name, parentenv, handler) :
      no font could be found for family "Arial"
    Warning in doTryCatch(return(expr), name, parentenv, handler) :
      no font could be found for family "Arial"
    Warning in doTryCatch(return(expr), name, parentenv, handler) :
      no font could be found for family "Arial"
    Warning in doTryCatch(return(expr), name, parentenv, handler) :
      no font could be found for family "Arial"
    Quitting from lines 102-103 (assignR.Rmd) 
    Error: processing vignette 'assignR.Rmd' failed with diagnostics:
    polygon edge not found
    --- failed re-building ‘assignR.Rmd’
    
    SUMMARY: processing the following file failed:
      ‘assignR.Rmd’
    
    Error: Vignette re-building failed.
    Execution halted
Flavor: r-release-macos-arm64