Last updated on 2023-04-20 08:54:14 CEST.
Flavor | Version | Tinstall | Tcheck | Ttotal | Status | Flags |
---|---|---|---|---|---|---|
r-devel-linux-x86_64-debian-clang | 0.2.4 | 3.68 | 34.18 | 37.86 | NOTE | |
r-devel-linux-x86_64-debian-gcc | 0.2.4 | 2.73 | 27.07 | 29.80 | NOTE | |
r-devel-linux-x86_64-fedora-clang | 0.2.4 | 47.46 | NOTE | |||
r-devel-linux-x86_64-fedora-gcc | 0.2.4 | 46.09 | NOTE | |||
r-devel-macos-arm64 | 0.2.4 | 19.00 | NOTE | |||
r-devel-macos-x86_64 | 0.2.4 | 28.00 | NOTE | |||
r-devel-windows-x86_64 | 0.2.4 | 5.00 | 61.00 | 66.00 | NOTE | |
r-patched-linux-x86_64 | 0.2.4 | 3.39 | 32.83 | 36.22 | NOTE | |
r-release-linux-x86_64 | 0.2.4 | 2.47 | 36.06 | 38.53 | NOTE | |
r-release-macos-arm64 | 0.2.4 | 19.00 | NOTE | |||
r-release-macos-x86_64 | 0.2.4 | 27.00 | NOTE | |||
r-release-windows-x86_64 | 0.2.4 | 5.00 | 61.00 | 66.00 | NOTE | |
r-oldrel-macos-arm64 | 0.2.4 | 23.00 | NOTE | |||
r-oldrel-macos-x86_64 | 0.2.4 | 30.00 | NOTE | |||
r-oldrel-windows-ix86+x86_64 | 0.2.4 | 8.00 | 63.00 | 71.00 | NOTE |
Version: 0.2.4
Check: LazyData
Result: NOTE
'LazyData' is specified without a 'data' directory
Flavors: r-devel-linux-x86_64-debian-clang, r-devel-linux-x86_64-debian-gcc, r-devel-linux-x86_64-fedora-clang, r-devel-linux-x86_64-fedora-gcc, r-devel-macos-arm64, r-devel-macos-x86_64, r-devel-windows-x86_64, r-patched-linux-x86_64, r-release-linux-x86_64, r-release-macos-arm64, r-release-macos-x86_64, r-release-windows-x86_64, r-oldrel-macos-arm64, r-oldrel-macos-x86_64, r-oldrel-windows-ix86+x86_64