Last updated on 2023-05-17 08:02:24 CEST.
Flavor | Version | Tinstall | Tcheck | Ttotal | Status | Flags |
---|---|---|---|---|---|---|
r-devel-linux-x86_64-debian-clang | 2.5.0 | 201.82 | 78.58 | 280.40 | OK | |
r-devel-linux-x86_64-debian-gcc | 2.5.0 | 160.03 | 63.92 | 223.95 | OK | |
r-devel-linux-x86_64-fedora-clang | 2.5.0 | 193.55 | ERROR | |||
r-devel-linux-x86_64-fedora-gcc | 2.5.0 | 424.73 | OK | |||
r-devel-windows-x86_64 | 2.5.0 | 153.00 | 115.00 | 268.00 | OK | |
r-patched-linux-x86_64 | 2.5.0 | 171.69 | 78.89 | 250.58 | OK | |
r-release-linux-x86_64 | 2.5.0 | 161.37 | 79.15 | 240.52 | OK | |
r-release-macos-arm64 | 2.5.0 | 109.00 | NOTE | |||
r-release-macos-x86_64 | 2.1.7 | 180.00 | OK | |||
r-release-windows-x86_64 | 2.5.0 | 197.00 | 137.00 | 334.00 | OK | |
r-oldrel-macos-arm64 | 2.5.0 | 118.00 | NOTE | |||
r-oldrel-macos-x86_64 | 2.5.0 | 129.00 | NOTE | |||
r-oldrel-windows-x86_64 | 2.5.0 | 190.00 | 123.00 | 313.00 | OK |
Version: 2.5.0
Check: whether package can be installed
Result: ERROR
Installation failed.
Flavor: r-devel-linux-x86_64-fedora-clang
Version: 2.5.0
Check: installed package size
Result: NOTE
installed size is 13.2Mb
sub-directories of 1Mb or more:
libs 12.8Mb
Flavors: r-release-macos-arm64, r-oldrel-macos-arm64, r-oldrel-macos-x86_64