Last updated on 2023-05-18 06:56:32 CEST.
| Flavor | Version | Tinstall | Tcheck | Ttotal | Status | Flags | 
|---|---|---|---|---|---|---|
| r-devel-linux-x86_64-debian-clang | 0.4.1 | 30.15 | 505.93 | 536.08 | ERROR | |
| r-devel-linux-x86_64-debian-gcc | 0.4.1 | 26.63 | 381.02 | 407.65 | ERROR | |
| r-devel-linux-x86_64-fedora-clang | 0.4.1 | 667.32 | ERROR | |||
| r-devel-linux-x86_64-fedora-gcc | 0.4.1 | 667.24 | ERROR | |||
| r-devel-windows-x86_64 | 0.4.1 | 27.00 | 338.00 | 365.00 | ERROR | |
| r-patched-linux-x86_64 | 0.4.1 | 35.41 | 487.99 | 523.40 | OK | |
| r-release-linux-x86_64 | 0.4.1 | 26.02 | 492.93 | 518.95 | OK | |
| r-release-macos-arm64 | 0.4.1 | 195.00 | NOTE | |||
| r-release-macos-x86_64 | 0.4.1 | 329.00 | NOTE | |||
| r-release-windows-x86_64 | 0.4.1 | 39.00 | 506.00 | 545.00 | OK | |
| r-oldrel-macos-arm64 | 0.4.1 | 152.00 | NOTE | |||
| r-oldrel-macos-x86_64 | 0.4.1 | 262.00 | OK | |||
| r-oldrel-windows-x86_64 | 0.4.1 | 39.00 | 470.00 | 509.00 | OK | 
Version: 0.4.1
Check: tests
Result: ERROR
      Running ‘spelling.R’ [0s/0s]
      Running ‘testthat.R’ [106s/116s]
    Running the tests in ‘tests/testthat.R’ failed.
    Complete output:
      > library(testthat)
      > library(beadplexr)
      > 
      > test_check("beadplexr")
      [ FAIL 1 | WARN 0 | SKIP 0 | PASS 373 ]
      
      ══ Failed tests ════════════════════════════════════════════════════════════════
      ── Failure ('test_turning_points.R:26:3'): approx_adjust works ─────────────────
      approx_adjust(.x = .x2, .k = 3, .lower = 0.2, .upper = 1, .step = 0.001) not equal to 0.281.
      1/1 mismatches
      [1] 0.282 - 0.281 == 0.001
      
      [ FAIL 1 | WARN 0 | SKIP 0 | PASS 373 ]
      Error: Test failures
      Execution halted
Flavor: r-devel-linux-x86_64-debian-clang
Version: 0.4.1
Check: tests
Result: ERROR
      Running ‘spelling.R’ [0s/1s]
      Running ‘testthat.R’ [83s/124s]
    Running the tests in ‘tests/testthat.R’ failed.
    Complete output:
      > library(testthat)
      > library(beadplexr)
      > 
      > test_check("beadplexr")
      [ FAIL 1 | WARN 0 | SKIP 0 | PASS 373 ]
      
      ══ Failed tests ════════════════════════════════════════════════════════════════
      ── Failure ('test_turning_points.R:26:3'): approx_adjust works ─────────────────
      approx_adjust(.x = .x2, .k = 3, .lower = 0.2, .upper = 1, .step = 0.001) not equal to 0.281.
      1/1 mismatches
      [1] 0.282 - 0.281 == 0.001
      
      [ FAIL 1 | WARN 0 | SKIP 0 | PASS 373 ]
      Error: Test failures
      Execution halted
Flavor: r-devel-linux-x86_64-debian-gcc
Version: 0.4.1
Check: package dependencies
Result: NOTE
    Package suggested but not available for checking: ‘flowCore’
Flavors: r-devel-linux-x86_64-fedora-clang, r-devel-linux-x86_64-fedora-gcc, r-release-macos-arm64, r-release-macos-x86_64, r-oldrel-macos-arm64
Version: 0.4.1
Check: tests
Result: ERROR
      Running ‘spelling.R’
      Running ‘testthat.R’ [128s/163s]
    Running the tests in ‘tests/testthat.R’ failed.
    Complete output:
      > library(testthat)
      > library(beadplexr)
      > 
      > test_check("beadplexr")
      [ FAIL 1 | WARN 0 | SKIP 0 | PASS 373 ]
      
      ══ Failed tests ════════════════════════════════════════════════════════════════
      ── Failure ('test_turning_points.R:26:3'): approx_adjust works ─────────────────
      approx_adjust(.x = .x2, .k = 3, .lower = 0.2, .upper = 1, .step = 0.001) not equal to 0.281.
      1/1 mismatches
      [1] 0.282 - 0.281 == 0.001
      
      [ FAIL 1 | WARN 0 | SKIP 0 | PASS 373 ]
      Error: Test failures
      Execution halted
Flavor: r-devel-linux-x86_64-fedora-clang
Version: 0.4.1
Check: tests
Result: ERROR
      Running ‘spelling.R’
      Running ‘testthat.R’ [131s/151s]
    Running the tests in ‘tests/testthat.R’ failed.
    Complete output:
      > library(testthat)
      > library(beadplexr)
      > 
      > test_check("beadplexr")
      [ FAIL 1 | WARN 0 | SKIP 0 | PASS 373 ]
      
      ══ Failed tests ════════════════════════════════════════════════════════════════
      ── Failure ('test_turning_points.R:26:3'): approx_adjust works ─────────────────
      approx_adjust(.x = .x2, .k = 3, .lower = 0.2, .upper = 1, .step = 0.001) not equal to 0.281.
      1/1 mismatches
      [1] 0.282 - 0.281 == 0.001
      
      [ FAIL 1 | WARN 0 | SKIP 0 | PASS 373 ]
      Error: Test failures
      Execution halted
Flavor: r-devel-linux-x86_64-fedora-gcc
Version: 0.4.1
Check: tests
Result: ERROR
      Running 'spelling.R' [0s]
      Running 'testthat.R' [74s]
    Running the tests in 'tests/testthat.R' failed.
    Complete output:
      > library(testthat)
      > library(beadplexr)
      > 
      > test_check("beadplexr")
      [ FAIL 1 | WARN 0 | SKIP 0 | PASS 373 ]
      
      ══ Failed tests ════════════════════════════════════════════════════════════════
      ── Failure ('test_turning_points.R:26:3'): approx_adjust works ─────────────────
      approx_adjust(.x = .x2, .k = 3, .lower = 0.2, .upper = 1, .step = 0.001) not equal to 0.281.
      1/1 mismatches
      [1] 0.282 - 0.281 == 0.001
      
      [ FAIL 1 | WARN 0 | SKIP 0 | PASS 373 ]
      Error: Test failures
      Execution halted
Flavor: r-devel-windows-x86_64