Last updated on 2023-05-18 10:58:36 CEST.
| Flavor | Version | Tinstall | Tcheck | Ttotal | Status | Flags | 
|---|---|---|---|---|---|---|
| r-devel-linux-x86_64-debian-clang | 1.0.1 | 3.04 | 20.34 | 23.38 | NOTE | |
| r-devel-linux-x86_64-debian-gcc | 1.0.1 | 2.47 | 16.29 | 18.76 | NOTE | |
| r-devel-linux-x86_64-fedora-clang | 1.0.1 | 29.00 | WARN | |||
| r-devel-linux-x86_64-fedora-gcc | 1.0.1 | 28.36 | WARN | |||
| r-devel-windows-x86_64 | 1.0.1 | 4.00 | 39.00 | 43.00 | NOTE | |
| r-patched-linux-x86_64 | 1.0.1 | 3.24 | 20.14 | 23.38 | NOTE | |
| r-release-linux-x86_64 | 1.0.1 | 2.69 | 19.71 | 22.40 | NOTE | |
| r-release-macos-arm64 | 1.0.1 | 15.00 | NOTE | |||
| r-release-macos-x86_64 | 1.0.1 | 22.00 | NOTE | |||
| r-release-windows-x86_64 | 1.0.1 | 6.00 | 38.00 | 44.00 | NOTE | |
| r-oldrel-macos-arm64 | 1.0.1 | 16.00 | NOTE | |||
| r-oldrel-macos-x86_64 | 1.0.1 | 22.00 | NOTE | |||
| r-oldrel-windows-x86_64 | 1.0.1 | 5.00 | 41.00 | 46.00 | NOTE | 
Version: 1.0.1
Check: LazyData
Result: NOTE
      'LazyData' is specified without a 'data' directory
Flavors: r-devel-linux-x86_64-debian-clang, r-devel-linux-x86_64-debian-gcc, r-devel-linux-x86_64-fedora-clang, r-devel-linux-x86_64-fedora-gcc, r-devel-windows-x86_64, r-patched-linux-x86_64, r-release-linux-x86_64, r-release-macos-arm64, r-release-macos-x86_64, r-release-windows-x86_64, r-oldrel-macos-arm64, r-oldrel-macos-x86_64, r-oldrel-windows-x86_64
Version: 1.0.1
Check: package dependencies
Result: WARN
    Imports includes 22 non-default packages.
    Importing from so many packages makes the package vulnerable to any of
    them becoming unavailable.  Move as many as possible to Suggests and
    use conditionally.
    
    Requires (indirectly) orphaned package: ‘influenceR’
Flavor: r-devel-linux-x86_64-fedora-clang
Version: 1.0.1
Check: installed package size
Result: NOTE
      installed size is  7.2Mb
      sub-directories of 1Mb or more:
        bn   7.1Mb
Flavors: r-devel-linux-x86_64-fedora-clang, r-devel-windows-x86_64, r-release-macos-arm64, r-release-macos-x86_64, r-release-windows-x86_64, r-oldrel-macos-arm64, r-oldrel-macos-x86_64, r-oldrel-windows-x86_64
Version: 1.0.1
Check: dependencies in R code
Result: NOTE
    Namespaces in Imports field not imported from:
      ‘DT’ ‘DescTools’ ‘HydeNet’ ‘RBGL’ ‘Rgraphviz’ ‘arules’ ‘bnlearn’
      ‘dplyr’ ‘graph’ ‘igraph’ ‘linkcomm’ ‘missRanger’ ‘parallel’ ‘psych’
      ‘rhandsontable’ ‘rintrojs’ ‘shinyBS’ ‘shinyWidgets’ ‘shinyalert’
      ‘shinycssloaders’ ‘shinydashboard’ ‘tools’ ‘visNetwork’
      All declared Imports should be used.
Flavors: r-devel-linux-x86_64-fedora-clang, r-devel-linux-x86_64-fedora-gcc, r-oldrel-macos-arm64, r-oldrel-macos-x86_64
Version: 1.0.1
Check: package dependencies
Result: WARN
    Requires (indirectly) orphaned package: ‘influenceR’
Flavor: r-devel-linux-x86_64-fedora-gcc