Last updated on 2023-05-31 12:00:55 CEST.
Flavor | Version | Tinstall | Tcheck | Ttotal | Status | Flags |
---|---|---|---|---|---|---|
r-devel-linux-x86_64-debian-clang | 3.5.1 | 16.00 | 2.01 | 18.01 | ERROR | |
r-devel-linux-x86_64-debian-gcc | 3.5.1 | 2.07 | 1.45 | 3.52 | ERROR | |
r-devel-linux-x86_64-fedora-clang | 3.5.1 | 34.44 | ERROR | |||
r-devel-linux-x86_64-fedora-gcc | 3.5.1 | 5.62 | ERROR | |||
r-devel-windows-x86_64 | 3.5.1 | 127.00 | 4.00 | 131.00 | ERROR | |
r-patched-linux-x86_64 | 3.5.1 | 1.72 | 1.90 | 3.62 | ERROR | |
r-release-linux-x86_64 | 3.5.1 | 1.67 | 1.81 | 3.48 | ERROR | |
r-release-macos-arm64 | 3.5.1 | 134.00 | NOTE | |||
r-release-macos-x86_64 | 3.5.1 | 233.00 | NOTE | |||
r-release-windows-x86_64 | 3.5.1 | 175.00 | 5.00 | 180.00 | ERROR | |
r-oldrel-macos-arm64 | 3.5.1 | 125.00 | NOTE | |||
r-oldrel-macos-x86_64 | 3.5.1 | 232.00 | NOTE | |||
r-oldrel-windows-x86_64 | 3.5.1 | 163.00 | 9.00 | 172.00 | ERROR |
Version: 3.5.1
Check: whether package can be installed
Result: ERROR
Installation failed.
Flavors: r-devel-linux-x86_64-debian-clang, r-devel-linux-x86_64-debian-gcc, r-devel-linux-x86_64-fedora-clang, r-devel-linux-x86_64-fedora-gcc, r-devel-windows-x86_64, r-patched-linux-x86_64, r-release-linux-x86_64, r-release-windows-x86_64, r-oldrel-windows-x86_64
Version: 3.5.1
Check: C++ specification
Result: NOTE
Specified C++14: please drop specification unless essential
Flavors: r-release-macos-arm64, r-release-macos-x86_64
Version: 3.5.1
Check: installed package size
Result: NOTE
installed size is 55.9Mb
sub-directories of 1Mb or more:
libs 55.2Mb
Flavors: r-release-macos-arm64, r-release-macos-x86_64, r-oldrel-macos-arm64, r-oldrel-macos-x86_64
Version: 3.5.1
Check: for GNU extensions in Makefiles
Result: NOTE
GNU make is a SystemRequirements.
Flavors: r-release-macos-arm64, r-release-macos-x86_64, r-oldrel-macos-arm64, r-oldrel-macos-x86_64