Last updated on 2023-06-20 06:48:23 CEST.
| Flavor | Version | Tinstall | Tcheck | Ttotal | Status | Flags | 
|---|---|---|---|---|---|---|
| r-devel-linux-x86_64-debian-clang | 1.1.3.1 | 8.97 | 98.02 | 106.99 | ERROR | |
| r-devel-linux-x86_64-debian-gcc | 1.1.3.1 | 7.84 | 72.95 | 80.79 | ERROR | |
| r-devel-linux-x86_64-fedora-clang | 1.1.3.1 | 132.46 | ERROR | |||
| r-devel-linux-x86_64-fedora-gcc | 1.1.3.1 | 129.89 | ERROR | |||
| r-devel-windows-x86_64 | 1.1.3.1 | 10.00 | 91.00 | 101.00 | ERROR | |
| r-patched-linux-x86_64 | 1.1.3.1 | 12.14 | 93.48 | 105.62 | ERROR | |
| r-release-linux-x86_64 | 1.1.3.1 | 8.27 | 93.40 | 101.67 | ERROR | |
| r-release-macos-arm64 | 1.1.3.1 | 43.00 | OK | |||
| r-release-macos-x86_64 | 1.1.3.1 | 71.00 | OK | |||
| r-release-windows-x86_64 | 1.1.3.1 | 12.00 | 107.00 | 119.00 | ERROR | |
| r-oldrel-macos-arm64 | 1.1.3.1 | 39.00 | OK | |||
| r-oldrel-macos-x86_64 | 1.1.3.1 | 55.00 | OK | |||
| r-oldrel-windows-x86_64 | 1.1.3.1 | 11.00 | 115.00 | 126.00 | ERROR | 
Version: 1.1.3.1
Check: tests
Result: ERROR
      Running ‘testthat.R’ [6s/8s]
    Running the tests in ‘tests/testthat.R’ failed.
    Complete output:
      > library(testthat)
      > library(lavaan.survey)
      Loading required package: lavaan
      This is lavaan 0.6-15
      lavaan is FREE software! Please report any bugs.
      Loading required package: survey
      Loading required package: grid
      Loading required package: Matrix
      Loading required package: survival
      
      Attaching package: 'survey'
      
      The following object is masked from 'package:graphics':
      
          dotchart
      
      > 
      > test_check("lavaan.survey")
      [ FAIL 2 | WARN 0 | SKIP 2 | PASS 4 ]
      
      ══ Skipped tests (2) ═══════════════════════════════════════════════════════════
      • On CRAN (2): 'test_roosma.R:40:3', 'test_roosma.R:61:3'
      
      ══ Failed tests ════════════════════════════════════════════════════════════════
      ── Failure ('test_roosma.R:56:3'): an estimate matches ─────────────────────────
      coef(fit.cfa.surv)["range~~range"] not equal to 1.892812.
      1/1 mismatches
      [1] 1.89 - 1.89 == 6.51e-05
      ── Failure ('test_roosma.R:57:3'): an estimate matches ─────────────────────────
      coef(fit.cfa.surv.wls.yb)["range~~range"] not equal to 2.369951.
      1/1 mismatches
      [1] 2.37 - 2.37 == 0.000104
      
      [ FAIL 2 | WARN 0 | SKIP 2 | PASS 4 ]
      Error: Test failures
      Execution halted
Flavors: r-devel-linux-x86_64-debian-clang, r-release-linux-x86_64
Version: 1.1.3.1
Check: tests
Result: ERROR
      Running ‘testthat.R’ [5s/7s]
    Running the tests in ‘tests/testthat.R’ failed.
    Complete output:
      > library(testthat)
      > library(lavaan.survey)
      Loading required package: lavaan
      This is lavaan 0.6-15
      lavaan is FREE software! Please report any bugs.
      Loading required package: survey
      Loading required package: grid
      Loading required package: Matrix
      Loading required package: survival
      
      Attaching package: 'survey'
      
      The following object is masked from 'package:graphics':
      
          dotchart
      
      > 
      > test_check("lavaan.survey")
      [ FAIL 2 | WARN 0 | SKIP 2 | PASS 4 ]
      
      ══ Skipped tests (2) ═══════════════════════════════════════════════════════════
      • On CRAN (2): 'test_roosma.R:40:3', 'test_roosma.R:61:3'
      
      ══ Failed tests ════════════════════════════════════════════════════════════════
      ── Failure ('test_roosma.R:56:3'): an estimate matches ─────────────────────────
      coef(fit.cfa.surv)["range~~range"] not equal to 1.892812.
      1/1 mismatches
      [1] 1.89 - 1.89 == 6.51e-05
      ── Failure ('test_roosma.R:57:3'): an estimate matches ─────────────────────────
      coef(fit.cfa.surv.wls.yb)["range~~range"] not equal to 2.369951.
      1/1 mismatches
      [1] 2.37 - 2.37 == 0.000104
      
      [ FAIL 2 | WARN 0 | SKIP 2 | PASS 4 ]
      Error: Test failures
      Execution halted
Flavor: r-devel-linux-x86_64-debian-gcc
Version: 1.1.3.1
Check: tests
Result: ERROR
      Running ‘testthat.R’
    Running the tests in ‘tests/testthat.R’ failed.
    Complete output:
      > library(testthat)
      > library(lavaan.survey)
      Loading required package: lavaan
      This is lavaan 0.6-15
      lavaan is FREE software! Please report any bugs.
      Loading required package: survey
      Loading required package: grid
      Loading required package: Matrix
      Loading required package: survival
      
      Attaching package: 'survey'
      
      The following object is masked from 'package:graphics':
      
          dotchart
      
      > 
      > test_check("lavaan.survey")
      [ FAIL 2 | WARN 0 | SKIP 2 | PASS 4 ]
      
      ══ Skipped tests (2) ═══════════════════════════════════════════════════════════
      • On CRAN (2): 'test_roosma.R:40:3', 'test_roosma.R:61:3'
      
      ══ Failed tests ════════════════════════════════════════════════════════════════
      ── Failure ('test_roosma.R:56:3'): an estimate matches ─────────────────────────
      coef(fit.cfa.surv)["range~~range"] not equal to 1.892812.
      1/1 mismatches
      [1] 1.89 - 1.89 == 6.51e-05
      ── Failure ('test_roosma.R:57:3'): an estimate matches ─────────────────────────
      coef(fit.cfa.surv.wls.yb)["range~~range"] not equal to 2.369951.
      1/1 mismatches
      [1] 2.37 - 2.37 == 0.000104
      
      [ FAIL 2 | WARN 0 | SKIP 2 | PASS 4 ]
      Error: Test failures
      Execution halted
Flavors: r-devel-linux-x86_64-fedora-clang, r-devel-linux-x86_64-fedora-gcc
Version: 1.1.3.1
Check: tests
Result: ERROR
      Running 'testthat.R' [4s]
    Running the tests in 'tests/testthat.R' failed.
    Complete output:
      > library(testthat)
      > library(lavaan.survey)
      Loading required package: lavaan
      This is lavaan 0.6-15
      lavaan is FREE software! Please report any bugs.
      Loading required package: survey
      Loading required package: grid
      Loading required package: Matrix
      Loading required package: survival
      
      Attaching package: 'survey'
      
      The following object is masked from 'package:graphics':
      
          dotchart
      
      > 
      > test_check("lavaan.survey")
      [ FAIL 2 | WARN 0 | SKIP 2 | PASS 4 ]
      
      ══ Skipped tests (2) ═══════════════════════════════════════════════════════════
      • On CRAN (2): 'test_roosma.R:40:3', 'test_roosma.R:61:3'
      
      ══ Failed tests ════════════════════════════════════════════════════════════════
      ── Failure ('test_roosma.R:56:3'): an estimate matches ─────────────────────────
      coef(fit.cfa.surv)["range~~range"] not equal to 1.892812.
      1/1 mismatches
      [1] 1.89 - 1.89 == 6.51e-05
      ── Failure ('test_roosma.R:57:3'): an estimate matches ─────────────────────────
      coef(fit.cfa.surv.wls.yb)["range~~range"] not equal to 2.369951.
      1/1 mismatches
      [1] 2.37 - 2.37 == 0.000104
      
      [ FAIL 2 | WARN 0 | SKIP 2 | PASS 4 ]
      Error: Test failures
      Execution halted
Flavor: r-devel-windows-x86_64
Version: 1.1.3.1
Check: tests
Result: ERROR
      Running ‘testthat.R’ [6s/8s]
    Running the tests in ‘tests/testthat.R’ failed.
    Complete output:
      > library(testthat)
      > library(lavaan.survey)
      Loading required package: lavaan
      This is lavaan 0.6-15
      lavaan is FREE software! Please report any bugs.
      Loading required package: survey
      Loading required package: grid
      Loading required package: Matrix
      Loading required package: survival
      
      Attaching package: 'survey'
      
      The following object is masked from 'package:graphics':
      
          dotchart
      
      > 
      > test_check("lavaan.survey")
      [ FAIL 2 | WARN 0 | SKIP 2 | PASS 4 ]
      
      ══ Skipped tests ═══════════════════════════════════════════════════════════════
      • On CRAN (2)
      
      ══ Failed tests ════════════════════════════════════════════════════════════════
      ── Failure ('test_roosma.R:56:3'): an estimate matches ─────────────────────────
      coef(fit.cfa.surv)["range~~range"] not equal to 1.892812.
      1/1 mismatches
      [1] 1.89 - 1.89 == 6.51e-05
      ── Failure ('test_roosma.R:57:3'): an estimate matches ─────────────────────────
      coef(fit.cfa.surv.wls.yb)["range~~range"] not equal to 2.369951.
      1/1 mismatches
      [1] 2.37 - 2.37 == 0.000104
      
      [ FAIL 2 | WARN 0 | SKIP 2 | PASS 4 ]
      Error: Test failures
      Execution halted
Flavor: r-patched-linux-x86_64
Version: 1.1.3.1
Check: tests
Result: ERROR
      Running 'testthat.R' [5s]
    Running the tests in 'tests/testthat.R' failed.
    Complete output:
      > library(testthat)
      > library(lavaan.survey)
      Loading required package: lavaan
      This is lavaan 0.6-15
      lavaan is FREE software! Please report any bugs.
      Loading required package: survey
      Loading required package: grid
      Loading required package: Matrix
      Loading required package: survival
      
      Attaching package: 'survey'
      
      The following object is masked from 'package:graphics':
      
          dotchart
      
      > 
      > test_check("lavaan.survey")
      [ FAIL 2 | WARN 0 | SKIP 2 | PASS 4 ]
      
      ══ Skipped tests (2) ═══════════════════════════════════════════════════════════
      • On CRAN (2): 'test_roosma.R:40:3', 'test_roosma.R:61:3'
      
      ══ Failed tests ════════════════════════════════════════════════════════════════
      ── Failure ('test_roosma.R:56:3'): an estimate matches ─────────────────────────
      coef(fit.cfa.surv)["range~~range"] not equal to 1.892812.
      1/1 mismatches
      [1] 1.89 - 1.89 == 6.51e-05
      ── Failure ('test_roosma.R:57:3'): an estimate matches ─────────────────────────
      coef(fit.cfa.surv.wls.yb)["range~~range"] not equal to 2.369951.
      1/1 mismatches
      [1] 2.37 - 2.37 == 0.000104
      
      [ FAIL 2 | WARN 0 | SKIP 2 | PASS 4 ]
      Error: Test failures
      Execution halted
Flavor: r-release-windows-x86_64
Version: 1.1.3.1
Check: tests
Result: ERROR
      Running 'testthat.R' [6s]
    Running the tests in 'tests/testthat.R' failed.
    Complete output:
      > library(testthat)
      > library(lavaan.survey)
      Loading required package: lavaan
      This is lavaan 0.6-15
      lavaan is FREE software! Please report any bugs.
      Loading required package: survey
      Loading required package: grid
      Loading required package: Matrix
      Loading required package: survival
      
      Attaching package: 'survey'
      
      The following object is masked from 'package:graphics':
      
          dotchart
      
      > 
      > test_check("lavaan.survey")
      [ FAIL 2 | WARN 0 | SKIP 2 | PASS 4 ]
      
      ══ Skipped tests (2) ═══════════════════════════════════════════════════════════
      • On CRAN (2): 'test_roosma.R:40:3', 'test_roosma.R:61:3'
      
      ══ Failed tests ════════════════════════════════════════════════════════════════
      ── Failure ('test_roosma.R:56:3'): an estimate matches ─────────────────────────
      coef(fit.cfa.surv)["range~~range"] not equal to 1.892812.
      1/1 mismatches
      [1] 1.89 - 1.89 == 6.51e-05
      ── Failure ('test_roosma.R:57:3'): an estimate matches ─────────────────────────
      coef(fit.cfa.surv.wls.yb)["range~~range"] not equal to 2.369951.
      1/1 mismatches
      [1] 2.37 - 2.37 == 0.000104
      
      [ FAIL 2 | WARN 0 | SKIP 2 | PASS 4 ]
      Error: Test failures
      Execution halted
Flavor: r-oldrel-windows-x86_64