Last updated on 2023-07-03 09:00:27 CEST.
Flavor | Version | Tinstall | Tcheck | Ttotal | Status | Flags |
---|---|---|---|---|---|---|
r-devel-linux-x86_64-debian-clang | 3.3.0 | 0.83 | 2.02 | 2.85 | ERROR | |
r-devel-linux-x86_64-debian-gcc | 3.3.0 | 0.59 | 1.55 | 2.14 | ERROR | |
r-devel-linux-x86_64-fedora-clang | 3.3.0 | 2.23 | ERROR | |||
r-devel-linux-x86_64-fedora-gcc | 3.3.0 | 2.17 | ERROR | |||
r-devel-windows-x86_64 | 3.3.0 | 18.00 | 212.00 | 230.00 | OK | |
r-patched-linux-x86_64 | 3.3.0 | 22.87 | 244.44 | 267.31 | OK | |
r-release-linux-x86_64 | 3.3.0 | 20.12 | 242.91 | 263.03 | OK | |
r-release-macos-arm64 | 3.3.0 | 126.00 | OK | |||
r-release-macos-x86_64 | 2.3.2 | 120.00 | OK | |||
r-release-windows-x86_64 | 3.3.0 | 23.00 | 274.00 | 297.00 | OK | |
r-oldrel-macos-arm64 | 3.3.0 | 126.00 | OK | |||
r-oldrel-macos-x86_64 | 3.3.0 | 165.00 | OK | |||
r-oldrel-windows-x86_64 | 3.3.0 | 23.00 | 258.00 | 281.00 | OK |
Version: 3.3.0
Check: package dependencies
Result: ERROR
Package required but not available: ‘magclass’
See section ‘The DESCRIPTION file’ in the ‘Writing R Extensions’
manual.
Flavors: r-devel-linux-x86_64-debian-clang, r-devel-linux-x86_64-debian-gcc, r-devel-linux-x86_64-fedora-clang, r-devel-linux-x86_64-fedora-gcc