Last updated on 2023-07-18 13:57:20 CEST.
| Flavor | Version | Tinstall | Tcheck | Ttotal | Status | Flags | 
|---|---|---|---|---|---|---|
| r-devel-linux-x86_64-debian-clang | 0.3.0 | 43.09 | 274.99 | 318.08 | ERROR | |
| r-devel-linux-x86_64-debian-gcc | 0.3.0 | 32.93 | 234.41 | 267.34 | ERROR | |
| r-devel-linux-x86_64-fedora-clang | 0.3.0 | 438.17 | ERROR | |||
| r-devel-linux-x86_64-fedora-gcc | 0.3.0 | 452.47 | OK | |||
| r-devel-windows-x86_64 | 0.3.0 | 32.00 | 206.00 | 238.00 | ERROR | |
| r-patched-linux-x86_64 | 0.3.0 | 38.17 | 312.76 | 350.93 | ERROR | |
| r-release-linux-x86_64 | 0.3.0 | 34.96 | 309.62 | 344.58 | ERROR | |
| r-release-macos-arm64 | 0.3.0 | 103.00 | OK | |||
| r-release-macos-x86_64 | 0.3.0 | 236.00 | OK | |||
| r-release-windows-x86_64 | 0.3.0 | 41.00 | 268.00 | 309.00 | ERROR | |
| r-oldrel-macos-arm64 | 0.3.0 | 96.00 | OK | |||
| r-oldrel-macos-x86_64 | 0.3.0 | 144.00 | OK | |||
| r-oldrel-windows-x86_64 | 0.3.0 | 40.00 | 258.00 | 298.00 | ERROR | 
Version: 0.3.0
Check: examples
Result: ERROR
    Running examples in ‘macroBiome-Ex.R’ failed
    The error most likely occurred in:
    
    > base::assign(".ptime", proc.time(), pos = "CheckExEnv")
    > ### Name: cliBioCliIdxGrid
    > ### Title: Calculator for Bioclimatic Indices
    > ### Aliases: cliBioCliIdxGrid
    > 
    > ### ** Examples
    > 
    > # Loading mandatory data for the Example 'Climate Normal Grid'
    > data(inp_exClnrGrid)
    > 
    > # Calculate values of all default bioclimatic indices with default settings
    > # for Csongrad-Csanad County (for the normal period 1981-2010)
    > with(inp_exClnrGrid, {
    + rs.bci1 <- cliBioCliIdxGrid(temp, prec)
    + rs.bci1
    + })
    Warning in sp::CRS(...) : sf required for evolution_status==2L
    Warning in sp::CRS(...) : sf required for evolution_status==2L
    Warning in sp::CRS(...) : sf required for evolution_status==2L
    Warning in sp::CRS(...) : sf required for evolution_status==2L
    Warning in sp::CRS(...) : sf required for evolution_status==2L
    Warning in sp::CRS(...) : sf required for evolution_status==2L
    Warning in sp::CRS(...) : sf required for evolution_status==2L
    Warning in sp::CRS(...) : sf required for evolution_status==2L
    Warning in sp::CRS(...) : sf required for evolution_status==2L
    Warning in sp::CRS(...) : sf required for evolution_status==2L
    Warning in sp::CRS(...) : sf required for evolution_status==2L
    Warning in sp::CRS(...) : sf required for evolution_status==2L
    Warning in sp::CRS(...) : sf required for evolution_status==2L
    Warning in sp::CRS(...) : sf required for evolution_status==2L
    Warning in sp::CRS(...) : sf required for evolution_status==2L
    Warning in sp::CRS(...) : sf required for evolution_status==2L
    Warning in sp::CRS(...) : sf required for evolution_status==2L
    Warning in sp::CRS(...) : sf required for evolution_status==2L
    Warning in sp::CRS(...) : sf required for evolution_status==2L
    Warning in sp::CRS(...) : sf required for evolution_status==2L
    Warning in sp::CRS(...) : sf required for evolution_status==2L
    Warning in sp::CRS(...) : sf required for evolution_status==2L
    Warning in sp::CRS(...) : sf required for evolution_status==2L
    Warning in sp::CRS(...) : sf required for evolution_status==2L
    Warning in sp::CRS(...) : sf required for evolution_status==2L
    Warning in sp::CRS(...) : sf required for evolution_status==2L
    Warning in sp::CRS(...) : sf required for evolution_status==2L
    Warning in sp::CRS(...) : sf required for evolution_status==2L
    Warning in sp::CRS(...) : sf required for evolution_status==2L
    Warning in sp::CRS("+init=epsg:4326") :
      sf required for evolution_status==2L
    Warning in sp::CRS(...) : sf required for evolution_status==2L
    Warning in sp::CRS(...) : sf required for evolution_status==2L
    Error in sp::spTransform(sp::SpatialPointsDataFrame(coords, data, proj4string = raster::crs(rstr)),  : 
      sf required for evolution_status==2L
    Calls: with ... cliBioCliIdxGrid -> getGeogrCoord -> <Anonymous> -> <Anonymous>
    Execution halted
Flavors: r-devel-linux-x86_64-debian-clang, r-devel-linux-x86_64-debian-gcc, r-patched-linux-x86_64, r-release-linux-x86_64
Version: 0.3.0
Check: Rd cross-references
Result: NOTE
    Undeclared package ‘rnaturalearth’ in Rd xrefs
Flavor: r-devel-linux-x86_64-fedora-clang
Version: 0.3.0
Check: examples
Result: ERROR
    Running examples in ‘macroBiome-Ex.R’ failed
    The error most likely occurred in:
    
    > ### Name: cliBioCliIdxGrid
    > ### Title: Calculator for Bioclimatic Indices
    > ### Aliases: cliBioCliIdxGrid
    > 
    > ### ** Examples
    > 
    > # Loading mandatory data for the Example 'Climate Normal Grid'
    > data(inp_exClnrGrid)
    > 
    > # Calculate values of all default bioclimatic indices with default settings
    > # for Csongrad-Csanad County (for the normal period 1981-2010)
    > with(inp_exClnrGrid, {
    + rs.bci1 <- cliBioCliIdxGrid(temp, prec)
    + rs.bci1
    + })
    Warning in sp::CRS(...) : sf required for evolution_status==2L
    Warning in sp::CRS(...) : sf required for evolution_status==2L
    Warning in sp::CRS(...) : sf required for evolution_status==2L
    Warning in sp::CRS(...) : sf required for evolution_status==2L
    Warning in sp::CRS(...) : sf required for evolution_status==2L
    Warning in sp::CRS(...) : sf required for evolution_status==2L
    Warning in sp::CRS(...) : sf required for evolution_status==2L
    Warning in sp::CRS(...) : sf required for evolution_status==2L
    Warning in sp::CRS(...) : sf required for evolution_status==2L
    Warning in sp::CRS(...) : sf required for evolution_status==2L
    Warning in sp::CRS(...) : sf required for evolution_status==2L
    Warning in sp::CRS(...) : sf required for evolution_status==2L
    Warning in sp::CRS(...) : sf required for evolution_status==2L
    Warning in sp::CRS(...) : sf required for evolution_status==2L
    Warning in sp::CRS(...) : sf required for evolution_status==2L
    Warning in sp::CRS(...) : sf required for evolution_status==2L
    Warning in sp::CRS(...) : sf required for evolution_status==2L
    Warning in sp::CRS(...) : sf required for evolution_status==2L
    Warning in sp::CRS(...) : sf required for evolution_status==2L
    Warning in sp::CRS(...) : sf required for evolution_status==2L
    Warning in sp::CRS(...) : sf required for evolution_status==2L
    Warning in sp::CRS(...) : sf required for evolution_status==2L
    Warning in sp::CRS(...) : sf required for evolution_status==2L
    Warning in sp::CRS(...) : sf required for evolution_status==2L
    Warning in sp::CRS(...) : sf required for evolution_status==2L
    Warning in sp::CRS(...) : sf required for evolution_status==2L
    Warning in sp::CRS(...) : sf required for evolution_status==2L
    Warning in sp::CRS(...) : sf required for evolution_status==2L
    Warning in sp::CRS(...) : sf required for evolution_status==2L
    Warning in sp::CRS("+init=epsg:4326") :
      sf required for evolution_status==2L
    Warning in sp::CRS(...) : sf required for evolution_status==2L
    Warning in sp::CRS(...) : sf required for evolution_status==2L
    Error in sp::spTransform(sp::SpatialPointsDataFrame(coords, data, proj4string = raster::crs(rstr)),  : 
      sf required for evolution_status==2L
    Calls: with ... cliBioCliIdxGrid -> getGeogrCoord -> <Anonymous> -> <Anonymous>
    Execution halted
Flavors: r-devel-linux-x86_64-fedora-clang, r-devel-windows-x86_64, r-release-windows-x86_64, r-oldrel-windows-x86_64