Last updated on 2023-08-10 16:54:11 CEST.
| Flavor | Version | Tinstall | Tcheck | Ttotal | Status | Flags | 
|---|---|---|---|---|---|---|
| r-devel-linux-x86_64-debian-clang | 1.1.1 | 55.75 | 681.02 | 736.77 | NOTE | |
| r-devel-linux-x86_64-debian-gcc | 1.1.1 | 46.70 | 482.85 | 529.55 | NOTE | |
| r-devel-linux-x86_64-fedora-clang | 1.1.1 | 887.47 | NOTE | |||
| r-devel-linux-x86_64-fedora-gcc | 1.1.1 | 884.00 | OK | |||
| r-devel-windows-x86_64 | 1.1.1 | 45.00 | 410.00 | 455.00 | OK | |
| r-patched-linux-x86_64 | 1.1.1 | 57.32 | 642.14 | 699.46 | NOTE | |
| r-release-linux-x86_64 | 1.1.1 | 47.00 | 649.47 | 696.47 | NOTE | |
| r-release-macos-arm64 | 1.1.1 | 131.00 | OK | |||
| r-release-macos-x86_64 | 1.1.1 | 395.00 | OK | |||
| r-release-windows-x86_64 | 1.1.1 | 64.00 | 602.00 | 666.00 | OK | |
| r-oldrel-macos-arm64 | 1.1.1 | 125.00 | OK | |||
| r-oldrel-macos-x86_64 | 1.1.1 | 259.00 | OK | |||
| r-oldrel-windows-x86_64 | 1.1.1 | 63.00 | 538.00 | 601.00 | OK | 
Version: 1.1.1
Check: R code for possible problems
Result: NOTE
    The legacy packages maptools, rgdal, and rgeos, underpinning the sp package,
    which was just loaded, will retire in October 2023.
    Please refer to R-spatial evolution reports for details, especially
    https://r-spatial.org/r/2023/05/15/evolution4.html.
    It may be desirable to make the sf package available;
    package maintainers should consider adding sf to Suggests:.
    The sp package is now running under evolution status 2
         (status 2 uses the sf package in place of rgdal)
Flavors: r-devel-linux-x86_64-debian-clang, r-devel-linux-x86_64-debian-gcc, r-devel-linux-x86_64-fedora-clang, r-patched-linux-x86_64, r-release-linux-x86_64