Last updated on 2023-08-10 09:52:41 CEST.
| Flavor | Version | Tinstall | Tcheck | Ttotal | Status | Flags | 
|---|---|---|---|---|---|---|
| r-devel-linux-x86_64-debian-clang | 1.0.1 | 0.31 | 2.14 | 2.45 | ERROR | |
| r-devel-linux-x86_64-debian-gcc | 1.0.1 | 0.40 | 1.72 | 2.12 | ERROR | |
| r-devel-linux-x86_64-fedora-clang | 1.0.1 | 2.29 | ERROR | |||
| r-devel-linux-x86_64-fedora-gcc | 1.0.1 | 2.18 | ERROR | |||
| r-devel-windows-x86_64 | 1.0.1 | 5.00 | 4.00 | 9.00 | ERROR | |
| r-patched-linux-x86_64 | 1.0.1 | 0.30 | 1.90 | 2.20 | ERROR | |
| r-release-linux-x86_64 | 1.0.1 | 0.43 | 1.91 | 2.34 | ERROR | |
| r-release-macos-arm64 | 1.0.1 | 61.00 | OK | |||
| r-release-macos-x86_64 | 1.0.1 | 104.00 | OK | |||
| r-release-windows-x86_64 | 1.0.1 | 5.00 | 7.00 | 12.00 | ERROR | |
| r-oldrel-macos-arm64 | 1.0.1 | 52.00 | OK | |||
| r-oldrel-macos-x86_64 | 1.0.1 | 93.00 | OK | |||
| r-oldrel-windows-x86_64 | 1.0.1 | 7.00 | 9.00 | 16.00 | ERROR | 
Version: 1.0.1
Check: package dependencies
Result: ERROR
    Package required but not available: ‘disk.frame’
    
    See section ‘The DESCRIPTION file’ in the ‘Writing R Extensions’
    manual.
Flavors: r-devel-linux-x86_64-debian-clang, r-devel-linux-x86_64-debian-gcc, r-devel-linux-x86_64-fedora-clang, r-devel-linux-x86_64-fedora-gcc, r-patched-linux-x86_64, r-release-linux-x86_64
Version: 1.0.1
Check: whether package can be installed
Result: ERROR
    Installation failed.
Flavors: r-devel-windows-x86_64, r-release-windows-x86_64, r-oldrel-windows-x86_64