Last updated on 2023-08-18 14:51:35 CEST.
Flavor | Version | Tinstall | Tcheck | Ttotal | Status | Flags |
---|---|---|---|---|---|---|
r-devel-linux-x86_64-debian-clang | 0.1 | 3.92 | 38.66 | 42.58 | NOTE | |
r-devel-linux-x86_64-debian-gcc | 0.1 | 3.42 | 29.13 | 32.55 | NOTE | |
r-devel-linux-x86_64-fedora-clang | 0.1 | 52.02 | NOTE | |||
r-devel-linux-x86_64-fedora-gcc | 0.1 | 50.93 | NOTE | |||
r-devel-windows-x86_64 | 0.1 | 5.00 | 60.00 | 65.00 | NOTE | |
r-patched-linux-x86_64 | 0.1 | 5.88 | 36.83 | 42.71 | NOTE | |
r-release-linux-x86_64 | 0.1 | 3.85 | 37.52 | 41.37 | NOTE | |
r-release-macos-arm64 | 0.1 | 20.00 | NOTE | |||
r-release-macos-x86_64 | 0.1 | 29.00 | NOTE | |||
r-release-windows-x86_64 | 0.1 | 7.00 | 61.00 | 68.00 | NOTE | |
r-oldrel-macos-arm64 | 0.1 | 20.00 | NOTE | |||
r-oldrel-macos-x86_64 | 0.1 | 29.00 | NOTE | |||
r-oldrel-windows-x86_64 | 0.1 | 6.00 | 54.00 | 60.00 | NOTE |
Version: 0.1
Check: Rd metadata
Result: NOTE
Invalid package aliases in Rd file ‘rstripe.Rd’:
‘rstripe-package’
Flavors: r-devel-linux-x86_64-debian-clang, r-devel-linux-x86_64-debian-gcc, r-devel-linux-x86_64-fedora-clang, r-devel-linux-x86_64-fedora-gcc, r-devel-windows-x86_64
Version: 0.1
Check: LazyData
Result: NOTE
'LazyData' is specified without a 'data' directory
Flavors: r-devel-linux-x86_64-debian-clang, r-devel-linux-x86_64-debian-gcc, r-devel-linux-x86_64-fedora-clang, r-devel-linux-x86_64-fedora-gcc, r-devel-windows-x86_64, r-patched-linux-x86_64, r-release-linux-x86_64, r-release-macos-arm64, r-release-macos-x86_64, r-release-windows-x86_64, r-oldrel-macos-arm64, r-oldrel-macos-x86_64, r-oldrel-windows-x86_64