Last updated on 2023-08-18 14:51:21 CEST.
| Flavor | Version | Tinstall | Tcheck | Ttotal | Status | Flags | 
|---|---|---|---|---|---|---|
| r-devel-linux-x86_64-debian-clang | 0.2.1 | 3.44 | 52.40 | 55.84 | NOTE | |
| r-devel-linux-x86_64-debian-gcc | 0.2.1 | 2.66 | 39.82 | 42.48 | NOTE | |
| r-devel-linux-x86_64-fedora-clang | 0.2.1 | 67.78 | NOTE | |||
| r-devel-linux-x86_64-fedora-gcc | 0.2.1 | 77.31 | NOTE | |||
| r-devel-windows-x86_64 | 0.2.1 | 5.00 | 66.00 | 71.00 | NOTE | |
| r-patched-linux-x86_64 | 0.2.1 | 4.31 | 50.13 | 54.44 | NOTE | |
| r-release-linux-x86_64 | 0.2.1 | 2.09 | 49.91 | 52.00 | NOTE | |
| r-release-macos-arm64 | 0.2.1 | 36.00 | NOTE | |||
| r-release-macos-x86_64 | 0.2.1 | 49.00 | NOTE | |||
| r-release-windows-x86_64 | 0.2.1 | 6.00 | 71.00 | 77.00 | NOTE | |
| r-oldrel-macos-arm64 | 0.2.1 | 26.00 | NOTE | |||
| r-oldrel-macos-x86_64 | 0.2.1 | 42.00 | NOTE | |||
| r-oldrel-windows-x86_64 | 0.2.1 | 5.00 | 68.00 | 73.00 | NOTE | 
Version: 0.2.1
Check: LazyData
Result: NOTE
      'LazyData' is specified without a 'data' directory
Flavors: r-devel-linux-x86_64-debian-clang, r-devel-linux-x86_64-debian-gcc, r-devel-linux-x86_64-fedora-clang, r-devel-linux-x86_64-fedora-gcc, r-devel-windows-x86_64, r-patched-linux-x86_64, r-release-linux-x86_64, r-release-macos-arm64, r-release-macos-x86_64, r-release-windows-x86_64, r-oldrel-macos-arm64, r-oldrel-macos-x86_64, r-oldrel-windows-x86_64