Last updated on 2023-08-26 08:01:29 CEST.
Flavor | Version | Tinstall | Tcheck | Ttotal | Status | Flags |
---|---|---|---|---|---|---|
r-devel-linux-x86_64-debian-clang | 0.1.0 | 14.04 | 123.72 | 137.76 | OK | |
r-devel-linux-x86_64-debian-gcc | 0.1.0 | 11.43 | 90.88 | 102.31 | OK | |
r-devel-linux-x86_64-fedora-clang | 0.1.0 | 164.70 | OK | |||
r-devel-linux-x86_64-fedora-gcc | 0.1.0 | 159.97 | OK | |||
r-devel-windows-x86_64 | 0.1.0 | 29.00 | 5.00 | 34.00 | ERROR | |
r-patched-linux-x86_64 | 0.1.0 | 13.98 | 119.84 | 133.82 | OK | |
r-release-linux-x86_64 | 0.1.0 | 12.86 | 119.34 | 132.20 | OK | |
r-release-macos-arm64 | 0.1.0 | 36.00 | OK | |||
r-release-macos-x86_64 | 0.1.0 | 55.00 | OK | |||
r-release-windows-x86_64 | 0.1.0 | 21.00 | 5.00 | 26.00 | ERROR | |
r-oldrel-macos-arm64 | 0.1.0 | 39.00 | OK | |||
r-oldrel-macos-x86_64 | 0.1.0 | 44.00 | OK | |||
r-oldrel-windows-x86_64 | 0.1.0 | 22.00 | 9.00 | 31.00 | ERROR |
Version: 0.1.0
Check: whether package can be installed
Result: ERROR
Installation failed.
Flavors: r-devel-windows-x86_64, r-release-windows-x86_64, r-oldrel-windows-x86_64