Last updated on 2023-08-28 06:52:24 CEST.
| Flavor | Version | Tinstall | Tcheck | Ttotal | Status | Flags | 
|---|---|---|---|---|---|---|
| r-devel-linux-x86_64-debian-clang | 5.5.3 | 14.41 | 31.60 | 46.01 | OK | |
| r-devel-linux-x86_64-debian-gcc | 5.5.3 | 10.22 | 23.97 | 34.19 | OK | |
| r-devel-linux-x86_64-fedora-clang | 5.5.3 | 59.36 | NOTE | |||
| r-devel-linux-x86_64-fedora-gcc | 5.5.3 | 70.77 | OK | |||
| r-devel-windows-x86_64 | 5.5.3 | 49.00 | 78.00 | 127.00 | NOTE | |
| r-patched-linux-x86_64 | 5.5.3 | 13.29 | 30.23 | 43.52 | OK | |
| r-release-linux-x86_64 | 5.5.3 | 13.05 | 30.44 | 43.49 | OK | |
| r-release-macos-arm64 | 5.5.3 | 36.00 | NOTE | |||
| r-release-macos-x86_64 | 5.5.3 | 83.00 | NOTE | |||
| r-release-windows-x86_64 | 5.5.3 | 98.00 | 47.00 | 145.00 | NOTE | |
| r-oldrel-macos-arm64 | 5.5.3 | 34.00 | NOTE | |||
| r-oldrel-macos-x86_64 | 5.5.3 | 47.00 | NOTE | |||
| r-oldrel-windows-x86_64 | 5.5.3 | 103.00 | 51.00 | 154.00 | NOTE | 
Version: 5.5.3
Check: installed package size
Result: NOTE
      installed size is 46.8Mb
      sub-directories of 1Mb or more:
        include  46.6Mb
Flavors: r-devel-linux-x86_64-fedora-clang, r-devel-windows-x86_64, r-release-macos-arm64, r-release-macos-x86_64, r-release-windows-x86_64, r-oldrel-macos-arm64, r-oldrel-macos-x86_64, r-oldrel-windows-x86_64