Last updated on 2023-09-21 14:55:02 CEST.
| Flavor | Version | Tinstall | Tcheck | Ttotal | Status | Flags | 
|---|---|---|---|---|---|---|
| r-devel-linux-x86_64-debian-clang | 0.1.6 | 86.74 | 213.17 | 299.91 | NOTE | |
| r-devel-linux-x86_64-debian-gcc | 0.1.6 | 71.80 | 156.82 | 228.62 | NOTE | |
| r-devel-linux-x86_64-fedora-clang | 0.1.6 | 374.79 | ERROR | |||
| r-devel-linux-x86_64-fedora-gcc | 0.1.6 | 423.55 | NOTE | |||
| r-devel-windows-x86_64 | 0.1.6 | 66.00 | 207.00 | 273.00 | NOTE | |
| r-patched-linux-x86_64 | 0.1.6 | 76.34 | 207.96 | 284.30 | NOTE | |
| r-release-linux-x86_64 | 0.1.6 | 67.50 | 202.43 | 269.93 | NOTE | |
| r-release-macos-arm64 | 0.1.6 | 132.00 | NOTE | |||
| r-release-macos-x86_64 | 0.1.6 | 197.00 | NOTE | |||
| r-release-windows-x86_64 | 0.1.6 | 87.00 | 246.00 | 333.00 | NOTE | |
| r-oldrel-macos-arm64 | 0.1.6 | 109.00 | NOTE | |||
| r-oldrel-macos-x86_64 | 0.1.6 | 139.00 | NOTE | |||
| r-oldrel-windows-x86_64 | 0.1.6 | 79.00 | 222.00 | 301.00 | NOTE | 
Version: 0.1.6
Check: LazyData
Result: NOTE
      'LazyData' is specified without a 'data' directory
Flavors: r-devel-linux-x86_64-debian-clang, r-devel-linux-x86_64-debian-gcc, r-devel-linux-x86_64-fedora-clang, r-devel-linux-x86_64-fedora-gcc, r-devel-windows-x86_64, r-patched-linux-x86_64, r-release-linux-x86_64, r-release-macos-arm64, r-release-macos-x86_64, r-release-windows-x86_64, r-oldrel-macos-arm64, r-oldrel-macos-x86_64, r-oldrel-windows-x86_64
Version: 0.1.6
Check: re-building of vignette outputs
Result: ERROR
    Error(s) in re-building vignettes:
    --- re-building ‘using_the_vennLasso_package.Rmd’ using rmarkdown
    ! Package natbib Error: Bibliography not compatible with author-year citations.
    
    Error: processing vignette 'using_the_vennLasso_package.Rmd' failed with diagnostics:
    LaTeX failed to compile /data/gannet/ripley/R/packages/tests-clang/vennLasso.Rcheck/vign_test/vennLasso/vignettes/using_the_vennLasso_package.tex. See https://yihui.org/tinytex/r/#debugging for debugging tips. See using_the_vennLasso_package.log for more info.
    --- failed re-building ‘using_the_vennLasso_package.Rmd’
    
    SUMMARY: processing the following file failed:
      ‘using_the_vennLasso_package.Rmd’
    
    Error: Vignette re-building failed.
    Execution halted
Flavor: r-devel-linux-x86_64-fedora-clang
Version: 0.1.6
Check: installed package size
Result: NOTE
      installed size is 27.3Mb
      sub-directories of 1Mb or more:
        libs  26.8Mb
Flavors: r-release-macos-arm64, r-release-macos-x86_64, r-oldrel-macos-arm64, r-oldrel-macos-x86_64