Last updated on 2023-09-26 08:04:14 CEST.
Flavor | Version | Tinstall | Tcheck | Ttotal | Status | Flags |
---|---|---|---|---|---|---|
r-devel-linux-x86_64-debian-clang | 1.0.0 | 3.26 | 31.68 | 34.94 | OK | |
r-devel-linux-x86_64-debian-gcc | 1.0.0 | 3.04 | 24.70 | 27.74 | OK | |
r-devel-linux-x86_64-fedora-clang | 1.0.0 | 45.43 | WARN | |||
r-devel-linux-x86_64-fedora-gcc | 1.0.0 | 44.35 | WARN | |||
r-devel-windows-x86_64 | 1.0.0 | 8.00 | 49.00 | 57.00 | OK | |
r-patched-linux-x86_64 | 1.0.0 | 3.95 | 30.95 | 34.90 | OK | |
r-release-linux-x86_64 | 1.0.0 | 3.26 | 31.28 | 34.54 | OK | |
r-release-macos-arm64 | 1.0.0 | 20.00 | OK | |||
r-release-macos-x86_64 | 1.0.0 | 27.00 | OK | |||
r-release-windows-x86_64 | 1.0.0 | 6.00 | 50.00 | 56.00 | OK | |
r-oldrel-macos-arm64 | 1.0.0 | 19.00 | OK | |||
r-oldrel-macos-x86_64 | 1.0.0 | 27.00 | OK | |||
r-oldrel-windows-x86_64 | 1.0.0 | 8.00 | 50.00 | 58.00 | OK |
Version: 1.0.0
Check: usage of KIND in Fortran files
Result: WARN
Found the following file with non-portable usage of KIND:
gtestingf.f95
For details set environment variable _R_CHECK_FORTRAN_KIND_DETAILS_ to
a true value.
Flavors: r-devel-linux-x86_64-fedora-clang, r-devel-linux-x86_64-fedora-gcc