Last updated on 2023-10-16 16:08:53 CEST.
| Flavor | Version | Tinstall | Tcheck | Ttotal | Status | Flags | 
|---|---|---|---|---|---|---|
| r-devel-linux-x86_64-debian-clang | 1.1.0 | 2.76 | 51.82 | 54.58 | NOTE | |
| r-devel-linux-x86_64-debian-gcc | 1.1.0 | 1.88 | 38.13 | 40.01 | NOTE | |
| r-devel-linux-x86_64-fedora-clang | 1.1.0 | 1.24 | ERROR | |||
| r-devel-linux-x86_64-fedora-gcc | 1.1.0 | 1.54 | ERROR | |||
| r-devel-windows-x86_64 | 1.1.0 | 4.00 | 56.00 | 60.00 | NOTE | |
| r-patched-linux-x86_64 | 1.1.0 | 2.46 | 51.23 | 53.69 | NOTE | |
| r-release-linux-x86_64 | 1.1.0 | NOTE | ||||
| r-release-macos-arm64 | 1.1.0 | 22.00 | NOTE | |||
| r-release-macos-x86_64 | 1.1.0 | 36.00 | NOTE | |||
| r-release-windows-x86_64 | 1.1.0 | 5.00 | 62.00 | 67.00 | NOTE | |
| r-oldrel-macos-arm64 | 1.1.0 | 24.00 | NOTE | |||
| r-oldrel-macos-x86_64 | 1.1.0 | 29.00 | NOTE | |||
| r-oldrel-windows-x86_64 | 1.1.0 | 5.00 | 66.00 | 71.00 | NOTE | 
Version: 1.1.0
Check: LazyData
Result: NOTE
      'LazyData' is specified without a 'data' directory
Flavors: r-devel-linux-x86_64-debian-clang, r-devel-linux-x86_64-debian-gcc, r-devel-windows-x86_64, r-patched-linux-x86_64, r-release-linux-x86_64, r-release-macos-arm64, r-release-macos-x86_64, r-release-windows-x86_64, r-oldrel-macos-arm64, r-oldrel-macos-x86_64, r-oldrel-windows-x86_64
Version: 1.1.0
Check: package dependencies
Result: ERROR
    Package required but not available: ‘rgdal’
    
    See section ‘The DESCRIPTION file’ in the ‘Writing R Extensions’
    manual.
Flavors: r-devel-linux-x86_64-fedora-clang, r-devel-linux-x86_64-fedora-gcc
Version: 1.1.0
Check: dependencies in R code
Result: NOTE
    Namespace in Imports field not imported from: ‘rgdal’
      All declared Imports should be used.
Flavor: r-oldrel-macos-x86_64