Last updated on 2023-10-16 19:05:04 CEST.
Flavor | Version | Tinstall | Tcheck | Ttotal | Status | Flags |
---|---|---|---|---|---|---|
r-devel-linux-x86_64-debian-clang | 0.5-1 | 23.21 | 170.85 | 194.06 | NOTE | |
r-devel-linux-x86_64-debian-gcc | 0.5-1 | 15.73 | 123.66 | 139.39 | NOTE | |
r-devel-linux-x86_64-fedora-gcc | 0.5-1 | 2.03 | ERROR | |||
r-devel-windows-x86_64 | 0.5-1 | 21.00 | 172.00 | 193.00 | NOTE | |
r-patched-linux-x86_64 | 0.5-1 | 21.37 | 157.66 | 179.03 | NOTE | |
r-release-linux-x86_64 | 0.5-1 | NOTE | ||||
r-release-macos-arm64 | 0.5-1 | 72.00 | NOTE | |||
r-release-macos-x86_64 | 0.5-1 | 119.00 | NOTE | |||
r-release-windows-x86_64 | 0.5-1 | 27.00 | 206.00 | 233.00 | NOTE | |
r-oldrel-macos-arm64 | 0.5-1 | 71.00 | OK | |||
r-oldrel-macos-x86_64 | 0.5-1 | 119.00 | OK | |||
r-oldrel-windows-x86_64 | 0.5-1 | 27.00 | 203.00 | 230.00 | OK |
Version: 0.5-1
Check: Rd files
Result: NOTE
checkRd: (-1) Trancura9414001.Rd:27: Escaped LaTeX specials: \_
checkRd: (-1) Trancura9414001.Rd:28: Escaped LaTeX specials: \_
checkRd: (-1) hydroPSO.Rd:390: Escaped LaTeX specials: \&
checkRd: (-1) hydroPSO.Rd:408: Escaped LaTeX specials: \&
Flavors: r-devel-linux-x86_64-debian-clang, r-devel-linux-x86_64-debian-gcc, r-devel-windows-x86_64, r-patched-linux-x86_64, r-release-linux-x86_64, r-release-macos-arm64, r-release-macos-x86_64, r-release-windows-x86_64
Version: 0.5-1
Check: package dependencies
Result: ERROR
Packages required but not available: 'hydroTSM', 'hydroGOF'
See section ‘The DESCRIPTION file’ in the ‘Writing R Extensions’
manual.
Flavor: r-devel-linux-x86_64-fedora-gcc