Last updated on 2023-10-31 07:03:45 CET.
| Flavor | Version | Tinstall | Tcheck | Ttotal | Status | Flags |
|---|---|---|---|---|---|---|
| r-devel-linux-x86_64-debian-clang | 1.1.0 | 1.91 | 1.91 | ERROR | ||
| r-devel-linux-x86_64-debian-gcc | 1.1.0 | 1.45 | 1.45 | ERROR | ||
| r-devel-linux-x86_64-fedora-clang | 1.1.0 | 2.04 | ERROR | |||
| r-devel-linux-x86_64-fedora-gcc | 1.1.0 | 2.02 | ERROR | |||
| r-devel-windows-x86_64 | 1.1.0 | 20.00 | 218.00 | 238.00 | OK | |
| r-patched-linux-x86_64 | 1.1.0 | 1.65 | 1.65 | ERROR | ||
| r-release-linux-x86_64 | 1.1.0 | 1.82 | 1.82 | ERROR | ||
| r-release-macos-arm64 | 1.1.0 | 107.00 | OK | |||
| r-release-macos-x86_64 | 1.1.0 | 176.00 | OK | |||
| r-release-windows-x86_64 | 1.1.0 | 24.00 | 264.00 | 288.00 | OK | |
| r-oldrel-macos-arm64 | 1.1.0 | 88.00 | OK | |||
| r-oldrel-macos-x86_64 | 1.1.0 | 170.00 | OK | |||
| r-oldrel-windows-x86_64 | 1.1.0 | 25.00 | 253.00 | 278.00 | OK |
Version: 1.1.0
Check: package dependencies
Result: ERROR
Package required but not available: ‘hydroGOF’
See section ‘The DESCRIPTION file’ in the ‘Writing R Extensions’
manual.
Flavors: r-devel-linux-x86_64-debian-clang, r-devel-linux-x86_64-debian-gcc, r-devel-linux-x86_64-fedora-clang, r-devel-linux-x86_64-fedora-gcc, r-patched-linux-x86_64, r-release-linux-x86_64