Last updated on 2023-11-05 03:56:50 CET.
Flavor | Version | Tinstall | Tcheck | Ttotal | Status | Flags |
---|---|---|---|---|---|---|
r-devel-linux-x86_64-debian-clang | 1.1.4 | 149.46 | 379.12 | 528.58 | OK | |
r-devel-linux-x86_64-debian-gcc | 1.1.4 | 111.06 | 284.36 | 395.42 | NOTE | |
r-devel-linux-x86_64-fedora-clang | 1.1.4 | 3.51 | ERROR | |||
r-devel-linux-x86_64-fedora-gcc | 1.1.4 | 732.14 | NOTE | |||
r-devel-windows-x86_64 | 1.1.4 | 106.00 | 307.00 | 413.00 | OK | |
r-patched-linux-x86_64 | 1.1.4 | 130.13 | 371.74 | 501.87 | OK | |
r-release-linux-x86_64 | 1.1.4 | 125.57 | 372.56 | 498.13 | OK | |
r-release-macos-arm64 | 1.1.4 | 219.00 | NOTE | |||
r-release-macos-x86_64 | 1.1.4 | 388.00 | NOTE | |||
r-release-windows-x86_64 | 1.1.4 | 143.00 | 382.00 | 525.00 | OK | |
r-oldrel-macos-arm64 | 1.1.4 | 10.00 | ERROR | |||
r-oldrel-macos-x86_64 | 1.1.4 | 238.00 | NOTE | |||
r-oldrel-windows-x86_64 | 1.1.4 | 127.00 | 367.00 | 494.00 | OK |
Version: 1.1.4
Check: package dependencies
Result: NOTE
Package suggested but not available for checking: ‘GENESIS’
Flavors: r-devel-linux-x86_64-debian-gcc, r-devel-linux-x86_64-fedora-gcc, r-release-macos-arm64, r-release-macos-x86_64
Version: 1.1.4
Check: package dependencies
Result: ERROR
Package required but not available: ‘SeqArray’
Package suggested but not available for checking: ‘GENESIS’
See section ‘The DESCRIPTION file’ in the ‘Writing R Extensions’
manual.
Flavors: r-devel-linux-x86_64-fedora-clang, r-oldrel-macos-arm64
Version: 1.1.4
Check: installed package size
Result: NOTE
installed size is 26.1Mb
sub-directories of 1Mb or more:
libs 24.9Mb
Flavors: r-release-macos-arm64, r-release-macos-x86_64, r-oldrel-macos-x86_64