Last updated on 2023-11-16 14:53:47 CET.
| Flavor | Version | Tinstall | Tcheck | Ttotal | Status | Flags | 
|---|---|---|---|---|---|---|
| r-devel-linux-x86_64-debian-clang | 1.0.5 | ERROR | ||||
| r-devel-linux-x86_64-debian-gcc | 1.0.5 | 11.01 | 114.02 | 125.03 | ERROR | |
| r-devel-linux-x86_64-fedora-clang | 1.0.5 | 218.60 | ERROR | |||
| r-devel-linux-x86_64-fedora-gcc | 1.0.5 | 204.83 | ERROR | |||
| r-devel-windows-x86_64 | 1.0.5 | 14.00 | 128.00 | 142.00 | ERROR | |
| r-patched-linux-x86_64 | 1.0.5 | 11.85 | 144.41 | 156.26 | ERROR | |
| r-release-linux-x86_64 | 1.0.5 | 13.01 | 142.38 | 155.39 | ERROR | |
| r-release-macos-arm64 | 1.0.5 | 75.00 | OK | |||
| r-release-macos-x86_64 | 1.0.5 | 124.00 | OK | |||
| r-release-windows-x86_64 | 1.0.5 | 17.00 | 151.00 | 168.00 | ERROR | |
| r-oldrel-macos-arm64 | 1.0.5 | 55.00 | NOTE | |||
| r-oldrel-macos-x86_64 | 1.0.5 | 145.00 | NOTE | |||
| r-oldrel-windows-x86_64 | 1.0.5 | 16.00 | 148.00 | 164.00 | ERROR | 
Version: 1.0.5
Check: re-building of vignette outputs
Result: ERROR
    Error(s) in re-building vignettes:
      ...
    --- re-building ‘Building_Benvos.Rmd’ using rmarkdown
    
    Quitting from lines 74-75 [unnamed-chunk-5] (Building_Benvos.Rmd)
    Error: processing vignette 'Building_Benvos.Rmd' failed with diagnostics:
    Could not resolve host: tile.stamen.com
    --- failed re-building ‘Building_Benvos.Rmd’
    
    --- re-building ‘Introduction.Rmd’ using rmarkdown
    --- finished re-building ‘Introduction.Rmd’
    
    SUMMARY: processing the following file failed:
      ‘Building_Benvos.Rmd’
    
    Error: Vignette re-building failed.
    Execution halted
Flavors: r-devel-linux-x86_64-debian-clang, r-devel-linux-x86_64-debian-gcc, r-patched-linux-x86_64, r-release-linux-x86_64
Version: 1.0.5
Check: data for non-ASCII characters
Result: NOTE
      Note: found 8 marked UTF-8 strings
Flavors: r-devel-linux-x86_64-fedora-clang, r-devel-linux-x86_64-fedora-gcc, r-oldrel-macos-arm64, r-oldrel-macos-x86_64
Version: 1.0.5
Check: re-building of vignette outputs
Result: ERROR
    Error(s) in re-building vignettes:
    --- re-building ‘Building_Benvos.Rmd’ using rmarkdown
    
    Quitting from lines 74-75 [unnamed-chunk-5] (Building_Benvos.Rmd)
    Error: processing vignette 'Building_Benvos.Rmd' failed with diagnostics:
    Could not resolve host: tile.stamen.com
    --- failed re-building ‘Building_Benvos.Rmd’
    
    --- re-building ‘Introduction.Rmd’ using rmarkdown
    --- finished re-building ‘Introduction.Rmd’
    
    SUMMARY: processing the following file failed:
      ‘Building_Benvos.Rmd’
    
    Error: Vignette re-building failed.
    Execution halted
Flavors: r-devel-linux-x86_64-fedora-clang, r-devel-linux-x86_64-fedora-gcc, r-devel-windows-x86_64, r-release-windows-x86_64, r-oldrel-windows-x86_64