Last updated on 2023-12-19 07:51:41 CET.
Flavor | Version | Tinstall | Tcheck | Ttotal | Status | Flags |
---|---|---|---|---|---|---|
r-devel-linux-x86_64-debian-clang | 1.0 | 55.95 | 76.08 | 132.03 | WARN | |
r-devel-linux-x86_64-debian-gcc | 1.0 | 41.26 | 59.64 | 100.90 | WARN | |
r-devel-linux-x86_64-fedora-clang | 1.0 | 210.52 | WARN | |||
r-devel-linux-x86_64-fedora-gcc | 1.0 | 195.08 | WARN | |||
r-devel-windows-x86_64 | 1.0 | 48.00 | 109.00 | 157.00 | WARN | |
r-patched-linux-x86_64 | 1.0 | 50.91 | 76.30 | 127.21 | WARN | |
r-release-linux-x86_64 | 1.0 | 51.40 | 76.68 | 128.08 | WARN | |
r-release-macos-arm64 | 1.0 | 52.00 | NOTE | |||
r-release-macos-x86_64 | 1.0 | 89.00 | NOTE | |||
r-release-windows-x86_64 | 1.0 | 61.00 | 118.00 | 179.00 | WARN | |
r-oldrel-macos-arm64 | 1.0 | 53.00 | OK | |||
r-oldrel-macos-x86_64 | 1.0 | 67.00 | OK | |||
r-oldrel-windows-x86_64 | 1.0 | 61.00 | 117.00 | 178.00 | WARN |
Version: 1.0
Check: whether package can be installed
Result: WARN
Found the following significant warnings:
HARDataCreationC.cpp:43:28: warning: 'operator<<' is deprecated: use braced initialiser list instead [-Wdeprecated-declarations]
See ‘/home/hornik/tmp/R.check/r-devel-clang/Work/PKGS/HARModel.Rcheck/00install.out’ for details.
* used C++ compiler: ‘Debian clang version 17.0.5 (1)’
Flavor: r-devel-linux-x86_64-debian-clang
Version: 1.0
Check: C++ specification
Result: NOTE
Specified C++11: please drop specification unless essential
Flavors: r-devel-linux-x86_64-debian-clang, r-devel-linux-x86_64-debian-gcc, r-devel-linux-x86_64-fedora-clang, r-devel-linux-x86_64-fedora-gcc, r-devel-windows-x86_64, r-patched-linux-x86_64, r-release-linux-x86_64, r-release-macos-arm64, r-release-macos-x86_64, r-release-windows-x86_64
Version: 1.0
Check: whether package can be installed
Result: WARN
Found the following significant warnings:
HARDataCreationC.cpp:43:31: warning: ‘arma::mat_injector<arma::Col<eT> > arma::Col<eT>::operator<<(eT) [with eT = double]’ is deprecated: use braced initialiser list instead [-Wdeprecated-declarations]
See ‘/home/hornik/tmp/R.check/r-devel-gcc/Work/PKGS/HARModel.Rcheck/00install.out’ for details.
* used C++ compiler: ‘g++-13 (Debian 13.2.0-7) 13.2.0’
Flavor: r-devel-linux-x86_64-debian-gcc
Version: 1.0
Check: whether package can be installed
Result: WARN
Found the following significant warnings:
HARDataCreationC.cpp:43:28: warning: 'operator<<' is deprecated: use braced initialiser list instead [-Wdeprecated-declarations]
See ‘/data/gannet/ripley/R/packages/tests-clang/HARModel.Rcheck/00install.out’ for details.
* used C++ compiler: ‘clang version 17.0.5’
Flavor: r-devel-linux-x86_64-fedora-clang
Version: 1.0
Check: whether package can be installed
Result: WARN
Found the following significant warnings:
HARDataCreationC.cpp:43:31: warning: 'arma::mat_injector<arma::Col<eT> > arma::Col<eT>::operator<<(eT) [with eT = double]' is deprecated: use braced initialiser list instead [-Wdeprecated-declarations]
See ‘/data/gannet/ripley/R/packages/tests-devel/HARModel.Rcheck/00install.out’ for details.
* used C++ compiler: ‘g++-13 (GCC) 13.2.0’
Flavor: r-devel-linux-x86_64-fedora-gcc
Version: 1.0
Check: whether package can be installed
Result: WARN
Found the following significant warnings:
HARDataCreationC.cpp:43:31: warning: 'arma::mat_injector<arma::Col<eT> > arma::Col<eT>::operator<<(eT) [with eT = double]' is deprecated: use braced initialiser list instead [-Wdeprecated-declarations]
See 'd:/Rcompile/CRANpkg/local/4.4/HARModel.Rcheck/00install.out' for details.
* used C++ compiler: 'g++.exe (GCC) 12.3.0'
Flavor: r-devel-windows-x86_64
Version: 1.0
Check: whether package can be installed
Result: WARN
Found the following significant warnings:
HARDataCreationC.cpp:43:31: warning: ‘arma::mat_injector<arma::Col<eT> > arma::Col<eT>::operator<<(eT) [with eT = double]’ is deprecated: use braced initialiser list instead [-Wdeprecated-declarations]
See ‘/home/hornik/tmp/R.check/r-patched-gcc/Work/PKGS/HARModel.Rcheck/00install.out’ for details.
* used C++ compiler: ‘g++-13 (Debian 13.2.0-7) 13.2.0’
Flavor: r-patched-linux-x86_64
Version: 1.0
Check: whether package can be installed
Result: WARN
Found the following significant warnings:
HARDataCreationC.cpp:43:31: warning: ‘arma::mat_injector<arma::Col<eT> > arma::Col<eT>::operator<<(eT) [with eT = double]’ is deprecated: use braced initialiser list instead [-Wdeprecated-declarations]
See ‘/home/hornik/tmp/R.check/r-release-gcc/Work/PKGS/HARModel.Rcheck/00install.out’ for details.
* used C++ compiler: ‘g++-13 (Debian 13.2.0-7) 13.2.0’
Flavor: r-release-linux-x86_64
Version: 1.0
Check: whether package can be installed
Result: WARN
Found the following significant warnings:
HARDataCreationC.cpp:43:31: warning: 'arma::mat_injector<arma::Col<eT> > arma::Col<eT>::operator<<(eT) [with eT = double]' is deprecated: use braced initialiser list instead [-Wdeprecated-declarations]
See 'd:/Rcompile/CRANpkg/local/4.3/HARModel.Rcheck/00install.out' for details.
* used C++ compiler: 'g++.exe (GCC) 12.3.0'
Flavor: r-release-windows-x86_64
Version: 1.0
Check: whether package can be installed
Result: WARN
Found the following significant warnings:
HARDataCreationC.cpp:43:31: warning: 'arma::mat_injector<arma::Col<eT> > arma::Col<eT>::operator<<(eT) [with eT = double]' is deprecated: use braced initialiser list instead [-Wdeprecated-declarations]
Flavor: r-oldrel-windows-x86_64