Last updated on 2024-01-11 10:49:29 CET.
| Flavor | Version | Tinstall | Tcheck | Ttotal | Status | Flags | 
|---|---|---|---|---|---|---|
| r-devel-linux-x86_64-debian-clang | 1.1.0 | 6.33 | 44.41 | 50.74 | ERROR | |
| r-devel-linux-x86_64-debian-gcc | 1.1.0 | 4.64 | 33.48 | 38.12 | ERROR | |
| r-devel-linux-x86_64-fedora-clang | 1.1.0 | 61.26 | ERROR | |||
| r-devel-linux-x86_64-fedora-gcc | 1.1.0 | 57.27 | ERROR | |||
| r-devel-windows-x86_64 | 1.1.0 | 6.00 | 53.00 | 59.00 | ERROR | |
| r-patched-linux-x86_64 | 1.1.0 | 5.72 | 41.96 | 47.68 | ERROR | |
| r-release-linux-x86_64 | 1.1.0 | 4.02 | 42.12 | 46.14 | ERROR | |
| r-release-macos-arm64 | 1.1.0 | 30.00 | OK | |||
| r-release-macos-x86_64 | 1.1.0 | 49.00 | OK | |||
| r-release-windows-x86_64 | 1.1.0 | 7.00 | 57.00 | 64.00 | ERROR | |
| r-oldrel-macos-arm64 | 1.1.0 | 30.00 | OK | |||
| r-oldrel-windows-x86_64 | 1.1.0 | 10.00 | 65.00 | 75.00 | ERROR | 
Version: 1.1.0
Check: examples
Result: ERROR
  Running examples in ‘oldbailey-Ex.R’ failed
  The error most likely occurred in:
  
  > base::assign(".ptime", proc.time(), pos = "CheckExEnv")
  > ### Name: find_trials
  > ### Title: Find Old Bailey Trials
  > ### Aliases: find_trials
  > 
  > ### ** Examples
  > 
  > # Return a dataframe with 5 trials.
  > trials <- find_trials(n_results = 5)
  Error: lexical error: invalid char in json text.
                                         <!doctype html><html lang="en">
                       (right here) ------^
  Execution halted
Flavors: r-devel-linux-x86_64-debian-clang, r-devel-linux-x86_64-debian-gcc, r-patched-linux-x86_64, r-release-linux-x86_64
Version: 1.1.0
Check: examples
Result: ERROR
  Running examples in ‘oldbailey-Ex.R’ failed
  The error most likely occurred in:
  
  > ### Name: find_trials
  > ### Title: Find Old Bailey Trials
  > ### Aliases: find_trials
  > 
  > ### ** Examples
  > 
  > # Return a dataframe with 5 trials.
  > trials <- find_trials(n_results = 5)
  Error: lexical error: invalid char in json text.
                                         <!doctype html><html lang="en">
                       (right here) ------^
  Execution halted
Flavors: r-devel-linux-x86_64-fedora-clang, r-devel-linux-x86_64-fedora-gcc, r-devel-windows-x86_64, r-release-windows-x86_64, r-oldrel-windows-x86_64