Last updated on 2024-01-12 16:49:00 CET.
Flavor | Version | Tinstall | Tcheck | Ttotal | Status | Flags |
---|---|---|---|---|---|---|
r-devel-linux-x86_64-debian-clang | 2.0.2 | 52.88 | 90.20 | 143.08 | NOTE | |
r-devel-linux-x86_64-debian-gcc | 2.0.2 | 48.08 | 69.27 | 117.35 | WARN | |
r-devel-linux-x86_64-fedora-clang | 2.0.2 | 198.21 | NOTE | |||
r-devel-linux-x86_64-fedora-gcc | 2.0.2 | 201.05 | WARN | |||
r-devel-windows-x86_64 | 2.0.2 | 50.00 | 102.00 | 152.00 | NOTE | |
r-patched-linux-x86_64 | 2.0.2 | 54.52 | 90.27 | 144.79 | NOTE | |
r-release-linux-x86_64 | 2.0.2 | 53.44 | 89.73 | 143.17 | NOTE | |
r-release-macos-arm64 | 2.0.2 | 62.00 | NOTE | |||
r-release-macos-x86_64 | 2.0.2 | 96.00 | NOTE | |||
r-release-windows-x86_64 | 2.0.2 | 62.00 | 125.00 | 187.00 | NOTE | |
r-oldrel-macos-arm64 | 2.0.2 | 52.00 | OK | |||
r-oldrel-windows-x86_64 | 2.0.2 | 61.00 | 127.00 | 188.00 | OK |
Version: 2.0.2
Check: C++ specification
Result: NOTE
Specified C++11: please drop specification unless essential
Flavors: r-devel-linux-x86_64-debian-clang, r-devel-linux-x86_64-debian-gcc, r-devel-linux-x86_64-fedora-clang, r-devel-linux-x86_64-fedora-gcc, r-devel-windows-x86_64, r-patched-linux-x86_64, r-release-linux-x86_64, r-release-macos-arm64, r-release-macos-x86_64, r-release-windows-x86_64
Version: 2.0.2
Check: whether package can be installed
Result: WARN
Found the following significant warnings:
/home/hornik/tmp/R.check/r-devel-gcc/Work/build/Packages/BH/include/boost/math/tools/config.hpp:23:6: warning: #warning before C++23 is a GCC extension
See ‘/home/hornik/tmp/R.check/r-devel-gcc/Work/PKGS/beam.Rcheck/00install.out’ for details.
* used C++ compiler: ‘g++-13 (Debian 13.2.0-9) 13.2.0’
Flavor: r-devel-linux-x86_64-debian-gcc
Version: 2.0.2
Check: whether package can be installed
Result: WARN
Found the following significant warnings:
/data/gannet/ripley/R/test-dev/BH/include/boost/math/tools/config.hpp:23:6: warning: #warning before C++23 is a GCC extension
See ‘/data/gannet/ripley/R/packages/tests-devel/beam.Rcheck/00install.out’ for details.
* used C++ compiler: ‘g++-13 (GCC) 13.2.0’
Flavor: r-devel-linux-x86_64-fedora-gcc