Last updated on 2024-01-22 17:54:56 CET.
| Flavor | Version | Tinstall | Tcheck | Ttotal | Status | Flags | 
|---|---|---|---|---|---|---|
| r-devel-linux-x86_64-debian-clang | 0.1.5 | 54.89 | 129.01 | 183.90 | NOTE | |
| r-devel-linux-x86_64-debian-gcc | 0.1.5 | 42.97 | 93.93 | 136.90 | NOTE | |
| r-devel-linux-x86_64-fedora-clang | 0.1.5 | 247.90 | NOTE | |||
| r-devel-linux-x86_64-fedora-gcc | 0.1.5 | 254.08 | NOTE | |||
| r-devel-windows-x86_64 | 0.1.5 | 46.00 | 125.00 | 171.00 | NOTE | |
| r-patched-linux-x86_64 | 0.1.5 | 50.95 | 125.25 | 176.20 | NOTE | |
| r-release-linux-x86_64 | 0.1.5 | 49.06 | 124.55 | 173.61 | NOTE | |
| r-release-macos-arm64 | 0.1.5 | 78.00 | NOTE | |||
| r-release-macos-x86_64 | 0.1.5 | 119.00 | NOTE | |||
| r-release-windows-x86_64 | 0.1.5 | 63.00 | 154.00 | 217.00 | NOTE | |
| r-oldrel-macos-arm64 | 0.1.5 | 59.00 | NOTE | |||
| r-oldrel-windows-x86_64 | 0.1.5 | 56.00 | 145.00 | 201.00 | NOTE | 
Version: 0.1.5
Check: Rd \usage sections
Result: NOTE
  S3 methods shown with full name in Rd file 'BIC.threshold.Rd':
    ‘BIC.threshold’
  
  S3 methods shown with full name in Rd file 'BIC.threshold.ggm.Rd':
    ‘BIC.threshold.ggm’
  
  The \usage entries for S3 methods should use the \method markup and not
  their full name.
  See chapter ‘Writing R documentation files’ in the ‘Writing R
  Extensions’ manual.
Flavors: r-devel-linux-x86_64-debian-clang, r-devel-linux-x86_64-debian-gcc, r-devel-linux-x86_64-fedora-clang, r-devel-linux-x86_64-fedora-gcc, r-devel-windows-x86_64
Version: 0.1.5
Check: LazyData
Result: NOTE
    'LazyData' is specified without a 'data' directory
Flavors: r-devel-linux-x86_64-debian-clang, r-devel-linux-x86_64-debian-gcc, r-devel-linux-x86_64-fedora-clang, r-devel-linux-x86_64-fedora-gcc, r-devel-windows-x86_64, r-patched-linux-x86_64, r-release-linux-x86_64, r-release-macos-arm64, r-release-macos-x86_64, r-release-windows-x86_64, r-oldrel-macos-arm64, r-oldrel-windows-x86_64
Version: 0.1.5
Check: Rd \usage sections
Result: NOTE
  S3 methods shown with full name in documentation object 'BIC.threshold':
    ‘BIC.threshold’
  
  S3 methods shown with full name in documentation object 'BIC.threshold.ggm':
    ‘BIC.threshold.ggm’
  
  The \usage entries for S3 methods should use the \method markup and not
  their full name.
  See chapter ‘Writing R documentation files’ in the ‘Writing R
  Extensions’ manual.
Flavors: r-patched-linux-x86_64, r-release-linux-x86_64, r-release-macos-arm64, r-release-macos-x86_64, r-release-windows-x86_64