Last updated on 2024-01-22 17:54:53 CET.
Flavor | Version | Tinstall | Tcheck | Ttotal | Status | Flags |
---|---|---|---|---|---|---|
r-devel-linux-x86_64-debian-clang | 1.6.11 | 8.75 | 104.36 | 113.11 | NOTE | |
r-devel-linux-x86_64-debian-gcc | 1.6.11 | 9.16 | 78.39 | 87.55 | NOTE | |
r-devel-linux-x86_64-fedora-clang | 1.6.11 | 142.45 | NOTE | |||
r-devel-linux-x86_64-fedora-gcc | 1.6.11 | 147.55 | NOTE | |||
r-devel-windows-x86_64 | 1.6.11 | 11.00 | 102.00 | 113.00 | NOTE | |
r-patched-linux-x86_64 | 1.6.11 | 10.08 | 103.15 | 113.23 | OK | |
r-release-linux-x86_64 | 1.6.11 | 9.72 | 102.23 | 111.95 | OK | |
r-release-macos-arm64 | 1.6.11 | 58.00 | OK | |||
r-release-macos-x86_64 | 1.6.11 | 123.00 | OK | |||
r-release-windows-x86_64 | 1.6.11 | 17.00 | 119.00 | 136.00 | OK | |
r-oldrel-macos-arm64 | 1.6.11 | 47.00 | OK | |||
r-oldrel-windows-x86_64 | 1.6.11 | 16.00 | 116.00 | 132.00 | OK |
Version: 1.6.11
Check: Rd \usage sections
Result: NOTE
Documented arguments not in \usage in Rd file 'variables_query-method.Rd':
‘variables’
Functions with \usage entries need to have the appropriate \alias
entries, and all their arguments documented.
The \usage entries must correspond to syntactically valid R code.
See chapter ‘Writing R documentation files’ in the ‘Writing R
Extensions’ manual.
Flavors: r-devel-linux-x86_64-debian-clang, r-devel-linux-x86_64-debian-gcc, r-devel-linux-x86_64-fedora-clang, r-devel-linux-x86_64-fedora-gcc, r-devel-windows-x86_64