Last updated on 2024-01-22 17:55:03 CET.
Flavor | Version | Tinstall | Tcheck | Ttotal | Status | Flags |
---|---|---|---|---|---|---|
r-devel-linux-x86_64-debian-clang | 0.4.1 | 147.43 | 44.23 | 191.66 | WARN | |
r-devel-linux-x86_64-debian-gcc | 0.4.1 | 104.92 | 34.95 | 139.87 | WARN | |
r-devel-linux-x86_64-fedora-clang | 0.4.1 | 241.20 | WARN | |||
r-devel-linux-x86_64-fedora-gcc | 0.4.1 | 273.52 | WARN | |||
r-devel-windows-x86_64 | 0.4.1 | 98.00 | 82.00 | 180.00 | NOTE | |
r-patched-linux-x86_64 | 0.4.1 | 117.13 | 43.83 | 160.96 | WARN | |
r-release-linux-x86_64 | 0.4.1 | 115.96 | 43.91 | 159.87 | WARN | |
r-release-macos-arm64 | 0.4.1 | 75.00 | NOTE | |||
r-release-macos-x86_64 | 0.4.1 | 126.00 | NOTE | |||
r-release-windows-x86_64 | 0.4.1 | 128.00 | 90.00 | 218.00 | NOTE | |
r-oldrel-macos-arm64 | 0.4.1 | 65.00 | NOTE | |||
r-oldrel-windows-x86_64 | 0.4.1 | 118.00 | 88.00 | 206.00 | NOTE |
Version: 0.4.1
Check: whether package can be installed
Result: WARN
Found the following significant warnings:
/home/hornik/tmp/R.check/r-devel-clang/Work/build/Packages/BH/include/boost/math/tools/config.hpp:23:6: warning: "The minimum language standard to use Boost.Math will be C++14 starting in July 2023 (Boost 1.82 release)" [-W#warnings]
/home/hornik/tmp/R.check/r-devel-clang/Work/build/Packages/BH/include/boost/multiprecision/detail/standalone_config.hpp:36:7: warning: "The minimum language standard to use Boost.Math will be C++14 starting in July 2023 (Boost 1.82 release)" [-W#warnings]
See ‘/home/hornik/tmp/R.check/r-devel-clang/Work/PKGS/rootWishart.Rcheck/00install.out’ for details.
* used C compiler: ‘Debian clang version 17.0.6 (3)’
* used C++ compiler: ‘Debian clang version 17.0.6 (3)’
Flavor: r-devel-linux-x86_64-debian-clang
Version: 0.4.1
Check: C++ specification
Result: NOTE
Specified C++11: please drop specification unless essential
Flavors: r-devel-linux-x86_64-debian-clang, r-devel-linux-x86_64-debian-gcc, r-devel-linux-x86_64-fedora-clang, r-devel-linux-x86_64-fedora-gcc, r-devel-windows-x86_64, r-patched-linux-x86_64, r-release-linux-x86_64, r-release-macos-arm64, r-release-macos-x86_64, r-release-windows-x86_64
Version: 0.4.1
Check: LazyData
Result: NOTE
'LazyData' is specified without a 'data' directory
Flavors: r-devel-linux-x86_64-debian-clang, r-devel-linux-x86_64-debian-gcc, r-devel-linux-x86_64-fedora-clang, r-devel-linux-x86_64-fedora-gcc, r-devel-windows-x86_64, r-patched-linux-x86_64, r-release-linux-x86_64, r-release-macos-arm64, r-release-macos-x86_64, r-release-windows-x86_64, r-oldrel-macos-arm64, r-oldrel-windows-x86_64
Version: 0.4.1
Check: whether package can be installed
Result: WARN
Found the following significant warnings:
/home/hornik/tmp/R.check/r-devel-gcc/Work/build/Packages/BH/include/boost/math/tools/config.hpp:23:6: warning: #warning before C++23 is a GCC extension
/home/hornik/tmp/R.check/r-devel-gcc/Work/build/Packages/BH/include/boost/multiprecision/detail/standalone_config.hpp:36:7: warning: #warning before C++23 is a GCC extension
See ‘/home/hornik/tmp/R.check/r-devel-gcc/Work/PKGS/rootWishart.Rcheck/00install.out’ for details.
* used C compiler: ‘gcc-13 (Debian 13.2.0-9) 13.2.0’
* used C++ compiler: ‘g++-13 (Debian 13.2.0-9) 13.2.0’
Flavor: r-devel-linux-x86_64-debian-gcc
Version: 0.4.1
Check: whether package can be installed
Result: WARN
Found the following significant warnings:
/data/gannet/ripley/R/test-clang/BH/include/boost/math/tools/config.hpp:23:6: warning: "The minimum language standard to use Boost.Math will be C++14 starting in July 2023 (Boost 1.82 release)" [-W#warnings]
/data/gannet/ripley/R/test-clang/BH/include/boost/multiprecision/detail/standalone_config.hpp:36:7: warning: "The minimum language standard to use Boost.Math will be C++14 starting in July 2023 (Boost 1.82 release)" [-W#warnings]
See ‘/data/gannet/ripley/R/packages/tests-clang/rootWishart.Rcheck/00install.out’ for details.
* used C compiler: ‘clang version 17.0.6’
* used C++ compiler: ‘clang version 17.0.6’
Flavor: r-devel-linux-x86_64-fedora-clang
Version: 0.4.1
Check: whether package can be installed
Result: WARN
Found the following significant warnings:
/data/gannet/ripley/R/test-dev/BH/include/boost/math/tools/config.hpp:23:6: warning: #warning before C++23 is a GCC extension
/data/gannet/ripley/R/test-dev/BH/include/boost/multiprecision/detail/standalone_config.hpp:36:7: warning: #warning before C++23 is a GCC extension
See ‘/data/gannet/ripley/R/packages/tests-devel/rootWishart.Rcheck/00install.out’ for details.
* used C compiler: ‘gcc-13 (GCC) 13.2.0’
* used C++ compiler: ‘g++-13 (GCC) 13.2.0’
Flavor: r-devel-linux-x86_64-fedora-gcc
Version: 0.4.1
Check: whether package can be installed
Result: WARN
Found the following significant warnings:
/home/hornik/tmp/R.check/r-patched-gcc/Work/build/Packages/BH/include/boost/math/tools/config.hpp:23:6: warning: #warning before C++23 is a GCC extension
/home/hornik/tmp/R.check/r-patched-gcc/Work/build/Packages/BH/include/boost/multiprecision/detail/standalone_config.hpp:36:7: warning: #warning before C++23 is a GCC extension
See ‘/home/hornik/tmp/R.check/r-patched-gcc/Work/PKGS/rootWishart.Rcheck/00install.out’ for details.
* used C compiler: ‘gcc-13 (Debian 13.2.0-9) 13.2.0’
* used C++ compiler: ‘g++-13 (Debian 13.2.0-9) 13.2.0’
Flavor: r-patched-linux-x86_64
Version: 0.4.1
Check: whether package can be installed
Result: WARN
Found the following significant warnings:
/home/hornik/tmp/R.check/r-release-gcc/Work/build/Packages/BH/include/boost/math/tools/config.hpp:23:6: warning: #warning before C++23 is a GCC extension
/home/hornik/tmp/R.check/r-release-gcc/Work/build/Packages/BH/include/boost/multiprecision/detail/standalone_config.hpp:36:7: warning: #warning before C++23 is a GCC extension
See ‘/home/hornik/tmp/R.check/r-release-gcc/Work/PKGS/rootWishart.Rcheck/00install.out’ for details.
* used C compiler: ‘gcc-13 (Debian 13.2.0-9) 13.2.0’
* used C++ compiler: ‘g++-13 (Debian 13.2.0-9) 13.2.0’
Flavor: r-release-linux-x86_64
Version: 0.4.1
Check: installed package size
Result: NOTE
installed size is 20.8Mb
sub-directories of 1Mb or more:
libs 20.7Mb
Flavors: r-release-macos-arm64, r-release-macos-x86_64, r-oldrel-macos-arm64