Last updated on 2024-01-26 16:54:01 CET.
Flavor | Version | Tinstall | Tcheck | Ttotal | Status | Flags |
---|---|---|---|---|---|---|
r-devel-linux-x86_64-debian-clang | 0.2.1 | 59.33 | 54.37 | 113.70 | NOTE | |
r-devel-linux-x86_64-debian-gcc | 0.2.1 | 39.56 | 40.88 | 80.44 | NOTE | |
r-devel-linux-x86_64-fedora-clang | 0.2.1 | 5.65 | ERROR | |||
r-devel-linux-x86_64-fedora-gcc | 0.2.1 | 171.86 | ERROR | |||
r-devel-windows-x86_64 | 0.2.1 | 46.00 | 93.00 | 139.00 | NOTE | |
r-patched-linux-x86_64 | 0.2.1 | 51.30 | 52.34 | 103.64 | NOTE | |
r-release-linux-x86_64 | 0.2.1 | 49.90 | 52.32 | 102.22 | NOTE | |
r-release-macos-arm64 | 0.2.1 | 56.00 | NOTE | |||
r-release-macos-x86_64 | 0.2.1 | 80.00 | NOTE | |||
r-release-windows-x86_64 | 0.2.1 | 58.00 | 104.00 | 162.00 | NOTE | |
r-oldrel-macos-arm64 | 0.2.1 | 43.00 | OK | |||
r-oldrel-windows-x86_64 | 0.2.1 | 56.00 | 100.00 | 156.00 | OK |
Version: 0.2.1
Check: C++ specification
Result: NOTE
Specified C++11: please drop specification unless essential
Flavors: r-devel-linux-x86_64-debian-clang, r-devel-linux-x86_64-debian-gcc, r-devel-linux-x86_64-fedora-gcc, r-devel-windows-x86_64, r-patched-linux-x86_64, r-release-linux-x86_64, r-release-macos-arm64, r-release-macos-x86_64, r-release-windows-x86_64
Version: 0.2.1
Check: package dependencies
Result: NOTE
Package suggested but not available for checking: ‘HHG’
Flavors: r-devel-linux-x86_64-fedora-clang, r-devel-linux-x86_64-fedora-gcc
Version: 0.2.1
Check: whether package can be installed
Result: ERROR
Installation failed.
Flavor: r-devel-linux-x86_64-fedora-clang
Version: 0.2.1
Check: examples
Result: ERROR
Running examples in ‘perfectphyloR-Ex.R’ failed
The error most likely occurred in:
> ### Name: HHGtest
> ### Title: HHG test for association of two distance matrices
> ### Aliases: HHGtest
>
> ### ** Examples
>
>
> x <- runif(8)
> y <- runif(8)
> # Distance matrices
> distX = as.matrix(dist(x, upper = TRUE, diag = TRUE))
> distY = as.matrix(dist(y, upper = TRUE, diag = TRUE))
>
> HHGtest(Dx = distX, Dy = distY, nperm = 1000)
Error: Package "HHG" needed for this function to work. Please install it.
Execution halted
Flavor: r-devel-linux-x86_64-fedora-gcc
Version: 0.2.1
Check: package dependencies
Result: NOTE
Package suggested but not available for checking: ‘vcfR’
Flavor: r-release-macos-x86_64