Last updated on 2024-01-28 09:51:17 CET.
| Flavor | Version | Tinstall | Tcheck | Ttotal | Status | Flags | 
|---|---|---|---|---|---|---|
| r-devel-linux-x86_64-debian-clang | 1.3 | 10.52 | 77.45 | 87.97 | NOTE | |
| r-devel-linux-x86_64-debian-gcc | 1.3 | 6.61 | 59.92 | 66.53 | NOTE | |
| r-devel-linux-x86_64-fedora-clang | 1.3 | 109.18 | NOTE | |||
| r-devel-linux-x86_64-fedora-gcc | 1.3 | 104.79 | NOTE | |||
| r-devel-windows-x86_64 | 1.3 | 9.00 | 76.00 | 85.00 | NOTE | |
| r-patched-linux-x86_64 | 1.3 | 9.29 | 76.89 | 86.18 | OK | |
| r-release-linux-x86_64 | 1.3 | 7.76 | 76.84 | 84.60 | OK | |
| r-release-macos-arm64 | 1.3 | 40.00 | OK | |||
| r-release-macos-x86_64 | 1.3 | 58.00 | OK | |||
| r-release-windows-x86_64 | 1.3 | 11.00 | 90.00 | 101.00 | OK | |
| r-oldrel-macos-arm64 | 1.3 | 48.00 | OK | |||
| r-oldrel-windows-x86_64 | 1.3 | 11.00 | 91.00 | 102.00 | OK | 
Version: 1.3
Check: Rd metadata
Result: NOTE
  Rd files without \alias:
    ‘imputeYn-package.Rd’
Flavors: r-devel-linux-x86_64-debian-clang, r-devel-linux-x86_64-debian-gcc, r-devel-linux-x86_64-fedora-clang, r-devel-linux-x86_64-fedora-gcc, r-devel-windows-x86_64