Last updated on 2024-02-15 09:48:49 CET.
Flavor | Version | Tinstall | Tcheck | Ttotal | Status | Flags |
---|---|---|---|---|---|---|
r-devel-linux-x86_64-debian-clang | 2024.1.31 | 4.15 | 102.83 | 106.98 | ERROR | |
r-devel-linux-x86_64-debian-gcc | 2024.1.31 | 2.48 | 82.34 | 84.82 | OK | |
r-devel-linux-x86_64-fedora-clang | 2024.1.31 | 130.30 | ERROR | |||
r-devel-linux-x86_64-fedora-gcc | 2024.1.31 | 142.58 | OK | |||
r-devel-windows-x86_64 | 2024.1.31 | 4.00 | 948.00 | 952.00 | OK | |
r-patched-linux-x86_64 | 2024.1.31 | 4.32 | 107.52 | 111.84 | OK | |
r-release-linux-x86_64 | 2024.1.31 | 2.83 | 105.11 | 107.94 | OK | |
r-release-macos-arm64 | 2024.1.31 | 59.00 | OK | |||
r-release-macos-x86_64 | 2024.1.31 | 166.00 | OK | |||
r-release-windows-x86_64 | 2024.1.31 | 4.00 | 0.00 | 4.00 | FAIL | |
r-oldrel-macos-arm64 | 2024.1.31 | 64.00 | OK | |||
r-oldrel-windows-x86_64 | 2024.1.31 | 6.00 | 0.00 | 6.00 | FAIL |
Version: 2024.1.31
Check: package dependencies
Result: NOTE
Package suggested but not available for checking: ‘arrow’
Flavors: r-devel-linux-x86_64-debian-clang, r-devel-linux-x86_64-fedora-clang
Version: 2024.1.31
Check: re-building of vignette outputs
Result: ERROR
Error(s) in re-building vignettes:
...
--- re-building ‘v0-overview.Rmd’ using rmarkdown
--- finished re-building ‘v0-overview.Rmd’
--- re-building ‘v1-capture-first.Rmd’ using rmarkdown
--- finished re-building ‘v1-capture-first.Rmd’
--- re-building ‘v2-capture-all.Rmd’ using rmarkdown
--- finished re-building ‘v2-capture-all.Rmd’
--- re-building ‘v3-capture-melt.Rmd’ using rmarkdown
--- finished re-building ‘v3-capture-melt.Rmd’
--- re-building ‘v4-comparisons.Rmd’ using rmarkdown
--- finished re-building ‘v4-comparisons.Rmd’
--- re-building ‘v5-helpers.Rmd’ using rmarkdown
--- finished re-building 'v5-helpers.Rmd'
--- re-building ‘v6-engines.Rmd’ using rmarkdown
--- finished re-building ‘v6-engines.Rmd’
--- re-building ‘v7-capture-glob.Rmd’ using rmarkdown
Failed with error: 'there is no package called 'arrow''
Quitting from lines 170-171 [unnamed-chunk-12] (v7-capture-glob.Rmd)
Error: processing vignette 'v7-capture-glob.Rmd' failed with diagnostics:
object 'hive.files' not found
--- failed re-building ‘v7-capture-glob.Rmd’
SUMMARY: processing the following file failed:
‘v7-capture-glob.Rmd’
Error: Vignette re-building failed.
Execution halted
Flavor: r-devel-linux-x86_64-debian-clang
Version: 2024.1.31
Check: re-building of vignette outputs
Result: ERROR
Error(s) in re-building vignettes:
--- re-building ‘v0-overview.Rmd’ using rmarkdown
--- finished re-building ‘v0-overview.Rmd’
--- re-building ‘v1-capture-first.Rmd’ using rmarkdown
--- finished re-building ‘v1-capture-first.Rmd’
--- re-building ‘v2-capture-all.Rmd’ using rmarkdown
--- finished re-building ‘v2-capture-all.Rmd’
--- re-building ‘v3-capture-melt.Rmd’ using rmarkdown
--- finished re-building ‘v3-capture-melt.Rmd’
--- re-building ‘v4-comparisons.Rmd’ using rmarkdown
--- finished re-building ‘v4-comparisons.Rmd’
--- re-building ‘v5-helpers.Rmd’ using rmarkdown
--- finished re-building 'v5-helpers.Rmd'
--- re-building ‘v6-engines.Rmd’ using rmarkdown
--- finished re-building ‘v6-engines.Rmd’
--- re-building ‘v7-capture-glob.Rmd’ using rmarkdown
Failed with error: 'there is no package called 'arrow''
Quitting from lines 170-171 [unnamed-chunk-12] (v7-capture-glob.Rmd)
Error: processing vignette 'v7-capture-glob.Rmd' failed with diagnostics:
object 'hive.files' not found
--- failed re-building ‘v7-capture-glob.Rmd’
SUMMARY: processing the following file failed:
‘v7-capture-glob.Rmd’
Error: Vignette re-building failed.
Execution halted
Flavor: r-devel-linux-x86_64-fedora-clang
Version: 2024.1.31
Check: tests
Result: FAIL
Check process probably crashed or hung up for 20 minutes ... killed
Most likely this happened in the example checks (?),
if not, ignore the following last lines of example output:
$fun.list$chromStart
function (x, ...) .Primitive("as.integer")
$fun.list$chromEnd
function (x, ...) .Primitive("as.integer")
$pattern
[1] "(chr.*?):([0-9]+)(?:-([0-9]+))?"
>
>
>
>
> ### * <FOOTER>
> ###
> cleanEx()
> options(digits = 7L)
> base::cat("Time elapsed: ", proc.time() - base::get("ptime", pos = 'CheckExEnv'),"\n")
Time elapsed: 9.59 0.5 10.11 NA NA
> grDevices::dev.off()
null device
1
> ###
> ### Local variables: ***
> ### mode: outline-minor ***
> ### outline-regexp: "\\(> \\)?### [*]+" ***
> ### End: ***
> quit('no')
======== End of example output (where/before crash/hang up occured ?) ========
Flavor: r-release-windows-x86_64
Version: 2024.1.31
Check: tests
Result: FAIL
Check process probably crashed or hung up for 20 minutes ... killed
Most likely this happened in the example checks (?),
if not, ignore the following last lines of example output:
$fun.list$chromStart
function (x, ...) .Primitive("as.integer")
$fun.list$chromEnd
function (x, ...) .Primitive("as.integer")
$pattern
[1] "(chr.*?):([0-9]+)(?:-([0-9]+))?"
>
>
>
>
> ### * <FOOTER>
> ###
> cleanEx()
> options(digits = 7L)
> base::cat("Time elapsed: ", proc.time() - base::get("ptime", pos = 'CheckExEnv'),"\n")
Time elapsed: 9.38 0.52 9.84 NA NA
> grDevices::dev.off()
null device
1
> ###
> ### Local variables: ***
> ### mode: outline-minor ***
> ### outline-regexp: "\\(> \\)?### [*]+" ***
> ### End: ***
> quit('no')
======== End of example output (where/before crash/hang up occured ?) ========
Flavor: r-oldrel-windows-x86_64