Last updated on 2024-02-19 11:53:01 CET.
Flavor | Version | Tinstall | Tcheck | Ttotal | Status | Flags |
---|---|---|---|---|---|---|
r-devel-linux-x86_64-debian-clang | 1.0.3 | NOTE | ||||
r-devel-linux-x86_64-debian-gcc | 1.0.3 | 3.20 | 80.86 | 84.06 | NOTE | |
r-devel-linux-x86_64-fedora-clang | 1.0.3 | 137.80 | NOTE | |||
r-devel-linux-x86_64-fedora-gcc | 1.0.3 | 143.80 | NOTE | |||
r-devel-windows-x86_64 | 1.0.3 | 4.00 | 112.00 | 116.00 | NOTE | |
r-patched-linux-x86_64 | 1.0.3 | 13.24 | 111.85 | 125.09 | OK | |
r-release-linux-x86_64 | 1.0.3 | 2.58 | 110.64 | 113.22 | OK | |
r-release-macos-arm64 | 1.0.3 | 57.00 | OK | |||
r-release-macos-x86_64 | 1.0.3 | 86.00 | OK | |||
r-release-windows-x86_64 | 1.0.3 | 7.00 | 137.00 | 144.00 | OK | |
r-oldrel-macos-arm64 | 1.0.3 | 52.00 | OK | |||
r-oldrel-windows-x86_64 | 1.0.3 | 8.00 | 136.00 | 144.00 | OK |
Version: 1.0.3
Check: whether the namespace can be loaded with stated dependencies
Result: NOTE
Warning: no function found corresponding to methods exports from ‘moko’ for: ‘show’
A namespace must be able to be loaded with just the base namespace
loaded: otherwise if the namespace gets loaded by a saved object, the
session will be unable to start.
Probably some imports need to be declared in the NAMESPACE file.
Flavors: r-devel-linux-x86_64-debian-clang, r-devel-linux-x86_64-debian-gcc, r-devel-linux-x86_64-fedora-clang, r-devel-linux-x86_64-fedora-gcc, r-devel-windows-x86_64