Last updated on 2024-02-23 16:53:11 CET.
Flavor | Version | Tinstall | Tcheck | Ttotal | Status | Flags |
---|---|---|---|---|---|---|
r-devel-linux-x86_64-debian-clang | 0.1.0 | ERROR | ||||
r-devel-linux-x86_64-debian-gcc | 0.1.0 | 1.65 | 20.94 | 22.59 | ERROR | |
r-devel-linux-x86_64-fedora-clang | 0.1.0 | 36.69 | ERROR | |||
r-devel-linux-x86_64-fedora-gcc | 0.1.0 | 49.20 | ERROR | |||
r-devel-windows-x86_64 | 0.1.0 | 3.00 | 43.00 | 46.00 | ERROR | |
r-patched-linux-x86_64 | 0.1.0 | 2.11 | 26.38 | 28.49 | ERROR | |
r-release-linux-x86_64 | 0.1.0 | 1.64 | 26.36 | 28.00 | ERROR | |
r-release-macos-arm64 | 0.1.0 | 20.00 | NOTE | |||
r-release-macos-x86_64 | 0.1.0 | 32.00 | NOTE | |||
r-release-windows-x86_64 | 0.1.0 | 4.00 | 43.00 | 47.00 | ERROR | |
r-oldrel-macos-arm64 | 0.1.0 | 17.00 | NOTE | |||
r-oldrel-windows-x86_64 | 0.1.0 | 5.00 | 49.00 | 54.00 | ERROR |
Version: 0.1.0
Check: LazyData
Result: NOTE
'LazyData' is specified without a 'data' directory
Flavors: r-devel-linux-x86_64-debian-clang, r-devel-linux-x86_64-debian-gcc, r-devel-linux-x86_64-fedora-clang, r-devel-linux-x86_64-fedora-gcc, r-devel-windows-x86_64, r-patched-linux-x86_64, r-release-linux-x86_64, r-release-macos-arm64, r-release-macos-x86_64, r-release-windows-x86_64, r-oldrel-macos-arm64, r-oldrel-windows-x86_64
Version: 0.1.0
Check: re-building of vignette outputs
Result: ERROR
Error(s) in re-building vignettes:
...
--- re-building ‘my-vignette.Rmd’ using knitr
Failed to parse YAML:
title: "AugmenterR package"
author: "Rafael S. Pereira"
date: "2024-02-19"
output: pdf_document
vignette: >
^~~~~~
%\VignetteIndexEntry{AugmenterR}
%\VignetteEngine{knitr::knitr}
%\VignetteEncoding{UTF-8}
Error: processing vignette 'my-vignette.Rmd' failed with diagnostics:
Scanner error: mapping values are not allowed in this context at line 5, column 10
--- failed re-building ‘my-vignette.Rmd’
SUMMARY: processing the following file failed:
‘my-vignette.Rmd’
Error: Vignette re-building failed.
Execution halted
Flavor: r-devel-linux-x86_64-debian-clang
Version: 0.1.0
Check: re-building of vignette outputs
Result: ERROR
Error(s) in re-building vignettes:
...
--- re-building ‘my-vignette.Rmd’ using knitr
Failed to parse YAML:
title: "AugmenterR package"
author: "Rafael S. Pereira"
date: "2024-02-22"
output: pdf_document
vignette: >
^~~~~~
%\VignetteIndexEntry{AugmenterR}
%\VignetteEngine{knitr::knitr}
%\VignetteEncoding{UTF-8}
Error: processing vignette 'my-vignette.Rmd' failed with diagnostics:
Scanner error: mapping values are not allowed in this context at line 5, column 10
--- failed re-building ‘my-vignette.Rmd’
SUMMARY: processing the following file failed:
‘my-vignette.Rmd’
Error: Vignette re-building failed.
Execution halted
Flavor: r-devel-linux-x86_64-debian-gcc
Version: 0.1.0
Check: re-building of vignette outputs
Result: ERROR
Error(s) in re-building vignettes:
--- re-building ‘my-vignette.Rmd’ using knitr
Failed to parse YAML:
title: "AugmenterR package"
author: "Rafael S. Pereira"
date: "2024-02-09"
output: pdf_document
vignette: >
^~~~~~
%\VignetteIndexEntry{AugmenterR}
%\VignetteEngine{knitr::knitr}
%\VignetteEncoding{UTF-8}
Error: processing vignette 'my-vignette.Rmd' failed with diagnostics:
Scanner error: mapping values are not allowed in this context at line 5, column 10
--- failed re-building ‘my-vignette.Rmd’
SUMMARY: processing the following file failed:
‘my-vignette.Rmd’
Error: Vignette re-building failed.
Execution halted
Flavor: r-devel-linux-x86_64-fedora-clang
Version: 0.1.0
Check: re-building of vignette outputs
Result: ERROR
Error(s) in re-building vignettes:
--- re-building ‘my-vignette.Rmd’ using knitr
Failed to parse YAML:
title: "AugmenterR package"
author: "Rafael S. Pereira"
date: "2024-02-17"
output: pdf_document
vignette: >
^~~~~~
%\VignetteIndexEntry{AugmenterR}
%\VignetteEngine{knitr::knitr}
%\VignetteEncoding{UTF-8}
Error: processing vignette 'my-vignette.Rmd' failed with diagnostics:
Scanner error: mapping values are not allowed in this context at line 5, column 10
--- failed re-building ‘my-vignette.Rmd’
SUMMARY: processing the following file failed:
‘my-vignette.Rmd’
Error: Vignette re-building failed.
Execution halted
Flavor: r-devel-linux-x86_64-fedora-gcc
Version: 0.1.0
Check: re-building of vignette outputs
Result: ERROR
Error(s) in re-building vignettes:
--- re-building 'my-vignette.Rmd' using knitr
Failed to parse YAML:
title: "AugmenterR package"
author: "Rafael S. Pereira"
date: "2024-02-19"
output: pdf_document
vignette: >
^~~~~~
%\VignetteIndexEntry{AugmenterR}
%\VignetteEngine{knitr::knitr}
%\VignetteEncoding{UTF-8}
Error: processing vignette 'my-vignette.Rmd' failed with diagnostics:
Scanner error: mapping values are not allowed in this context at line 5, column 10
--- failed re-building 'my-vignette.Rmd'
SUMMARY: processing the following file failed:
'my-vignette.Rmd'
Error: Vignette re-building failed.
Execution halted
Flavor: r-devel-windows-x86_64
Version: 0.1.0
Check: re-building of vignette outputs
Result: ERROR
Error(s) in re-building vignettes:
...
--- re-building ‘my-vignette.Rmd’ using knitr
Failed to parse YAML:
title: "AugmenterR package"
author: "Rafael S. Pereira"
date: "2024-02-21"
output: pdf_document
vignette: >
^~~~~~
%\VignetteIndexEntry{AugmenterR}
%\VignetteEngine{knitr::knitr}
%\VignetteEncoding{UTF-8}
Error: processing vignette 'my-vignette.Rmd' failed with diagnostics:
Scanner error: mapping values are not allowed in this context at line 5, column 10
--- failed re-building ‘my-vignette.Rmd’
SUMMARY: processing the following file failed:
‘my-vignette.Rmd’
Error: Vignette re-building failed.
Execution halted
Flavor: r-patched-linux-x86_64
Version: 0.1.0
Check: re-building of vignette outputs
Result: ERROR
Error(s) in re-building vignettes:
...
--- re-building ‘my-vignette.Rmd’ using knitr
Failed to parse YAML:
title: "AugmenterR package"
author: "Rafael S. Pereira"
date: "2024-02-18"
output: pdf_document
vignette: >
^~~~~~
%\VignetteIndexEntry{AugmenterR}
%\VignetteEngine{knitr::knitr}
%\VignetteEncoding{UTF-8}
Error: processing vignette 'my-vignette.Rmd' failed with diagnostics:
Scanner error: mapping values are not allowed in this context at line 5, column 10
--- failed re-building ‘my-vignette.Rmd’
SUMMARY: processing the following file failed:
‘my-vignette.Rmd’
Error: Vignette re-building failed.
Execution halted
Flavor: r-release-linux-x86_64
Version: 0.1.0
Check: re-building of vignette outputs
Result: ERROR
Error(s) in re-building vignettes:
--- re-building 'my-vignette.Rmd' using knitr
Failed to parse YAML:
title: "AugmenterR package"
author: "Rafael S. Pereira"
date: "2024-02-22"
output: pdf_document
vignette: >
^~~~~~
%\VignetteIndexEntry{AugmenterR}
%\VignetteEngine{knitr::knitr}
%\VignetteEncoding{UTF-8}
Error: processing vignette 'my-vignette.Rmd' failed with diagnostics:
Scanner error: mapping values are not allowed in this context at line 5, column 10
--- failed re-building 'my-vignette.Rmd'
SUMMARY: processing the following file failed:
'my-vignette.Rmd'
Error: Vignette re-building failed.
Execution halted
Flavor: r-release-windows-x86_64
Version: 0.1.0
Check: re-building of vignette outputs
Result: ERROR
Error(s) in re-building vignettes:
--- re-building 'my-vignette.Rmd' using knitr
Failed to parse YAML:
title: "AugmenterR package"
author: "Rafael S. Pereira"
date: "2024-02-21"
output: pdf_document
vignette: >
^~~~~~
%\VignetteIndexEntry{AugmenterR}
%\VignetteEngine{knitr::knitr}
%\VignetteEncoding{UTF-8}
Error: processing vignette 'my-vignette.Rmd' failed with diagnostics:
Scanner error: mapping values are not allowed in this context at line 5, column 10
--- failed re-building 'my-vignette.Rmd'
SUMMARY: processing the following file failed:
'my-vignette.Rmd'
Error: Vignette re-building failed.
Execution halted
Flavor: r-oldrel-windows-x86_64