Last updated on 2024-02-24 05:48:45 CET.
Flavor | Version | Tinstall | Tcheck | Ttotal | Status | Flags |
---|---|---|---|---|---|---|
r-devel-linux-x86_64-debian-clang | 3.1.0 | 8.76 | 63.80 | 72.56 | OK | |
r-devel-linux-x86_64-debian-gcc | 3.1.0 | 6.44 | 48.38 | 54.82 | OK | |
r-devel-linux-x86_64-fedora-clang | 3.1.0 | 93.48 | OK | |||
r-devel-linux-x86_64-fedora-gcc | 3.1.0 | 92.06 | OK | |||
r-devel-windows-x86_64 | 3.1.0 | 8.00 | 80.00 | 88.00 | OK | |
r-patched-linux-x86_64 | 3.1.0 | 8.51 | 63.22 | 71.73 | OK | |
r-release-linux-x86_64 | 3.1.0 | 8.65 | 62.79 | 71.44 | OK | |
r-release-macos-arm64 | 3.1.0 | 31.00 | OK | |||
r-release-macos-x86_64 | 3.1.0 | 57.00 | OK | |||
r-release-windows-x86_64 | 3.1.0 | 10.00 | 94.00 | 104.00 | WARN | |
r-oldrel-macos-arm64 | 3.0.2 | 69.00 | OK | |||
r-oldrel-windows-x86_64 | 3.0.2 | 11.00 | 126.00 | 137.00 | OK |
Version: 3.1.0
Check: examples
Result: WARN
Found the following significant warnings:
Warning: 'lwgeom::st_perimeter' is deprecated.
Warning: 'lwgeom::st_perimeter' is deprecated.
Warning: 'lwgeom::st_perimeter' is deprecated.
Warning: 'lwgeom::st_perimeter' is deprecated.
Warning: 'lwgeom::st_perimeter' is deprecated.
Deprecated functions may be defunct as soon as of the next release of
R.
See ?Deprecated.
Flavor: r-release-windows-x86_64