Last updated on 2024-02-24 05:48:50 CET.
| Flavor | Version | Tinstall | Tcheck | Ttotal | Status | Flags | 
|---|---|---|---|---|---|---|
| r-devel-linux-x86_64-debian-clang | 1.1 | 3.33 | 28.81 | 32.14 | OK | |
| r-devel-linux-x86_64-debian-gcc | 1.1 | 3.71 | 22.35 | 26.06 | OK | |
| r-devel-linux-x86_64-fedora-clang | 1.1 | 42.18 | OK | |||
| r-devel-linux-x86_64-fedora-gcc | 1.1 | 42.50 | OK | |||
| r-devel-windows-x86_64 | 1.1 | 5.00 | 43.00 | 48.00 | OK | |
| r-patched-linux-x86_64 | 1.1 | 4.27 | 28.11 | 32.38 | OK | |
| r-release-linux-x86_64 | 1.1 | 4.15 | 28.28 | 32.43 | OK | |
| r-release-macos-arm64 | 1.1 | 20.00 | OK | |||
| r-release-macos-x86_64 | 1.1 | 30.00 | OK | |||
| r-release-windows-x86_64 | 1.1 | 6.00 | 45.00 | 51.00 | WARN | |
| r-oldrel-macos-arm64 | 1.0 | 27.00 | NOTE | |||
| r-oldrel-windows-x86_64 | 1.0 | 6.00 | 50.00 | 56.00 | NOTE | 
Version: 1.1
Check: examples
Result: WARN
  Found the following significant warnings:
  
    Warning: 'lwgeom::st_perimeter' is deprecated.
  Deprecated functions may be defunct as soon as of the next release of
  R.
  See ?Deprecated.
Flavor: r-release-windows-x86_64
Version: 1.0
Check: LazyData
Result: NOTE
    'LazyData' is specified without a 'data' directory
Flavors: r-oldrel-macos-arm64, r-oldrel-windows-x86_64