Last updated on 2024-03-04 17:50:55 CET.
Flavor | Version | Tinstall | Tcheck | Ttotal | Status | Flags |
---|---|---|---|---|---|---|
r-devel-linux-x86_64-debian-clang | 2.4 | 6.50 | 66.19 | 72.69 | NOTE | |
r-devel-linux-x86_64-debian-gcc | 2.4 | 4.61 | 52.00 | 56.61 | NOTE | |
r-devel-linux-x86_64-fedora-clang | 2.4 | 90.13 | NOTE | |||
r-devel-linux-x86_64-fedora-gcc | 2.4 | 105.90 | NOTE | |||
r-devel-windows-x86_64 | 2.4 | 6.00 | 82.00 | 88.00 | NOTE | |
r-patched-linux-x86_64 | 2.4 | 5.87 | 65.80 | 71.67 | OK | |
r-release-linux-x86_64 | 2.4 | 4.43 | 65.36 | 69.79 | OK | |
r-release-macos-arm64 | 2.4 | 37.00 | OK | |||
r-release-macos-x86_64 | 2.4 | 65.00 | OK | |||
r-release-windows-x86_64 | 2.4 | 5.00 | 93.00 | 98.00 | OK | |
r-oldrel-macos-arm64 | 2.4 | 37.00 | OK | |||
r-oldrel-windows-x86_64 | 2.4 | 8.00 | 85.00 | 93.00 | OK |
Version: 2.4
Check: Rd metadata
Result: NOTE
Rd files without \alias:
‘hpoPlot-package.Rd’
Flavors: r-devel-linux-x86_64-debian-clang, r-devel-linux-x86_64-debian-gcc, r-devel-linux-x86_64-fedora-clang, r-devel-linux-x86_64-fedora-gcc, r-devel-windows-x86_64