Last updated on 2024-03-24 09:53:00 CET.
| Flavor | Version | Tinstall | Tcheck | Ttotal | Status | Flags | 
|---|---|---|---|---|---|---|
| r-devel-linux-x86_64-debian-clang | 0.1.0 | 2.51 | 30.37 | 32.88 | WARN | |
| r-devel-linux-x86_64-debian-gcc | 0.1.0 | 1.78 | 23.21 | 24.99 | WARN | |
| r-devel-linux-x86_64-fedora-clang | 0.1.0 | 39.38 | WARN | |||
| r-devel-linux-x86_64-fedora-gcc | 0.1.0 | 39.04 | WARN | |||
| r-devel-windows-x86_64 | 0.1.0 | 3.00 | 44.00 | 47.00 | WARN | |
| r-patched-linux-x86_64 | 0.1.0 | 1.83 | 28.74 | 30.57 | WARN | |
| r-release-linux-x86_64 | 0.1.0 | 1.62 | 28.04 | 29.66 | WARN | |
| r-release-macos-arm64 | 0.1.0 | 18.00 | NOTE | |||
| r-release-macos-x86_64 | 0.1.0 | 23.00 | NOTE | |||
| r-release-windows-x86_64 | 0.1.0 | 4.00 | 46.00 | 50.00 | WARN | |
| r-oldrel-macos-arm64 | 0.1.0 | 17.00 | NOTE | |||
| r-oldrel-windows-x86_64 | 0.1.0 | 4.00 | 51.00 | 55.00 | WARN | 
Version: 0.1.0
Check: dependencies in R code
Result: WARN
  Missing or unexported object: ‘hrbrthemes::theme_ipsum_tw’
Flavors: r-devel-linux-x86_64-debian-clang, r-devel-linux-x86_64-debian-gcc, r-devel-linux-x86_64-fedora-clang, r-devel-linux-x86_64-fedora-gcc, r-devel-windows-x86_64, r-patched-linux-x86_64, r-release-linux-x86_64, r-release-windows-x86_64, r-oldrel-windows-x86_64
Version: 0.1.0
Check: LazyData
Result: NOTE
    'LazyData' is specified without a 'data' directory
Flavors: r-devel-linux-x86_64-debian-clang, r-devel-linux-x86_64-debian-gcc, r-devel-linux-x86_64-fedora-clang, r-devel-linux-x86_64-fedora-gcc, r-devel-windows-x86_64, r-patched-linux-x86_64, r-release-linux-x86_64, r-release-macos-arm64, r-release-macos-x86_64, r-release-windows-x86_64, r-oldrel-macos-arm64, r-oldrel-windows-x86_64